NOAA-Style Climate Reports


Report for 2017 June
                   Monthly Climatological Summary for Jun 2017

Name: Elburn   City: Elburn   State: IL
Elevation: 836 ft  Lat: N 41° 53' 08"   Lon: W 088° 28' 47"

                  Temperature (°F), Rain (in), Wind Speed (mph)

                                      Heat  Cool        Avg
    Mean                              Deg   Deg         Wind                 Dom
Day Temp  High   Time   Low    Time   Days  Days  Rain  Speed High   Time    Dir
----------------------------------------------------------------------------------
 1  66.3  83.6   4:14p  48.7   3:29a   5.1   6.5  0.00   2.2  16.0  12:46p    NW
 2  70.5  90.1   4:24p  49.9   5:46a   4.1   9.6  0.00   1.1  11.0   5:15p    SW
 3  73.9  89.1  12:12p  54.8   5:20a   2.3  11.2  0.00   1.3  12.0   1:18p     S
 4  78.0  92.0   2:30p  65.2   2:59a   0.0  13.0  0.00   2.6  18.0   3:18p   WNW
 5  67.9  79.4   9:55a  56.7   5:47a   1.9   4.9  0.00   3.1  20.0   1:29p   NNE
 6  65.2  77.0   4:23p  50.9   5:42a   3.7   4.0  0.00   3.5  17.0  12:09p   NNE
 7  66.3  77.2   4:11p  55.3   5:55a   3.2   4.5  0.00   2.6  16.0  11:17a    NE
 8  68.6  85.2   3:03p  48.7   5:51a   4.3   7.9  0.01   1.1  13.0   4:45p   WSW
 9  73.9  91.4   4:10p  61.5   2:25a   0.8   9.7  0.05   2.6  22.0   6:42p   WNW
10  75.6  89.6   4:15p  59.8   5:33a   1.0  11.6  0.01   4.0  25.0   4:52p   SSW
11  80.9  93.8   4:19p  68.7   5:34a   0.0  15.9  0.00   4.1  21.0   3:08p     S
12  83.0  95.0   4:28p  72.7   6:02a   0.0  18.0  0.00   4.0  19.0   1:43p   SSW
13  79.0  92.7  12:50p  69.7   5:39a   0.0  14.0  0.00   2.2  17.0   3:25p     E
14  76.1  92.3   1:09p  66.9   6:13p   0.0  11.1  0.15   2.6  27.0   5:12p   SSE
15  77.8  92.6   4:37p  66.8  12:23a   0.0  12.8  0.00   2.4  21.0  11:32p   WNW
16  73.7  88.1   4:40p  63.6   7:02a   0.1   8.8  0.00   2.5  23.0   2:37a    SW
17  74.3  87.5   2:19p  67.5   6:16a   0.0   9.3  0.01   1.7  15.0   4:26a    SW
18  71.8  77.6   2:15p  63.3  11:59p   0.0   6.8  0.00   4.0  22.0  12:47p     W
19  66.1  79.2   3:14p  56.7  11:52p   2.5   3.6  0.00   3.1  29.0   3:52p   WNW
20  64.2  79.5  12:24p  53.1   5:56a   3.8   3.0  0.01   1.9  16.0  10:18a    NW
21  68.7  81.4   4:43p  52.3   5:28a   3.5   7.2  0.00   1.5  13.0   3:59p    SE
22  78.5  88.1   4:17p  68.2   2:02a   0.0  13.5  0.00   3.1  21.0   5:23p     S
23  73.2  83.6   3:32p  63.1  11:59p   0.0   8.2  0.00   4.6  25.0   4:25a   WNW
24  65.9  74.7   4:26p  55.7  11:57p   2.4   3.4  0.00   4.6  26.0   4:33p   WNW
25  61.0  70.7   1:46p  49.4   4:35a   5.3   1.3  0.00   3.6  20.0   3:17p     W
26  62.2  73.3   3:27p  50.6   4:54a   5.3   2.5  0.00   4.2  22.0   1:42p    NW
27  64.5  81.2   4:31p  47.2   5:54a   5.7   5.3  0.00   1.3  11.0   9:57a   WNW
28  65.0  76.4   3:51p  54.9   2:05a   3.3   3.3  0.00   3.1  22.0   1:31p   SSE
29  71.6  79.8   3:59p  65.2  11:53p   0.0   6.6  0.00   2.4  19.0   8:57a    SW
30  72.5  83.4   4:48p  62.9   3:01a   0.3   7.9  0.00   1.4  12.0   2:46p     W
----------------------------------------------------------------------------------
    71.2  95.0    12    47.2    27    58.6 245.4  0.24   2.7  29.0    19       W

Max >=  90.0:  8
Max <=  32.0:  0
Min <=  32.0:  0
Min <=   0.0:  0
Max Rain: 0.15 on day 14
Days of Rain: 6 (>= 0.01 in)  1 (>= 0.10 in)  0 (>= 1.00 in)
Heat Base: 65.0  Cool Base: 65.0  Method: Integration