NOAA-Style Climate Reports


Report for 2018 August
                   Monthly Climatological Summary for Aug 2018

Name: Elburn   City: Elburn   State: IL
Elevation: 836 ft  Lat: N 41° 53' 08"   Lon: W 088° 28' 47"

                  Temperature (°F), Rain (in), Wind Speed (mph)

                                      Heat  Cool        Avg
    Mean                              Deg   Deg         Wind                 Dom
Day Temp  High   Time   Low    Time   Days  Days  Rain  Speed High   Time    Dir
----------------------------------------------------------------------------------
 1  70.1  85.4   1:15p  57.7   5:34a   1.9   7.0  0.02   1.2  21.6   2:13p    SW
 2  72.9  84.5   3:56p  64.4  11:31p   0.0   7.9  0.00   1.3  12.9   8:13a   WSW
 3  73.2  87.0   3:38p  56.2   5:36a   1.7   9.9  0.00   0.4   8.6  11:49a   WSW
 4  78.8  92.6   3:31p  64.9   5:24a   0.0  13.7  0.00   1.7  17.2   3:59p     S
 5  79.1  91.0   4:43p  70.9   4:00a   0.0  14.1  0.00   3.1  24.8   1:30p   SSW
 6  73.4  81.6   2:00p  68.7   9:00a   0.0   8.4  0.11   1.2  22.6   4:16a   ENE
 7  71.2  83.0  12:09p  66.4   6:05a   0.0   6.2  0.95   0.5  11.9   4:16p    NW
 8  72.7  83.1   4:46p  65.4   4:17a   0.0   7.7  0.00   0.8  10.8   1:46p    NW
 9  74.8  89.6   4:59p  61.7   5:58a   0.5  10.3  0.00   1.5  16.2   7:22p   WSW
10  75.1  85.2   1:17p  64.8  11:59p   0.0  10.1  0.00   1.4  14.0   1:22p   NNE
11  74.1  87.4   1:19p  61.3   4:40a   0.8   9.9  0.00   0.1  12.9   3:55p    NW
12  75.9  88.2   2:41p  65.2   2:44a   0.0  10.9  0.00   0.1   9.7   3:03p   NNW
13  74.0  88.1   3:31p  59.3   6:15a   1.1  10.1  0.00   0.0   0.0  12:00a   ---
14  75.4  86.4   2:03p  63.2   6:14a   0.2  10.5  0.00   0.4  10.8  11:52a    SW
15  74.8  86.8   3:28p  68.1   2:36a   0.0   9.7  0.26   1.0  18.3   3:52p    SE
16  76.0  85.3   4:51p  66.8  11:57p   0.0  11.0  0.37   0.8  17.2  10:58p   ENE
17  72.7  84.6   4:52p  65.7   4:59a   0.0   7.7  0.20   0.7  14.0   6:22p     W
18  73.4  81.4   2:00p  66.7   4:29a   0.0   8.4  0.01   1.2  11.9  10:39a   NNE
19  75.2  86.0   4:45p  63.5   6:14a   0.1  10.3  0.00   1.2   9.7  12:10p   ESE
20  71.1  76.9   3:50p  67.0  11:25p   0.0   6.1  0.20   2.2  17.2  11:55a     E
21  69.0  75.9   3:32p  63.7  11:59p   0.1   4.0  0.02   3.4  22.6   7:31p    NW
22  65.7  77.5   1:15p  54.1   5:57a   3.5   4.2  0.00   3.2  18.3   3:41p    NW
23  65.8  78.9  12:49p  52.0   6:30a   4.0   4.8  0.00   1.6  16.2  12:26p   SSW
24  63.8  67.7   3:32p  60.3   1:52a   1.7   0.4  0.10   3.6  25.9  11:18a   SSE
25  72.7  85.2   4:39p  64.2  12:00a   0.1   7.7  0.19   1.4  14.0   3:22p   SSE
26  79.2  89.6   3:51p  67.5   4:08a   0.0  14.0  0.00   2.4  16.2   6:10p     S
27  81.8  89.3   4:35p  74.0   6:47a   0.0  16.7  0.00   5.3  23.7  10:44a     S
28  77.4  86.4   3:06p  67.2  10:25p   0.0  12.4  0.80   3.8  29.1   9:25p   SSW
29  67.7  73.3   3:58p  60.8  11:57p   0.4   3.0  0.59   2.5  22.6   4:42a   WNW
30  65.4  75.4  12:14p  55.7   6:33a   2.9   3.3  0.01   1.4  11.9   9:20a     E
31  70.9  83.4   4:36p  56.4   6:27a   2.6   8.5  0.00   2.1  16.2  10:22p   SSE
----------------------------------------------------------------------------------
    73.0  92.6     4    52.0    23    21.6 268.9  3.83   1.7  29.1    28     SSW

Max >=  90.0:  2
Max <=  32.0:  0
Min <=  32.0:  0
Min <=   0.0:  0
Max Rain: 0.95 on day 7
Days of Rain: 14 (>= 0.01 in)  10 (>= 0.10 in)  0 (>= 1.00 in)
Heat Base: 65.0  Cool Base: 65.0  Method: Integration