NOAA-Style Climate Reports

Select a Year or Month report
2018: Jan Feb Mar Apr May Jun Jul Aug Sep Oct Nov Dec
2017: Jan Feb Mar Apr May Jun Jul Aug Sep Oct Nov Dec
2016: Jan Feb Mar Apr May Jun Jul Aug Sep Oct Nov Dec
2015: Jan Feb Mar Apr May Jun Jul Aug Sep Oct Nov Dec
2014: Jan Feb Mar Apr May Jun Jul Aug Sep Oct Nov Dec

Report for 2018 January
                   Monthly Climatological Summary for Jan 2018

Name: Elburn   City: Elburn   State: IL
Elevation: 836 ft  Lat: N 41° 53' 08"   Lon: W 088° 28' 47"

                  Temperature (°F), Rain (in), Wind Speed (mph)

                                      Heat  Cool        Avg
    Mean                              Deg   Deg         Wind                 Dom
Day Temp  High   Time   Low    Time   Days  Days  Rain  Speed High   Time    Dir
----------------------------------------------------------------------------------
 1  -7.8  -0.8   1:01p -13.1   7:36a  72.7   0.0  0.00   0.9  14.0   1:12a   WNW
 2  -5.1   4.8  11:57p -14.8   6:55a  69.8   0.0  0.00   2.3  17.2   2:07p   SSW
 3  10.1  17.7  10:52a  -1.7  11:00p  54.6   0.0  0.00   3.1  19.4  11:50a   WNW
 4  -1.0   6.5   2:13p  -7.2   6:56a  65.9   0.0  0.00   4.8  20.5   1:37p    NW
 5  -1.9   7.8  12:54p  -8.7  11:58p  66.7   0.0  0.00   3.5  18.3   2:26p    NW
 6   0.3  13.4  12:59p -10.1   1:04a  64.6   0.0  0.00   1.5  15.1  11:23p    NW
 7  21.4  31.6  11:03p   5.2  12:00a  43.4   0.0  0.00   6.0  21.6   7:39a     S
 8  30.9  34.3   2:25p  24.8   9:41p  34.1   0.0  0.10   3.8  18.3  12:22p   WSW
 9  28.1  32.7   2:19p  23.5   6:07a  36.8   0.0  0.03   2.0  12.9   9:27p    SE
10  39.6  52.9  11:54p  29.6  12:00a  25.3   0.0  0.35   9.6  28.0  10:56p   SSE
11  44.3  56.2  12:40p  18.6  11:40p  20.5   0.0  0.11   8.1  26.9  12:41a    SW
12  17.6  22.0  12:51p  11.5  11:31p  45.8   0.0  0.00  12.0  30.2   4:34a   NNW
13   7.5  14.1  12:33p   1.4  11:51p  57.4   0.0  0.00   2.6  19.4   3:54a    NW
14  10.5  19.5   3:24p  -1.1   7:19a  54.1   0.0  0.00   3.7  21.6   7:05p   SSE
15  14.8  23.6  10:07a   4.0  11:57p  50.1   0.0  0.00   3.6  18.3   3:02p    SW
16  11.0  20.1   1:06p   2.9  12:34a  53.9   0.0  0.00   5.8  22.6  11:20a    NW
17   8.8  17.2   1:29p  -3.7   7:23a  56.0   0.0  0.00   4.7  19.4   2:36p   WSW
18  20.2  29.6   4:12p  11.8   6:30a  44.7   0.0  0.00   4.6  21.6   1:30p    SW
19  30.5  38.1   2:39p  20.4  12:20a  34.5   0.0  0.18   4.7  20.5   2:06p   SSW
20  35.0  43.8   2:40p  25.8   7:54a  29.9   0.0  0.08   2.3  11.9  12:53a   SSW
----------------------------------------------------------------------------------
    15.7  56.2    11   -14.8     2   980.8   0.0  0.85   4.5  30.2    12     WSW

Max >=  90.0:  0
Max <=  32.0: 14
Min <=  32.0: 20
Min <=   0.0:  8
Max Rain: 0.35 on day 10
Days of Rain: 6 (>= 0.01 in)  4 (>= 0.10 in)  0 (>= 1.00 in)
Heat Base: 65.0  Cool Base: 65.0  Method: Integration