NOAA-Style Climate Reports


Report for 2018 July
                   Monthly Climatological Summary for Jul 2018

Name: Elburn   City: Elburn   State: IL
Elevation: 836 ft  Lat: N 41° 53' 08"   Lon: W 088° 28' 47"

                  Temperature (°F), Rain (in), Wind Speed (mph)

                                      Heat  Cool        Avg
    Mean                              Deg   Deg         Wind                 Dom
Day Temp  High   Time   Low    Time   Days  Days  Rain  Speed High   Time    Dir
----------------------------------------------------------------------------------
 1  79.6  91.0   2:28p  71.7  11:56p   0.0  14.5  0.18   3.1  24.8   3:07p     S
 2  75.3  87.2   5:04p  64.5   6:25a   0.0  10.3  0.00   0.5  10.8   1:51a   NNW
 3  77.5  94.0   4:27p  58.5   4:25a   1.1  13.6  0.06   0.8  10.8   7:49p   ESE
 4  80.7  92.3   1:02p  72.7   3:45a   0.0  15.7  0.01   1.1  16.2  11:30p     S
 5  78.1  92.3  12:05p  70.9   6:07a   0.0  13.0  0.33   1.3  24.8   5:04p   WNW
 6  71.6  79.6   3:45p  60.7  11:57p   0.2   6.8  0.00   2.4  18.3   7:28a    NE
 7  70.7  84.6   4:22p  57.6   5:24a   2.1   7.8  0.00   0.7  11.9  11:25a     E
 8  72.0  88.4   4:31p  55.3   5:37a   2.2   9.2  0.00   1.0  10.8  10:22a     S
 9  76.3  91.7   3:27p  59.3   5:52a   1.1  12.4  0.00   1.6  15.1   4:04p    SW
10  78.3  88.3   3:38p  70.4   5:51a   0.0  13.3  0.00   1.5  14.0  12:15p   NNE
11  77.9  89.1   4:23p  67.0   5:49a   0.0  12.8  0.00   1.0  10.8  10:35a   ENE
12  76.0  85.7   2:42p  64.7   6:10a   0.0  11.0  0.00   2.0  15.1  11:39a     S
13  78.5  93.0   4:42p  65.2   6:07a   0.0  13.4  0.07   2.2  18.3  10:35p     S
14  74.7  83.3   4:55p  69.4   6:45a   0.0   9.7  0.34   0.8  11.9  12:44p   ESE
15  78.8  90.8   3:56p  66.5   5:37a   0.0  13.8  0.01   0.9  10.8  11:19a    SW
----------------------------------------------------------------------------------
    76.4  94.0     3    55.3     8     6.7 177.3  1.00   1.4  24.8     1     SSE

Max >=  90.0:  7
Max <=  32.0:  0
Min <=  32.0:  0
Min <=   0.0:  0
Max Rain: 0.34 on day 14
Days of Rain: 7 (>= 0.01 in)  3 (>= 0.10 in)  0 (>= 1.00 in)
Heat Base: 65.0  Cool Base: 65.0  Method: Integration