NOAA-Style Climate Reports


Report for 2017 April
                   Monthly Climatological Summary for Apr 2017

Name: Elburn   City: Elburn   State: IL
Elevation: 836 ft  Lat: N 41° 53' 08"   Lon: W 088° 28' 47"

                  Temperature (°F), Rain (in), Wind Speed (mph)

                                      Heat  Cool        Avg
    Mean                              Deg   Deg         Wind                 Dom
Day Temp  High   Time   Low    Time   Days  Days  Rain  Speed High   Time    Dir
----------------------------------------------------------------------------------
 1  45.6  59.6   3:14p  32.2   7:09a  19.4   0.0  0.00   2.2  12.0  11:25a    NW
 2  48.2  59.2  12:21p  38.9   2:18a  16.8   0.0  0.00   2.2  15.0  12:14p   ESE
 3  48.9  56.3  12:35p  44.5  10:07p  16.1   0.0  0.04   4.0  18.0   9:30p    NE
 4  48.2  56.3   2:56p  43.7  11:46p  16.8   0.0  0.00   3.9  20.0   2:09a    NW
 5  41.1  44.6   2:38a  38.5   5:27p  23.9   0.0  0.00   5.5  24.0  10:03a    NE
 6  43.8  53.2   4:51p  35.3  11:58p  21.2   0.0  0.00   8.8  27.0  12:47p    NW
 7  43.8  59.6   4:48p  32.1   6:51a  21.2   0.0  0.00   4.4  17.0  12:00p    NW
 8  51.8  69.3   4:44p  32.1   4:03a  13.7   0.5  0.00   4.5  23.0   3:35p   SSE
 9  62.8  75.1   3:10p  51.2   6:35a   4.8   2.6  0.00   6.1  29.0   3:56p   SSE
10  61.2  71.9  11:34a  43.8  11:55p   4.4   0.6  0.01   4.9  27.0  11:43a   SSW
11  46.4  55.3   3:28p  37.5  11:58p  18.6   0.0  0.00   3.7  18.0   8:48a   WNW
12  48.9  66.8   4:23p  33.3   5:46a  16.1   0.1  0.00   2.3  14.0   6:32p     E
13  50.9  64.9   4:07p  42.0   7:21a  14.1   0.0  0.00   4.7  15.0   6:58a   ENE
14  57.6  73.5   2:56p  44.8   6:27a   8.7   1.3  0.01   4.2  18.0   1:24p     E
15  69.3  80.4   3:59p  59.2   1:31a   1.7   6.0  0.00   6.3  29.0  12:53p   SSW
16  61.9  71.2   2:00p  51.3  11:59p   4.3   1.2  0.10   4.7  35.0  12:10a     W
17  56.1  72.4   4:12p  40.0   6:34a  10.6   1.6  0.00   2.7  16.0   3:47p   WNW
18  59.7  74.9   4:23p  40.8   5:41a   8.4   3.2  0.00   4.3  22.0  12:10p   SSE
19  58.3  65.3  12:00a  46.0  10:24p   6.7   0.0  0.06   3.7  17.0   9:08p     E
20  55.9  67.4  10:21a  46.7  12:00a   9.1   0.0  0.00   5.7  28.0   3:34p     W
21  47.9  54.7   3:05p  40.1   6:42a  17.1   0.0  0.00   4.6  19.0   8:45a   NNW
22  49.8  63.1   4:36p  38.9   6:30a  15.2   0.0  0.00   2.8  17.0  12:37p    NE
23  55.0  75.6   3:54p  32.8   6:22a  12.2   2.2  0.00   1.7  15.0  12:44p   NNW
24  58.8  75.6   3:08p  39.6   6:12a   9.1   2.9  0.00   3.2  21.0   4:27p   ESE
25  66.1  79.5   4:31p  51.7   4:29a   3.9   5.1  0.00   4.4  23.0   5:36p    SE
26  63.9  72.2   1:31p  54.8  11:54p   2.3   1.2  0.13   4.3  20.0  10:07a   SSW
27  45.4  56.7   3:55a  38.1  11:55p  19.6   0.0  0.55   5.3  30.0   9:19a   WSW
28  48.8  58.6   4:49p  36.0   2:53a  16.2   0.0  0.00   1.9  13.0  11:55p     E
29  42.7  49.4  12:00a  37.7   5:19p  22.3   0.0  1.75   6.5  29.0   7:25p    NE
30  43.2  46.8   1:51p  40.4   5:25a  21.8   0.0  0.55   5.2  22.0   8:19a    NE
----------------------------------------------------------------------------------
    52.7  80.4    15    32.1     7   396.3  28.5  3.20   4.3  35.0    16      NE

Max >=  90.0:  0
Max <=  32.0:  0
Min <=  32.0:  0
Min <=   0.0:  0
Max Rain: 1.75 on day 29
Days of Rain: 9 (>= 0.01 in)  5 (>= 0.10 in)  1 (>= 1.00 in)
Heat Base: 65.0  Cool Base: 65.0  Method: Integration