NOAA-Style Climate Reports


Report for 2016 December
                   Monthly Climatological Summary for Dec 2016

Name: Elburn   City: Elburn   State: IL
Elevation: 836 ft  Lat: N 41° 53' 08"   Lon: W 088° 28' 47"

                  Temperature (°F), Rain (in), Wind Speed (mph)

                                      Heat  Cool        Avg
    Mean                              Deg   Deg         Wind                 Dom
Day Temp  High   Time   Low    Time   Days  Days  Rain  Speed High   Time    Dir
----------------------------------------------------------------------------------
 1  36.3  39.0  11:51a  34.4  12:34a  28.7   0.0  0.02   5.7  22.0  10:11a   WSW
 2  35.2  38.4   2:03p  31.9  11:52p  29.8   0.0  0.01   3.0  15.0   1:04p   WNW
 3  31.9  35.0   1:54p  30.2   8:04p  33.1   0.0  0.01   2.1  14.0   8:55a   WNW
 4  30.9  32.6   3:32p  29.6   4:46a  34.1   0.0  0.00   0.9   9.0   7:59a     E
 5  31.5  32.4  11:35a  30.1   8:18p  33.5   0.0  0.07   2.5  17.0  11:28a   SSE
 6  29.7  34.6  11:19a  23.3  10:01p  35.3   0.0  0.11   3.5  21.0   7:27p     W
 7  23.1  25.6  12:03p  21.6   7:55p  41.9   0.0  0.00   5.6  25.0   9:42p     W
 8  19.9  22.5  12:00a  15.3   6:56a  45.1   0.0  0.00   5.7  23.0   3:19a     W
 9  19.5  26.8  11:40a  12.3  10:54p  45.5   0.0  0.00   2.3  13.0   2:35a   WNW
10  19.9  23.8   2:21p  14.5  12:00a  45.0   0.0  0.00   1.7  11.0  11:27p   SSW
11  28.5  32.3   1:41p  22.3  12:00a  36.5   0.0  0.00   1.9  16.0  11:08a    SE
12  16.7  29.3  12:00a   5.0   8:34p  48.3   0.0  0.00   2.1  14.0   5:09a     W
13   9.4  18.2   3:53a  -5.4  10:55p  55.6   0.0  0.00   2.4  15.0   8:51a    NW
14   6.3  18.6   1:04p  -5.4   1:44a  58.5   0.0  0.00   4.6  23.0   2:41p     W
15   1.7   8.3  12:19p  -3.4   6:55a  63.3   0.0  0.00   3.1  18.0   9:42a   WNW
16  14.8  19.1  11:52p   6.0  12:00a  50.2   0.0  0.00   2.9  15.0   8:20a   ESE
17  19.4  21.7  12:29p  15.9  11:59p  45.6   0.0  0.00   4.8  24.0  10:46p    NW
18   0.7  15.9  12:00a -11.7   9:30p  64.3   0.0  0.00   4.6  28.0  12:12a    NW
19   0.4  12.0   2:28p -14.8   5:25a  64.6   0.0  0.00   2.5  20.0   1:36p     S
20  18.5  25.7  12:37p   9.7  12:00a  46.5   0.0  0.00   4.6  22.0   3:02a   SSW
21  24.5  32.1   4:01p  12.4   4:46a  40.5   0.0  0.01   2.0  15.0   9:17p   SSW
22  28.2  35.6  12:30p  18.3   9:05p  36.8   0.0  0.05   2.4  15.0   4:56a     W
23  30.1  36.7  12:46p  20.6  12:00a  34.9   0.0  0.19   2.4  14.0   3:21p   SSE
24  34.3  39.9  12:19p  32.2  11:38p  30.7   0.0  0.28   1.9  11.0   4:09a   WNW
25  33.0  39.2  11:56p  30.8   5:33a  32.0   0.0  0.12   6.2  25.0  10:07p   ESE
26  39.9  48.1  12:15p  27.3  11:58p  25.1   0.0  0.19   7.0  28.0   7:16p    SW
27  24.8  28.8   3:45p  18.1  11:48p  40.2   0.0  0.00   4.3  25.0  12:32a     W
28  30.8  42.2  12:18p  18.1  12:00a  34.2   0.0  0.00   3.8  28.0  11:50a   SSW
29  31.0  33.7   3:11p  28.3   7:28a  34.0   0.0  0.00   7.5  28.0   9:09a   WNW
30  28.1  33.1   9:47p  21.7   7:41a  36.9   0.0  0.00   5.6  23.0   9:26p   WSW
31  31.3  36.7   9:56a  20.8  11:42p  33.7   0.0  0.00   4.5  24.0  12:47p     W
----------------------------------------------------------------------------------
    23.6  48.1    26   -14.8    19  1284.4   0.0  1.06   3.7  28.0    18     WSW

Max >=  90.0:  0
Max <=  32.0: 14
Min <=  32.0: 29
Min <=   0.0:  5
Max Rain: 0.28 on day 24
Days of Rain: 11 (>= 0.01 in)  5 (>= 0.10 in)  0 (>= 1.00 in)
Heat Base: 65.0  Cool Base: 65.0  Method: Integration