NOAA-Style Climate Reports


Report for 2016 November
                   Monthly Climatological Summary for Nov 2016

Name: Elburn   City: Elburn   State: IL
Elevation: 836 ft  Lat: N 41° 53' 08"   Lon: W 088° 28' 47"

                  Temperature (°F), Rain (in), Wind Speed (mph)

                                      Heat  Cool        Avg
    Mean                              Deg   Deg         Wind                 Dom
Day Temp  High   Time   Low    Time   Days  Days  Rain  Speed High   Time    Dir
----------------------------------------------------------------------------------
 1  65.0  75.8   3:26p  58.8   1:06a   2.8   2.8  0.00   2.8  17.0  11:55a   SSW
 2  59.7  63.8   3:14p  54.2  11:43p   5.3   0.0  0.26   1.2  14.0  11:06a    NE
 3  53.7  64.0   3:52p  44.3   8:10a  11.3   0.0  0.01   2.3  14.0   2:12p   NNW
 4  49.7  61.8   3:20p  40.7   8:10a  15.3   0.0  0.00   0.9  11.0   2:59p     W
 5  51.0  67.6   2:20p  39.5   7:25a  14.4   0.3  0.00   1.5  12.0   2:20p    SW
 6  51.3  68.5   2:11p  39.8   6:55a  14.7   0.5  0.00   0.9  11.0   1:06p   SSW
 7  50.9  65.7   2:09p  39.7   6:50a  14.1   0.0  0.00   1.1  11.0  10:54a     S
 8  51.5  61.3   1:41p  40.0  11:54p  13.4   0.0  0.02   3.1  20.0  11:46a    NW
 9  43.1  56.3   2:19p  34.3   6:45a  21.9   0.0  0.01   2.2  11.0   7:55a    NW
10  46.8  63.0   2:05p  31.9   2:56a  18.1   0.0  0.00   3.9  22.0  12:45p   WSW
11  43.2  52.7  11:07a  32.0  10:27p  21.8   0.0  0.00   3.5  21.0  11:33a     N
12  37.9  51.2   2:05p  28.0   7:35a  27.1   0.0  0.00   1.9  17.0  11:22a    SW
13  41.2  56.4   2:23p  29.3   7:01a  23.8   0.0  0.00   3.4  19.0  11:17a    SW
14  44.9  59.1   1:58p  34.3   7:18a  20.1   0.0  0.00   1.5  15.0  12:59p   SSW
15  44.8  58.6   1:58p  36.6   4:38a  20.2   0.0  0.00   1.7  13.0   7:57a   WNW
16  47.0  60.1  12:42p  35.3   3:43a  18.0   0.0  0.00   1.3   8.0   8:27a   ESE
17  58.1  72.3   2:14p  46.6  12:00a   8.1   1.1  0.01   5.5  23.0   2:45p   SSE
18  52.6  63.9  12:14p  37.7  11:55p  12.4   0.0  0.00   7.3  34.0  11:29p    SW
19  33.6  37.7  12:00a  24.9  11:56p  31.4   0.0  0.00   8.9  33.0   9:21a   WNW
20  25.8  33.8   2:18p  19.6   6:38a  39.2   0.0  0.00   3.1  15.0   8:42a    NW
21  28.1  39.9   2:32p  18.3   4:32a  36.9   0.0  0.00   1.2   9.0  11:14a    NE
22  33.7  38.7   2:04p  26.4   1:21a  31.3   0.0  0.03   3.6  17.0   6:10p     E
23  39.9  42.8   2:53p  35.6  12:00a  25.1   0.0  0.55   3.7  18.0   5:34a    SE
24  36.4  40.0  12:00a  34.6  10:04p  28.6   0.0  0.01   3.4  17.0   2:50a     W
25  36.1  40.1   1:32p  31.2   9:47p  28.9   0.0  0.00   2.1  14.0  12:18p     W
26  39.0  47.0   2:31p  33.3  12:00a  26.0   0.0  0.00   2.7  14.0  11:15a     S
27  36.6  41.7   9:42p  32.3   7:03a  28.4   0.0  0.10   4.3  23.0  11:22p   SSE
28  44.9  49.2   4:38p  39.6   2:44a  20.1   0.0  1.25   7.8  26.0   5:16p   SSE
29  45.8  54.8   2:08p  39.4   7:10a  19.2   0.0  0.01   3.3  21.0   9:28a     S
30  34.5  40.0  12:00a  29.3   4:43a  30.5   0.0  0.00   3.9  20.0  11:55p    SW
----------------------------------------------------------------------------------
    44.2  75.8     1    18.3    21   628.4   4.7  2.26   3.3  34.0    18      SW

Max >=  90.0:  0
Max <=  32.0:  0
Min <=  32.0: 10
Min <=   0.0:  0
Max Rain: 1.25 on day 28
Days of Rain: 11 (>= 0.01 in)  4 (>= 0.10 in)  1 (>= 1.00 in)
Heat Base: 65.0  Cool Base: 65.0  Method: Integration