NOAA-Style Climate Reports


Report for 2016 August
                   Monthly Climatological Summary for Aug 2016

Name: Elburn   City: Elburn   State: IL
Elevation: 836 ft  Lat: N 41° 53' 08"   Lon: W 088° 28' 47"

                  Temperature (°F), Rain (in), Wind Speed (mph)

                                      Heat  Cool        Avg
    Mean                              Deg   Deg         Wind                 Dom
Day Temp  High   Time   Low    Time   Days  Days  Rain  Speed High   Time    Dir
----------------------------------------------------------------------------------
 1  75.6  87.2   2:47p  65.5   5:50a   0.0  10.6  0.00   1.4   9.0   4:37p     E
 2  77.6  89.5   3:37p  67.5   4:44a   0.0  12.6  0.00   1.0   8.0   7:53a   SSE
 3  79.4  91.5   4:06p  68.0   5:29a   0.0  14.4  0.00   1.0   9.0  11:17a     S
 4  79.0  91.8   4:25p  66.6   6:08a   0.0  14.0  0.16   1.7  26.0  10:42p     S
 5  74.9  85.1   1:39p  67.2  11:57p   0.0   9.9  0.13   2.5  15.0   1:27a    NW
 6  72.0  84.0   4:02p  61.1   6:12a   0.6   7.6  0.00   2.8  12.0   1:59p    NW
 7  72.4  84.1  12:58p  59.5   6:11a   1.2   8.6  0.00   1.2   9.0   3:21p    NE
 8  76.2  85.6   3:01p  67.9   4:38a   0.0  11.2  0.00   2.5  13.0  11:58a     E
 9  77.1  90.2   4:34p  64.3   6:24a   0.0  12.2  0.00   1.2   9.0  12:16p     S
10  79.4  92.6   3:38p  66.8   5:56a   0.0  14.4  0.00   0.7   7.0   3:09p     S
11  77.9  90.2   1:36p  69.2   6:06a   0.0  12.9  0.00   1.6  19.0   2:07p     S
12  75.2  80.2   4:02p  72.9   7:27a   0.0  10.2  0.44   1.1  14.0   1:51a   SSW
13  75.8  84.3   4:55p  66.5  11:59p   0.0  10.8  0.02   2.6  15.0  12:33p   WNW
14  74.3  85.8  12:44p  64.1   6:27a   0.1   9.3  0.01   1.6   9.0  12:43p   WNW
15  71.2  78.7  11:58a  63.0   6:14a   0.3   6.6  0.00   1.7  15.0   3:34p   ENE
16  76.5  87.8   4:42p  68.4   7:01a   0.0  11.5  0.00   2.3  14.0  10:44a    NW
17  75.6  88.8   4:36p  65.2   5:04a   0.0  10.6  0.00   1.1  13.0   1:05p   WSW
18  76.8  88.4   4:56p  69.0   6:51a   0.0  11.8  0.00   1.6  15.0  11:13p   SSW
19  73.6  86.4   4:29p  65.7   5:56a   0.0   8.6  0.00   1.9  17.0   9:35a     S
20  70.5  78.0   1:12p  60.6  11:56p   0.3   5.9  0.01   3.0  20.0   4:47p     W
21  64.9  75.5   4:11p  55.9  11:54p   3.2   3.1  0.01   3.2  17.0   1:41p   WNW
22  65.7  79.4   4:49p  51.4   6:34a   4.4   5.1  0.00   1.1  11.0   4:46p     S
23  70.1  80.1   4:08p  56.9   5:58a   2.1   7.2  0.00   2.4  17.0   2:14p   SSE
24  74.2  84.1   4:54p  68.5   5:04a   0.0   9.2  0.44   2.6  19.0  11:53a   SSW
25  73.7  83.9   1:40p  64.8  11:49p   0.0   8.7  0.06   1.7  12.0   3:37p   WNW
26  71.1  81.6   5:03p  62.5   6:30a   0.4   6.5  0.14   1.7   9.0   5:45a   NNE
27  72.7  82.2   4:26p  64.3  12:54a   0.0   7.7  0.32   1.9  15.0  10:03p   SSE
28  75.9  87.6   1:29p  67.9   5:56a   0.0  10.9  0.00   1.2  13.0   3:07p     E
29  75.1  87.4  12:53p  68.4   4:22a   0.0  10.1  0.30   1.5  11.0   3:48p     E
30  73.1  83.2   4:20p  68.0   7:40a   0.0   8.1  0.27   1.3  17.0   5:16p   WNW
31  70.5  78.9   1:19p  60.7  11:51p   0.3   5.8  0.00   2.7  13.0  12:17p   NNW
----------------------------------------------------------------------------------
    74.1  92.6    10    51.4    22    12.9 296.1  2.31   1.8  26.0     4     WSW

Max >=  90.0:  5
Max <=  32.0:  0
Min <=  32.0:  0
Min <=   0.0:  0
Max Rain: 0.44 on day 12
Days of Rain: 13 (>= 0.01 in)  8 (>= 0.10 in)  0 (>= 1.00 in)
Heat Base: 65.0  Cool Base: 65.0  Method: Integration