NOAA-Style Climate Reports


Report for 2015 November
                   MONTHLY CLIMATOLOGICAL SUMMARY for NOV. 2015

NAME: Elburn   CITY: Elburn   STATE: Illinois 
ELEV:   836 ft  LAT:  41° 53' 07" N  LONG:  88° 28' 46" W

                   TEMPERATURE (°F), RAIN  (in), WIND SPEED (mph)

                                      HEAT  COOL        AVG
    MEAN                              DEG   DEG         WIND                 DOM
DAY TEMP  HIGH   TIME   LOW    TIME   DAYS  DAYS  RAIN  SPEED HIGH   TIME    DIR
------------------------------------------------------------------------------------
 1  50.4  63.8   3:00p  40.4   5:20a  14.6   0.0  0.01   3.0  16.0  11:20a   WSW
 2  55.2  71.7   2:30p  41.9   4:10a  11.0   1.1  0.00   2.6  21.0   2:00p   SSE
 3  50.4  61.8   2:25p  42.0   6:50a  14.6   0.0  0.00   1.2  11.0   1:40p   ESE
 4  58.2  69.6   3:45p  49.7   3:55a   7.2   0.4  0.01   2.6  16.0   3:40p   SSE
 5  62.4  69.7  12:20p  56.4  12:50a   3.5   0.9  0.01   5.0  28.0   5:05p     S
 6  47.1  63.0  12:25a  36.5  12:00m  17.9   0.0  0.14   5.0  26.0   1:10a     W
 7  39.6  52.4  12:00p  31.5  11:55p  25.4   0.0  0.01   2.8  22.0  12:50p   WNW
 8  37.6  52.7   2:10p  27.0   7:00a  27.4   0.0  0.00   1.1  12.0   9:55a   SSW
 9  39.3  54.7  12:20p  27.9   7:00a  25.7   0.0  0.00   0.7   9.0  12:55p    SE
10  40.8  55.7  12:15p  29.8   6:35a  24.2   0.0  0.00   1.1  10.0   2:00p    SW
11  50.1  61.2   2:05p  37.5   2:00a  14.9   0.0  0.32   5.7  33.0   8:25p    SE
12  43.5  52.4  12:40a  39.9  12:00m  21.5   0.0  0.01  11.1  41.0   7:00a   WSW
13  37.9  46.1   2:00p  28.9  12:00m  27.1   0.0  0.00   6.9  33.0   9:35a   WNW
14  40.2  57.9   3:10p  23.8   5:50a  24.8   0.0  0.00   2.8  20.0  12:40p   SSE
15  49.2  62.8   2:00p  36.8   7:20a  15.8   0.0  0.00   3.8  21.0   1:40p    SW
16  48.2  54.2  11:45a  45.1   7:30a  16.8   0.0  0.04   4.6  22.0   4:00p    SE
17  52.2  58.8  12:00m  46.0  12:05a  12.8   0.0  1.56   7.4  24.0  11:10a    SE
18  54.2  60.5   7:55a  44.2  12:00m  10.8   0.0  0.20   8.8  35.0  12:45p   SSE
19  38.7  44.2  12:05a  32.1  10:25p  26.3   0.0  0.00   8.5  37.0   1:25p   WSW
20  33.2  38.7  11:15a  28.5   4:55a  31.8   0.0  0.00   4.1  17.0  12:40a   WSW
21  26.7  32.5   8:30a  11.9  12:00m  38.3   0.0  0.00   1.0  14.0   2:35a   ENE
22  16.4  26.0   2:30p   3.1   5:55a  48.6   0.0  0.00   1.2   9.0   4:50p   SSE
23  26.8  36.2   1:00p  18.6   7:20a  38.2   0.0  0.03   2.5  13.0   9:35p   WSW
24  32.2  41.5   2:10p  22.7   5:55a  32.8   0.0  0.40   2.6  13.0   3:10p   ESE
25  42.4  48.2  11:40p  34.7   3:40a  22.6   0.0  0.20   5.8  23.0   4:30p   SSE
26  52.7  57.6   5:05p  46.5   2:35a  12.3   0.0  0.42   5.3  21.0  12:05p   SSE
27  36.8  54.9  12:05a  31.3  11:40p  28.2   0.0  0.40   5.3  19.0   1:50a   NNE
28  31.8  36.4  12:30p  27.1  11:20p  33.2   0.0  0.00   3.0  16.0   1:00a   NNE
29  33.4  40.9   1:45p  26.0   5:50a  31.6   0.0  0.00   3.0  13.0   6:10p    NE
30  38.9  41.0   3:20p  36.9   5:25a  26.1   0.0  0.56   4.4  19.0   5:40p     E
-------------------------------------------------------------------------------------
    42.2  71.7     2     3.1    22   686.0   2.4  4.32   4.1  41.0    12     SSE

Max >=  90.0:  0
Max <=  32.0:  1
Min <=  32.0: 14
Min <=   0.0:  0
Max Rain: 1.56 ON 11/17/15
Days of Rain: 11 (>.01 in) 9 (>.1 in) 1 (>1 in)
Heat Base:  65.0  Cool Base:  65.0  Method: Integration