NOAA-Style Climate Reports


Report for 2015 August
                   MONTHLY CLIMATOLOGICAL SUMMARY for AUG. 2015

NAME: Elburn   CITY: Elburn   STATE: Illinois 
ELEV:   836 ft  LAT:  41° 53' 07" N  LONG:  88° 28' 46" W

                   TEMPERATURE (°F), RAIN  (in), WIND SPEED (mph)

                                      HEAT  COOL        AVG
    MEAN                              DEG   DEG         WIND                 DOM
DAY TEMP  HIGH   TIME   LOW    TIME   DAYS  DAYS  RAIN  SPEED HIGH   TIME    DIR
------------------------------------------------------------------------------------
 1  73.3  87.9   4:35p  58.0   5:40a   1.6   9.9  0.00   2.3  18.0   3:20p    NW
 2  76.9  88.7   4:55p  65.9   2:45a   0.0  11.9  0.62   4.1  32.0  11:00p    SW
 3  72.4  83.3   4:50p  63.3  11:30p   0.1   7.5  0.00   2.6  18.0   3:40p    NW
 4  69.9  82.8   1:55p  56.6   6:10a   2.1   7.0  0.00   2.0  18.0   1:50p    NW
 5  71.0  84.9   4:25p  55.5   5:50a   2.4   8.4  0.00   1.1  10.0   2:00p   ENE
 6  73.4  84.1   1:30p  63.6   6:45a   0.1   8.6  0.00   1.8  11.0   7:45a   ENE
 7  72.4  83.6   4:10p  61.1   5:15a   0.8   8.1  0.00   1.7  15.0   3:30p   SSE
 8  71.7  81.8  10:30a  63.4   6:20a   0.1   6.8  0.00   1.5  11.0  11:50a    NW
 9  70.8  77.7   2:35p  65.1   1:30a   0.0   5.8  0.00   0.7   9.0   9:50a     E
10  72.8  85.4  12:05p  67.4  11:30p   0.0   7.8  0.39   1.3  15.0   3:40p    NW
11  71.9  83.8   3:40p  60.7   6:40a   0.6   7.5  0.00   3.1  14.0   2:55p    NW
12  70.4  83.4   4:55p  58.2   6:45a   1.7   7.1  0.00   1.3  10.0  11:45a    NW
13  71.6  84.1   3:40p  59.0   6:05a   1.4   8.0  0.00   2.0  16.0   2:05p    SW
14  76.0  91.0   4:35p  65.5  11:50p   0.0  11.0  0.30   1.6  22.0   9:30p   WSW
15  74.0  90.2   1:40p  64.4   2:05a   0.0   9.0  0.56   1.5  23.0   2:45p     W
16  77.1  89.0   4:35p  66.4   6:25a   0.0  12.1  0.00   1.3  15.0   5:40p   SSW
17  74.4  88.5   3:15p  66.3   5:35a   0.0   9.4  0.61   1.3  20.0   3:40p   SSE
18  72.6  82.2   3:35p  66.0   7:00a   0.0   7.6  0.55   2.5  20.0   7:55p    SE
19  67.4  72.6   2:20p  60.2  11:35p   0.6   3.1  0.00   3.9  20.0   1:25p    SW
20  63.8  75.3   4:45p  55.8  12:00m   3.5   2.3  0.00   4.1  26.0   1:10p     W
21  68.3  83.8   4:15p  52.6   5:20a   3.9   7.1  0.00   1.5  12.0  10:15a   SSE
22  69.9  80.8  12:50p  57.4   6:25a   1.7   6.6  0.00   2.4  18.0  12:35p    SE
23  67.8  74.9   4:35p  56.6  12:00m   0.7   3.6  0.04   3.2  21.0   3:25p     W
24  62.0  72.5   2:30p  51.3   6:30a   5.1   2.1  0.00   4.1  25.0   1:25p     W
25  63.2  71.9   4:05p  53.9   7:00a   3.5   1.7  0.00   2.9  14.0   1:20a    NW
26  59.4  66.7   5:25p  51.8   3:50a   5.8   0.2  0.00   1.7  10.0   1:05p    NW
27  61.6  74.8   4:30p  48.1   6:00a   6.2   2.8  0.00   0.9   9.0  10:00a   SSW
28  64.3  71.2   3:30p  56.4   3:40a   2.8   2.0  0.00   0.9   9.0   8:25p     E
29  65.9  69.9   5:10p  62.4   6:10a   0.7   1.6  1.21   1.1   9.0   1:55p     E
30  68.6  77.3   5:05p  61.8  12:00m   0.6   4.2  0.00   0.7   8.0   2:20p    NW
31  72.5  86.7   5:00p  59.2   7:00a   1.4   8.9  0.00   0.7   8.0   1:40p   SSE
-------------------------------------------------------------------------------------
    69.9  91.0    14    48.1    27    47.4 199.7  4.28   2.0  32.0     2      NW

Max >=  90.0:  2
Max <=  32.0:  0
Min <=  32.0:  0
Min <=   0.0:  0
Max Rain: 1.21 ON 08/29/15
Days of Rain: 8 (>.01 in) 7 (>.1 in) 1 (>1 in)
Heat Base:  65.0  Cool Base:  65.0  Method: Integration