NOAA-Style Climate Reports


Report for 2015 April
                   MONTHLY CLIMATOLOGICAL SUMMARY for APR. 2015

NAME: Elburn   CITY: Elburn   STATE: Illinois 
ELEV:   836 ft  LAT:  41° 53' 07" N  LONG:  88° 28' 46" W

                   TEMPERATURE (°F), RAIN  (in), WIND SPEED (mph)

                                      HEAT  COOL        AVG
    MEAN                              DEG   DEG         WIND                 DOM
DAY TEMP  HIGH   TIME   LOW    TIME   DAYS  DAYS  RAIN  SPEED HIGH   TIME    DIR
------------------------------------------------------------------------------------
 1  54.6  75.7   4:35p  32.4   6:50a  12.8   2.4  0.00   4.4  26.0   6:30p   SSE
 2  55.2  68.8   5:20p  47.0  12:00m  10.1   0.2  0.58   4.1  20.0   2:45p   SSE
 3  45.6  54.5  12:35p  29.8  12:00m  19.4   0.0  0.00   4.7  21.0   1:20p    NW
 4  41.5  60.4   4:45p  24.8   4:30a  23.5   0.0  0.00   3.8  25.0  12:45p   WSW
 5  52.0  67.9   4:30p  39.7   5:10a  13.3   0.3  0.00   4.6  22.0   1:55p    SW
 6  48.4  64.0   1:30p  35.4   4:50a  16.6   0.0  0.05   3.2  20.0   9:05p     E
 7  42.8  45.9   2:30p  39.5  12:35a  22.2   0.0  0.01   6.3  21.0   4:15p    NE
 8  45.9  53.6   4:45p  41.9   9:00p  19.1   0.0  0.01   4.6  21.0  10:05p   ENE
 9  56.0  70.7   5:10p  42.4   3:40a   9.8   0.8  0.99   5.8  31.0  10:00p     E
10  46.5  61.7   2:05p  35.1  12:00m  18.5   0.0  0.00   8.8  36.0   1:10a   WSW
11  47.6  62.6   4:20p  32.3   7:10a  17.4   0.0  0.00   2.4  15.0   1:50p   WSW
12  55.2  67.8   1:05p  39.9   5:35a  10.2   0.3  0.00   4.1  22.0  10:40a   SSE
13  58.2  67.4   2:35p  46.2  12:00m   7.2   0.4  0.26   5.2  25.0  12:50p    NW
14  54.8  71.3   4:15p  37.0   5:10a  11.2   1.1  0.00   1.7  12.0  11:30a   ENE
15  55.8  69.5   3:20p  42.8   3:30a   9.7   0.5  0.00   5.3  20.0   2:30p   ENE
16  56.5  71.8   4:50p  49.2   9:00a   9.2   0.7  0.00   2.2  11.0  12:15a     E
17  62.1  80.1   3:25p  44.5   6:25a   7.4   4.6  0.00   1.4  13.0   4:10p    SW
18  60.3  70.7   1:45p  51.0   6:50a   5.8   1.1  0.00   4.4  21.0  10:15a   ENE
19  58.4  72.8  11:35a  49.3  12:00m   8.1   1.5  0.33   4.6  19.0  10:30a     E
20  46.0  51.2   5:25a  39.4  10:45p  19.0   0.0  0.02   7.2  28.0   1:40p   WSW
21  43.1  54.5   3:00p  34.4  11:55p  21.9   0.0  0.00   8.4  35.0   2:55p   WSW
22  39.0  46.7   5:00p  33.4   3:15a  26.0   0.0  0.00   5.8  28.0   3:10p   WNW
23  42.8  58.6   4:45p  28.8   6:25a  22.2   0.0  0.00   4.3  24.0  10:40a    NW
24  44.0  60.8   3:50p  27.0   6:15a  21.0   0.0  0.62   2.9  20.0  11:55p   ENE
25  42.8  47.3   3:30p  39.1  12:25a  22.2   0.0  0.41   5.2  21.0   3:30p   ENE
26  46.8  60.9   4:15p  35.1   6:00a  18.2   0.0  0.00   2.9  19.0   2:30p    NE
27  48.0  64.6   3:55p  33.7   6:20a  17.0   0.0  0.00   3.8  17.0  10:55a    NW
28  49.4  67.9   4:05p  31.9   6:15a  15.8   0.2  0.00   1.9  16.0   4:55p     N
29  51.4  68.1  12:35p  34.4   5:55a  13.7   0.1  0.00   2.1  12.0  12:25p   ENE
30  46.2  56.5   2:50p  35.8  12:00m  18.8   0.0  0.00   3.2  22.0   4:25p    NE
-------------------------------------------------------------------------------------
    49.9  80.1    17    24.8     4   467.3  14.2  3.28   4.3  36.0    10     ENE

Max >=  90.0:  0
Max <=  32.0:  0
Min <=  32.0:  5
Min <=   0.0:  0
Max Rain: 0.99 ON 04/09/15
Days of Rain: 8 (>.01 in) 6 (>.1 in) 0 (>1 in)
Heat Base:  65.0  Cool Base:  65.0  Method: Integration