NOAA-Style Climate Reports


Report for 2015 February
                   MONTHLY CLIMATOLOGICAL SUMMARY for FEB. 2015

NAME: Elburn   CITY: Elburn   STATE: Illinois 
ELEV:   836 ft  LAT:  41° 53' 07" N  LONG:  88° 28' 46" W

                   TEMPERATURE (°F), RAIN  (in), WIND SPEED (mph)

                                      HEAT  COOL        AVG
    MEAN                              DEG   DEG         WIND                 DOM
DAY TEMP  HIGH   TIME   LOW    TIME   DAYS  DAYS  RAIN  SPEED HIGH   TIME    DIR
------------------------------------------------------------------------------------
 1  24.9  30.8  12:05a  11.1  12:00m  40.1   0.0  0.00   6.8  29.0   3:15p    NE
 2   7.6  17.5   1:00p   2.7  11:20p  57.4   0.0  0.01   6.2  24.0  12:40a    NW
 3  15.5  24.0  12:45p  -0.1   2:50a  49.5   0.0  0.00   1.5  10.0  12:15p    SW
 4  14.9  23.8  12:55a  -0.7  12:00m  50.1   0.0  0.00   3.9  20.0   1:40p    NW
 5   2.8  12.3   2:40p  -7.9   4:50a  62.2   0.0  0.00   2.5  16.0  11:25p    SW
 6  19.9  30.7   1:05p  10.6   3:35a  45.1   0.0  0.08   2.8  16.0   3:40p   SSE
 7  30.7  43.1   2:25p  18.2  12:35a  34.3   0.0  0.31   2.2  16.0   5:45p   SSE
 8  32.5  39.3  12:05p  23.7  11:50p  32.5   0.0  0.00   3.3  18.0   7:05p   NNW
 9  22.1  28.3   2:05p  13.0  10:50p  42.9   0.0  0.00   3.8  17.0   2:35a   NNW
10  25.0  35.5  12:45p  14.0  12:05a  40.0   0.0  0.00   2.8  17.0   8:15p   SSE
11  27.4  35.7  11:00a  14.8  10:40p  37.6   0.0  0.00   5.8  24.0   1:05p   WNW
12  11.1  16.2  12:30p   2.3  12:00m  53.9   0.0  0.00   6.9  26.0   4:05a    NW
13  12.9  25.8  12:00m  -2.3   4:50a  52.1   0.0  0.00   3.5  21.0   4:40p    SW
14  12.0  26.3  12:35a  -0.8  11:55p  53.0   0.0  0.00  10.4  38.0  11:20a    NW
15   6.8  18.7   1:45p  -4.8   4:10a  58.2   0.0  0.00   2.9  13.0   6:35a    NW
16  13.1  21.6   2:30p   3.6   7:35a  51.9   0.0  0.00   1.8   9.0   3:10p   WSW
17  15.1  23.1  12:00p   6.5  11:50p  49.9   0.0  0.00   4.5  20.0   3:55p   WNW
18   3.8  11.8  11:45a  -5.2  11:10p  61.2   0.0  0.00   6.5  25.0   2:15p   WNW
19  -2.8   7.8  11:55a -11.5   6:45a  67.8   0.0  0.00   3.6  17.0   9:40a    NW
20   7.1  17.1   4:25p  -9.7   1:50a  57.9   0.0  0.00   5.3  25.0   5:10p   SSE
21  24.8  36.5   1:45p  16.5   1:20a  40.2   0.0  0.00   1.8  11.0  12:35a    NW
22  14.0  26.3  12:05a   0.0  12:00m  51.0   0.0  0.00   6.7  20.0   1:25a    NW
23   2.1  13.6  11:40a  -7.4   7:00a  62.9   0.0  0.00   3.6  14.0  12:20a    NW
24  16.1  29.9   4:05p  -0.3  12:20a  48.9   0.0  0.00   6.6  25.0  11:45a   WSW
25  18.6  26.9   1:05p  10.2   6:50a  46.4   0.0  0.00   2.4  14.0  11:40p    NE
26  11.9  21.7  11:45a  -4.4  12:00m  53.1   0.0  0.03   4.6  19.0   2:40p    NW
27   2.2  20.8  12:00p  -8.6   6:00a  62.8   0.0  0.00   2.2  12.0   1:40p    NW
28   9.2  24.5   2:55p -10.3   4:00a  55.8   0.0  0.00   1.9  12.0  11:50a    SE
-------------------------------------------------------------------------------------
    14.3  43.1     7   -11.5    19  1418.7   0.0  0.43   4.2  38.0    14      NW

Max >=  90.0:  0
Max <=  32.0: 23
Min <=  32.0: 28
Min <=   0.0: 15
Max Rain: 0.31 ON 02/07/15
Days of Rain: 3 (>.01 in) 1 (>.1 in) 0 (>1 in)
Heat Base:  65.0  Cool Base:  65.0  Method: Integration