NOAA-Style Climate Reports


Report for 2014 October
                   MONTHLY CLIMATOLOGICAL SUMMARY for OCT. 2014

NAME: Elburn   CITY: Elburn   STATE: Illinois 
ELEV:   836 ft  LAT:  41° 53' 07" N  LONG:  88° 28' 46" W

                   TEMPERATURE (°F), RAIN  (in), WIND SPEED (mph)

                                      HEAT  COOL        AVG
    MEAN                              DEG   DEG         WIND                 DOM
DAY TEMP  HIGH   TIME   LOW    TIME   DAYS  DAYS  RAIN  SPEED HIGH   TIME    DIR
------------------------------------------------------------------------------------
 1  60.2  71.3   3:45p  47.3   6:55a   6.0   1.2  0.00   2.9  16.0   2:15p     E
 2  66.9  73.8  10:55a  62.5   3:10a   0.6   2.6  0.04   2.0  14.0  12:15p   SSE
 3  53.2  64.1  12:30a  42.4  11:55p  11.8   0.0  0.77   6.0  35.0   4:45a   WNW
 4  40.3  46.7   5:05p  34.2  11:20p  24.7   0.0  0.04   4.5  21.0   2:10p     W
 5  44.4  54.9   2:40p  32.3   3:50a  20.6   0.0  0.02   2.4  25.0  12:10p    SW
 6  50.0  60.3  12:35p  41.1  12:00m  15.0   0.0  0.00   2.7  20.0   1:25p    SW
 7  51.9  65.9   1:15p  38.2   2:20a  13.2   0.0  0.00   2.6  21.0   3:50p     W
 8  52.7  64.9   3:55p  39.9   7:30a  12.3   0.0  0.00   3.4  20.0   1:10p     W
 9  52.5  62.5   1:20p  41.6  12:00m  12.5   0.0  0.00   1.9  12.0   2:50p    NW
10  47.9  58.6   1:10p  39.0   4:20a  17.1   0.0  0.00   1.5  11.0   9:45a   ENE
11  46.1  60.0   1:40p  33.4   7:15a  18.9   0.0  0.00   0.9  11.0  12:00p   ENE
12  50.2  61.9   1:40p  37.4   4:20a  14.8   0.0  0.15   2.5  16.0   1:30p     E
13  60.2  65.5   7:55p  55.3  12:05a   4.8   0.0  0.61   3.1  23.0   7:50p    SE
14  60.1  65.8  11:40a  51.4  12:00m   4.9   0.0  1.19   2.6  20.0   1:40a   SSE
15  51.6  53.7   5:00p  49.4   6:35a  13.4   0.0  0.04   3.3  15.0   5:10a    NW
16  52.4  56.8   4:40p  50.0   9:00p  12.6   0.0  0.01   1.7  11.0   4:55p    NW
17  51.8  59.1  11:40a  44.8   6:55a  13.2   0.0  0.04   4.3  23.0   2:40p   WNW
18  44.4  50.1   1:55p  32.5  12:00m  20.6   0.0  0.00   3.2  17.0   9:20a    NW
19  43.5  54.7   2:45p  30.0   7:35a  21.5   0.0  0.00   2.5  17.0  12:05p     S
20  52.9  64.5   1:45p  41.8   7:45a  12.1   0.0  0.00   3.8  20.0  12:55p    NW
21  47.4  54.0   1:15p  39.5  12:00m  17.6   0.0  0.00   2.0  17.0   9:10a   NNW
22  44.6  57.4   3:35p  33.3   7:55a  20.4   0.0  0.00   0.9  10.0   1:20p     E
23  47.6  61.6   1:35p  33.7   6:25a  17.4   0.0  0.00   1.9  15.0   2:30p   SSE
24  56.2  68.0   3:20p  45.7   5:20a   9.1   0.3  0.00   1.3  11.0   2:45p    SW
25  58.6  72.6   3:20p  45.3  11:10p   7.9   1.5  0.00   3.9  26.0   4:20p    NW
26  51.5  65.7   3:50p  37.2   8:15a  13.5   0.0  0.00   2.1  10.0  10:05p    NW
27  64.2  76.7   2:25p  49.9  12:05a   4.2   3.5  0.00   4.5  25.0   2:55p     S
28  53.9  66.7  12:05a  41.6  12:00m  11.1   0.1  0.00   5.9  24.0  12:30p   WSW
29  43.2  48.7   3:55p  33.0  11:55p  21.8   0.0  0.00   3.4  20.0   5:00a   WNW
30  40.4  51.8   3:00p  29.0   5:35a  24.6   0.0  0.00   1.4  14.0   1:40p    SW
31  38.1  44.9   2:00a  33.2   7:50a  26.9   0.0  0.00   9.9  40.0  12:20p    NW
-------------------------------------------------------------------------------------
    50.9  76.7    27    29.0    30   445.1   9.2  2.91   3.1  40.0    31      NW

Max >=  90.0:  0
Max <=  32.0:  0
Min <=  32.0:  2
Min <=   0.0:  0
Max Rain: 1.19 ON 10/14/14
Days of Rain: 9 (>.01 in) 4 (>.1 in) 1 (>1 in)
Heat Base:  65.0  Cool Base:  65.0  Method: Integration