NOAA-Style Climate Reports


Report for 2014 September
                   MONTHLY CLIMATOLOGICAL SUMMARY for SEP. 2014

NAME: Elburn   CITY: Elburn   STATE: Illinois 
ELEV:   836 ft  LAT:  41° 53' 07" N  LONG:  88° 28' 46" W

                   TEMPERATURE (°F), RAIN  (in), WIND SPEED (mph)

                                      HEAT  COOL        AVG
    MEAN                              DEG   DEG         WIND                 DOM
DAY TEMP  HIGH   TIME   LOW    TIME   DAYS  DAYS  RAIN  SPEED HIGH   TIME    DIR
------------------------------------------------------------------------------------
 1  73.8  82.6   4:25p  68.7  12:00m   0.0   8.8  0.06   3.0  19.0   2:35p    SW
 2  71.9  82.4   4:40p  62.4  12:00m   0.3   7.1  0.00   1.6  15.0   3:20p     W
 3  71.0  85.3   4:50p  57.1   7:00a   2.1   8.1  0.00   1.5  13.0   3:30p   SSE
 4  73.5  84.2   5:00p  67.7  11:45a   0.0   8.5  0.51   3.1  22.0   2:00p   SSE
 5  73.7  87.0   1:25p  61.6  11:55p   0.6   9.2  0.07   3.6  33.0   2:20p    NW
 6  63.9  75.3   4:40p  55.6   7:10a   3.6   2.4  0.00   3.1  14.0   2:30a    NW
 7  65.0  78.6  12:55p  52.3   6:35a   4.4   4.5  0.00   0.7   8.0   3:40a    NW
 8  65.7  77.5   4:45p  52.4   6:15a   3.6   4.4  0.00   1.4  12.0  11:40a   SSE
 9  69.2  79.3   4:25p  60.5   7:10a   1.1   5.3  0.02   1.7  13.0   1:50p   SSE
10  68.0  78.5   2:25p  54.0  12:00m   1.3   4.3  1.63   6.5  27.0   8:05a    NW
11  50.4  54.1  12:05a  47.7   8:05a  14.6   0.0  0.00   4.1  21.0  12:05a    NW
12  47.7  53.2  12:40p  42.4  12:00m  17.3   0.0  0.11   3.8  18.0   5:45p    NW
13  47.1  60.3   4:15p  37.9   7:00a  17.9   0.0  0.01   2.8  14.0   7:50a    NW
14  52.2  66.8   5:00p  39.4   6:05a  12.9   0.1  0.00   1.1  13.0   4:20p    SW
15  52.8  57.9   1:35p  46.8  12:40a  12.2   0.0  0.00   0.9   9.0   7:35p    NW
16  53.9  67.3   5:10p  41.5   6:45a  11.3   0.2  0.00   2.0  12.0   4:20a    NW
17  55.8  71.6   5:10p  41.5   6:30a  10.4   1.2  0.00   0.7   9.0   3:05p    NW
18  57.4  69.7   4:20p  46.2   6:15a   8.5   0.9  0.01   1.4  11.0   5:45p   ENE
19  62.6  74.2   5:10p  50.6   7:10a   5.0   2.5  0.00   2.9  19.0  11:45a   SSE
20  65.5  75.4  11:45a  56.5   2:35a   2.7   3.2  0.07   2.2  15.0   9:25a   SSW
21  58.6  66.6   5:20p  47.3  12:00m   6.5   0.1  0.32   5.5  27.0   2:10a    NW
22  53.4  68.3   5:05p  40.2   6:50a  11.8   0.2  0.00   1.5  11.0   2:55p    NW
23  57.5  72.9   5:10p  43.0   6:45a   9.4   1.9  0.00   0.9   9.0  12:35p     E
24  61.2  73.6   3:55p  48.7   7:05a   6.3   2.4  0.00   1.3  14.0   2:15p     E
25  62.7  74.9   2:55p  54.5   4:10a   4.7   2.4  0.00   0.6  10.0   1:50p   ESE
26  67.0  79.8  12:35p  55.4   3:15a   3.1   5.1  0.00   1.2  10.0   1:55p   ENE
27  67.1  79.7  12:10p  55.9   7:00a   2.7   4.7  0.00   1.2  11.0   3:00p   ENE
28  66.3  79.6   5:15p  53.3   7:20a   3.4   4.7  0.00   0.6   9.0  12:35p    NE
29  65.7  82.5   4:05p  53.7   6:20a   5.1   5.8  0.00   2.0  14.0   2:35p    NW
30  52.4  57.8   2:35p  47.1   6:50a  12.6   0.0  0.00   2.3  13.0   1:05a    NE
-------------------------------------------------------------------------------------
    61.8  87.0     5    37.9    13   195.4  98.0  2.81   2.2  33.0     5      NW

Max >=  90.0:  0
Max <=  32.0:  0
Min <=  32.0:  0
Min <=   0.0:  0
Max Rain: 1.63 ON 09/10/14
Days of Rain: 8 (>.01 in) 4 (>.1 in) 1 (>1 in)
Heat Base:  65.0  Cool Base:  65.0  Method: Integration