NOAA-Style Climate Reports


Report for 2014 July
                   MONTHLY CLIMATOLOGICAL SUMMARY for JUL. 2014

NAME: Elburn   CITY: Elburn   STATE: Illinois 
ELEV:   836 ft  LAT:  41° 53' 07" N  LONG:  88° 28' 46" W

                   TEMPERATURE (°F), RAIN  (in), WIND SPEED (mph)

                                      HEAT  COOL        AVG
    MEAN                              DEG   DEG         WIND                 DOM
DAY TEMP  HIGH   TIME   LOW    TIME   DAYS  DAYS  RAIN  SPEED HIGH   TIME    DIR
------------------------------------------------------------------------------------
 1  71.3  80.1   3:45p  64.8  12:20a   0.0   6.3  0.14   4.0  21.0   3:05p    SW
 2  63.1  71.3  10:35a  56.9  11:55p   2.8   1.0  0.20   3.0  16.0   6:55a    NW
 3  64.8  77.9   4:50p  52.5   6:20a   4.0   3.9  0.07   2.4  18.0  12:35p    NW
 4  68.5  84.4   5:10p  52.5   5:55a   3.6   7.1  0.00   1.4  10.0   9:40a    NW
 5  68.3  76.7   4:05p  57.3   2:10a   1.7   5.0  0.00   1.9  16.0  12:00p   SSE
 6  73.7  86.1   3:15p  62.0   4:45a   0.6   9.3  0.00   3.3  21.0   6:25p    SW
 7  78.8  89.6   3:30p  69.0   5:40a   0.0  13.8  0.19   2.8  15.0  12:15a    NW
 8  73.8  82.2   3:15p  62.9  12:00m   0.1   8.9  0.04   4.2  22.0  11:15a    NW
 9  69.1  81.0   4:05p  58.8  12:00m   1.7   5.8  0.00   3.0  16.0  12:30p    NW
10  69.3  83.7   5:20p  53.7   5:45a   3.1   7.4  0.00   1.2  11.0   7:05p     E
11  70.7  82.9   1:00p  55.3   5:55a   2.1   7.8  0.00   1.6  12.0  11:40a   SSE
12  73.3  79.3   4:10p  67.7   6:25a   0.0   8.3  0.72   2.5  25.0  10:40p    SE
13  74.6  87.4   3:45p  66.1   6:30a   0.0   9.6  0.09   3.2  16.0   2:45a    NW
14  68.5  80.6   4:20p  58.1  12:00m   1.4   5.0  0.11   3.0  19.0   2:30p    NW
15  60.8  71.5   5:00p  51.3   5:50a   5.2   1.0  0.00   4.2  19.0   4:30p    NW
16  64.2  75.2   4:00p  52.6   5:35a   4.2   3.3  0.00   2.7  14.0   1:25p    NW
17  65.9  77.7   1:30p  52.2   4:15a   3.9   4.8  0.00   0.8   7.0  12:35p   ENE
18  68.5  83.0   3:40p  55.9   4:50a   2.7   6.1  0.00   1.1  10.0   2:35p   SSE
19  69.0  82.6   1:55p  54.5   5:50a   2.9   6.9  0.00   0.9   9.0   4:10p     E
20  70.4  83.9   4:30p  56.3   6:10a   2.1   7.5  0.00   1.1  11.0   1:15p   SSE
21  73.8  88.3   4:40p  59.4   5:50a   1.2   9.9  0.00   1.9  14.0  10:55a   SSE
22  77.9  89.9   3:10p  65.5   5:55a   0.0  12.9  0.04   2.8  17.0  10:50a    SW
23  69.4  78.5   4:05p  57.6  12:00m   1.0   5.4  0.00   3.2  17.0  11:55a    NE
24  66.3  79.3   5:10p  54.4   6:30a   3.4   4.7  0.00   1.9  12.0  11:25a   NNW
25  63.3  72.3   5:40p  52.4   4:20a   4.0   2.3  0.01   1.7  21.0   1:25p   SSE
26  74.0  82.2   4:25p  66.3   2:55a   0.0   9.0  0.00   1.6   9.0  12:35p   SSE
27  73.8  86.4  11:30a  64.4  12:00m   0.0   8.8  0.00   4.7  27.0   5:15p    NW
28  63.8  71.7   4:00p  55.5   6:10a   3.1   1.9  0.00   4.5  21.0   8:20a    NW
29  67.8  81.5   2:10p  55.6   6:35a   2.6   5.4  0.00   3.7  26.0   3:25p    NW
30  68.1  82.2   3:10p  56.1   3:10a   2.7   5.8  0.00   2.2  13.0   1:35p    NW
31  69.6  84.5   3:25p  54.8   6:10a   2.9   7.6  0.00   1.9  15.0   3:00p   WSW
-------------------------------------------------------------------------------------
    69.5  89.9    22    51.3    15    63.0 202.5  1.61   2.5  27.0    27      NW

Max >=  90.0:  0
Max <=  32.0:  0
Min <=  32.0:  0
Min <=   0.0:  0
Max Rain: 0.72 ON 07/12/14
Days of Rain: 9 (>.01 in) 5 (>.1 in) 0 (>1 in)
Heat Base:  65.0  Cool Base:  65.0  Method: Integration