NOAA-Style Climate Reports


Report for 2014 June
                   MONTHLY CLIMATOLOGICAL SUMMARY for JUN. 2014

NAME: Elburn   CITY: Elburn   STATE: Illinois 
ELEV:   836 ft  LAT:  41° 53' 07" N  LONG:  88° 28' 46" W

                   TEMPERATURE (°F), RAIN  (in), WIND SPEED (mph)

                                      HEAT  COOL        AVG
    MEAN                              DEG   DEG         WIND                 DOM
DAY TEMP  HIGH   TIME   LOW    TIME   DAYS  DAYS  RAIN  SPEED HIGH   TIME    DIR
------------------------------------------------------------------------------------
 1  74.8  90.2   2:45p  62.6   5:50a   0.2  10.0  0.20   1.0  20.0   7:20p   ESE
 2  73.3  80.9   3:55p  67.4  11:25a   0.0   8.3  0.07   2.0  19.0  11:10a   WSW
 3  73.5  84.9   3:45p  64.4   5:55a   0.0   8.5  0.00   1.0  10.0  12:35a   WSW
 4  62.4  67.9  12:05a  54.2  12:00m   2.9   0.3  0.15   1.4  12.0  12:55p    NE
 5  65.5  79.1   4:40p  51.7   3:10a   4.3   4.8  0.00   1.3  11.0   1:50p   ESE
 6  69.5  84.6   3:25p  49.8   5:45a   3.5   8.0  0.00   0.7   8.0  12:45p   ESE
 7  70.3  84.2  12:45p  55.4   5:20a   2.3   7.5  0.16   1.0  12.0  11:15p   ESE
 8  63.2  72.4   1:25p  53.7  11:45p   3.6   1.8  0.15   2.4  14.0   6:10p     N
 9  67.2  85.5   3:30p  53.3   1:10a   3.8   6.0  0.00   1.7  11.0   5:25p    NE
10  62.0  69.5   2:45p  58.5   2:15a   3.6   0.6  0.23   2.2  15.0  11:25p   NNE
11  60.5  63.2   3:20p  57.6   6:50a   4.5   0.0  0.61   1.5  13.0  12:20a   NNE
12  67.3  78.2  11:40a  56.7   5:45a   2.3   4.6  0.00   1.0  15.0  11:45a   WSW
13  63.6  77.5   4:10p  51.8   6:10a   4.7   3.3  0.00   1.2  14.0   9:15a     N
14  66.7  81.0   4:50p  49.4   3:30a   4.3   6.0  0.00   0.9  12.0   1:20p   ESE
15  72.3  84.8   4:40p  58.5   5:10a   1.3   8.6  0.00   2.0  21.0  12:55p   WSW
16  77.4  90.8   4:50p  60.7   5:45a   0.5  13.0  0.00   0.6  11.0   3:00p     W
17  81.3  93.2   4:20p  71.9   9:10a   0.0  16.3  0.00   1.5  15.0   7:05a   WSW
18  72.8  79.8   9:35a  63.1  12:00m   0.2   8.0  0.84   1.6  17.0   7:00p   WSW
19  70.0  83.8   4:20p  62.8   1:50a   0.6   5.6  0.33   1.6  11.0   8:30a   ESE
20  74.9  86.6   4:20p  64.3  12:00m   0.0   9.9  0.02   0.9  12.0   2:15a   WSW
21  70.2  87.1   4:40p  62.5   5:55a   0.7   5.8  0.01   0.8  19.0   5:30p   ESE
22  73.2  87.4   4:55p  62.6   3:20a   0.5   8.7  0.01   0.7  10.0   9:10p   ENE
23  72.7  81.5   4:20p  67.6   5:35a   0.0   7.7  0.01   0.4   9.0   3:40p     W
24  76.8  89.9   3:45p  69.0   5:40a   0.0  11.8  0.00   0.4   6.0  12:40p     W
25  71.0  85.1  12:00p  60.6  12:00m   0.3   6.3  0.18   0.9  10.0   5:20p   ESE
26  67.9  82.2   4:20p  59.0   4:35a   2.0   4.9  0.00   1.2  11.0  10:10p   ENE
27  75.0  90.0   2:35p  60.1   3:30a   1.2  11.2  0.01   0.8  17.0   5:25p    SE
28  78.1  88.2   3:55p  69.9   4:55a   0.0  13.1  0.13   3.4  20.0   4:35p   SSE
29  75.7  85.9   4:50p  67.6   6:15a   0.0  10.7  0.24   3.3  25.0   3:25a   SSE
30  73.9  85.9   2:20p  64.6  11:10p   0.0   8.9  1.53   3.2  28.0   6:20p   SSE
-------------------------------------------------------------------------------------
    70.8  93.2    17    49.4    14    47.3 220.2  4.88   1.4  28.0    30     WSW

Max >=  90.0:  4
Max <=  32.0:  0
Min <=  32.0:  0
Min <=   0.0:  0
Max Rain: 1.53 ON 06/30/14
Days of Rain: 14 (>.01 in) 12 (>.1 in) 1 (>1 in)
Heat Base:  65.0  Cool Base:  65.0  Method: Integration