NOAA-Style Climate Reports


Report for 2014 January
                   MONTHLY CLIMATOLOGICAL SUMMARY for JAN. 2014

NAME: Elburn   CITY: Elburn   STATE: Illinois 
ELEV:   836 ft  LAT:  41° 53' 07" N  LONG:  88° 28' 46" W

                   TEMPERATURE (°F), RAIN  (in), WIND SPEED (mph)

                                      HEAT  COOL        AVG
    MEAN                              DEG   DEG         WIND                 DOM
DAY TEMP  HIGH   TIME   LOW    TIME   DAYS  DAYS  RAIN  SPEED HIGH   TIME    DIR
--------------------------------------------------------------------------------
 1  15.4  20.7  11:50a   9.3   1:40a  49.6   0.0  0.42   3.5  15.0  11:15p   NNE
 2   8.8  14.7  10:55a  -3.9  12:00m  56.0   0.0  0.00   3.9  16.0   2:05a     N
 3   5.0  17.7  11:50p -12.3   4:55a  60.0   0.0  0.00   2.5  20.0   6:05p    SW
 4  25.4  30.4   2:35p  17.6  12:15a  39.6   0.0  0.33   3.0  14.0   4:15a    SW
 5  10.0  24.4  12:05a  -5.5  12:00m  55.0   0.0  0.09   5.6  23.0   7:50p     N
 6 -13.4  -5.5  12:05a -17.4   7:40a  78.4   0.0  0.00   3.8  19.0  12:30p   WSW
 7  -6.0   2.3   2:20p -12.5   3:45a  71.0   0.0  0.00   2.2  14.0  12:05p   WSW
 8   0.5  11.2   1:40p  -6.6   2:50a  63.8   0.0  0.00   0.3   5.0  12:35p   NNW
 9  12.7  25.4  12:00m  -6.6  12:10a  52.3   0.0  0.02   1.3   9.0  11:40a   ESE
10  32.5  37.1   7:10p  25.4  12:05a  32.5   0.0  0.63   1.9  12.0   1:40p   SSW
11  32.9  36.8  12:05a  29.6  11:50p  32.1   0.0  0.00   2.4  15.0   1:10p   WSW
12  33.2  38.6   3:00p  27.2   5:05a  31.8   0.0  0.00   3.3  15.0  12:35p    SW
13  34.2  39.5  12:00p  23.0  12:00m  30.8   0.0  0.00   1.9  11.0  12:35p   WSW
14  25.6  34.3  11:55a  19.0  12:00m  39.4   0.0  0.04   3.5  24.0   3:20p   WSW
15  14.7  19.1  12:00m  10.4   7:30a  50.3   0.0  0.00   2.1  14.0  12:50p   WSW
16  25.5  33.7   1:45p  15.3  11:30p  39.5   0.0  0.06   3.8  20.0   5:20p    SW
17  13.0  15.6   1:15p   9.1   8:10a  52.0   0.0  0.03   2.2  11.0   9:05a   WSW
18  12.5  20.9   3:50p   5.4   4:10a  52.5   0.0  0.11   1.3  11.0  12:15p     N
19  21.4  37.4  10:05p   5.1   2:15a  43.6   0.0  0.00   4.4  18.0  10:25a   WSW
20  28.4  37.1  12:55p  10.1  12:00m  36.6   0.0  0.00   2.5  23.0  11:25p     N
21   1.1  10.1  12:05a  -7.5  11:15p  63.9   0.0  0.00   4.0  28.0   2:20a     N
22   4.7  14.3   2:25p  -5.2  12:05a  60.3   0.0  0.02   1.8  16.0   8:45p    SW
23  -1.8   6.2   1:05p  -7.6  11:50p  66.8   0.0  0.00   1.7  13.0  10:25a   WSW
24  11.3  27.1  12:00m  -9.0   2:15a  53.7   0.0  0.06   6.5  27.0  11:30a    SW
25  16.4  31.3   3:00a   4.9   8:05p  48.6   0.0  0.00   3.0  22.0   1:00a   WSW
26  16.0  30.2   1:55p   0.8  12:00m  49.0   0.0  0.16   2.8  19.0   9:05p   WSW
27  -6.0   0.8  12:05a -11.5   8:20p  71.0   0.0  0.09   1.8  19.0  12:20a   WSW
28  -6.4   2.4   1:30p -16.2   6:35a  65.7   0.0  0.00   1.0  12.0   3:25p   WSW
29   8.3  20.3   4:15p  -6.9   6:30a  56.7   0.0  0.00   2.8  14.0  10:55a   WSW
30  23.5  30.1   8:05p  16.1   1:45a  41.5   0.0  0.05   4.5  25.0   1:30p    SW
31  16.7  19.4  12:05a  12.5   7:30a  48.1   0.0  0.00   0.5   7.0   3:50a   WSW
--------------------------------------------------------------------------------
    13.4  39.5    13   -17.4     6  1592.1   0.0  2.11   2.8  28.0    21     WSW

Max >=  90.0:  0
Max <=  32.0: 23
Min <=  32.0: 31
Min <=   0.0: 14
Max Rain: 0.63 ON 01/10/14
Days of Rain: 14 (>.01 in) 5 (>.1 in) 0 (>1 in)
Heat Base:  65.0  Cool Base:  65.0  Method: Integration