NOAA-Style Climate Reports


Report for 2018 May
                   Monthly Climatological Summary for May 2018

Name: Elburn   City: Elburn   State: IL
Elevation: 836 ft  Lat: N 41° 53' 08"   Lon: W 088° 28' 47"

                  Temperature (°F), Rain (in), Wind Speed (mph)

                                      Heat  Cool        Avg
    Mean                              Deg   Deg         Wind                 Dom
Day Temp  High   Time   Low    Time   Days  Days  Rain  Speed High   Time    Dir
----------------------------------------------------------------------------------
 1  70.5  84.8   2:27p  52.5   6:32a   3.1   8.5  0.00   5.9  26.9  11:49p   SSW
 2  71.6  83.5   3:20p  63.7  11:57p   0.1   6.7  1.36   5.2  30.2   4:06p    SW
 3  66.8  76.2  12:32p  60.4   5:36a   1.1   2.9  0.46   3.2  26.9   4:37p     S
 4  66.0  75.8   4:03p  57.2  11:55p   1.5   2.5  0.00   5.0  30.2   6:30a   WSW
 5  66.9  85.0   4:17p  47.9   5:51a   4.8   6.7  0.00   0.7  17.2   1:28p     W
 6  63.0  76.2   1:00p  51.9   4:13a   5.0   3.0  0.00   2.5  19.4   2:33p   NNE
 7  63.6  80.2   4:11p  46.0   6:15a   6.1   4.7  0.00   0.6  10.8   3:30p     N
 8  67.7  83.7   3:04p  49.3   6:02a   4.3   7.0  0.00   1.4  16.2   1:42p   SSE
 9  67.2  80.7   4:34p  55.4   6:58a   2.1   4.3  0.57   5.1  24.8   3:08p    SW
10  64.5  75.5   2:49p  54.8   5:38a   3.4   2.9  0.00   2.3  17.2   8:01a   NNW
11  49.1  58.3  12:00a  44.8   9:01p  15.9   0.0  0.03   5.9  24.8   5:58p   ENE
12  47.4  53.0  12:17p  43.4   6:47a  17.6   0.0  0.26   4.0  17.2   2:57a    NE
13  55.6  68.0   3:27p  45.1   1:05a   9.6   0.2  0.19   1.8  14.0   1:01a    NE
14  63.7  81.9   3:43p  54.3   3:13a   4.4   3.1  1.56   2.0  19.4   1:59p   SSE
15  64.8  75.7   1:35p  53.4  11:59p   2.2   2.0  0.01   3.0  18.3   9:11a   NNE
16  66.2  83.1   4:41p  47.8   6:01a   5.2   6.5  0.00   1.4  14.0   1:14p   ENE
17  65.8  81.0   1:07p  51.6   5:57a   4.5   5.3  0.00   2.1  17.2   5:43p    NE
18  61.6  73.4  12:53p  53.6   5:48a   5.1   1.7  0.08   3.9  16.2   8:53a   ENE
19  62.3  69.6   4:57p  57.1   4:44a   3.5   0.8  0.00   1.6  11.9   1:39a   NNW
20  52.8  62.9  12:17a  46.8  11:24a  12.2   0.0  0.05   3.8  18.3   5:45p    NE
21  56.9  64.9   7:03p  50.4  12:19a   8.0   0.0  1.43   2.1  12.9   1:31a   ENE
22  62.5  69.8   3:07p  55.8  11:58p   3.6   1.0  0.00   1.8  14.0   2:50p    NW
23  67.2  82.7   4:26p  50.9   5:57a   4.1   6.3  0.00   1.1   9.7   3:39p   ESE
24  73.5  89.0   3:53p  56.6   5:08a   1.8  10.3  0.00   1.7  12.9  10:15a   SSE
25  74.5  89.9   2:25p  58.8   5:48a   1.1  10.5  0.00   2.4  17.2  11:57a   SSW
26  78.5  93.0   3:55p  63.5   5:55a   0.1  13.5  0.00   1.5  11.9   2:54a     W
27  81.0  98.1   3:48p  64.5   5:05a   0.0  16.1  0.00   0.2   8.6  12:35p   NNE
28  80.8  93.8   4:27p  65.5   5:24a   0.0  15.8  0.00   2.0  21.6  12:00p   ENE
29  79.4  91.1   2:02p  67.3   5:05a   0.0  14.4  0.00   1.8  12.9   7:54p   ENE
30  73.5  87.0   1:42p  67.8   9:57p   0.0   8.5  0.99   1.6  15.1   3:38p    SE
31  77.0  90.4   4:20p  65.1   5:22a   0.0  12.0  0.04   1.5  14.0  10:47a   WSW
----------------------------------------------------------------------------------
    66.5  98.1    27    43.4    12   130.4 177.2  7.03   2.6  30.2     2     ESE

Max >=  90.0:  5
Max <=  32.0:  0
Min <=  32.0:  0
Min <=   0.0:  0
Max Rain: 1.56 on day 14
Days of Rain: 13 (>= 0.01 in)  8 (>= 0.10 in)  3 (>= 1.00 in)
Heat Base: 65.0  Cool Base: 65.0  Method: Integration