NOAA-Style Climate Reports

Select a Year or Month report
2018: Jan Feb Mar Apr May Jun Jul Aug Sep Oct Nov Dec
2017: Jan Feb Mar Apr May Jun Jul Aug Sep Oct Nov Dec
2016: Jan Feb Mar Apr May Jun Jul Aug Sep Oct Nov Dec
2015: Jan Feb Mar Apr May Jun Jul Aug Sep Oct Nov Dec
2014: Jan Feb Mar Apr May Jun Jul Aug Sep Oct Nov Dec

Report for 2018 February
                   Monthly Climatological Summary for Feb 2018

Name: Elburn   City: Elburn   State: IL
Elevation: 836 ft  Lat: N 41° 53' 08"   Lon: W 088° 28' 47"

                  Temperature (°F), Rain (in), Wind Speed (mph)

                                      Heat  Cool        Avg
    Mean                              Deg   Deg         Wind                 Dom
Day Temp  High   Time   Low    Time   Days  Days  Rain  Speed High   Time    Dir
----------------------------------------------------------------------------------
 1  19.0  31.9  12:00a   6.3  11:58p  46.0   0.0  0.00   6.0  26.9   7:55a    NW
 2  11.9  20.2  11:34p   1.9   7:08a  52.9   0.0  0.00   2.1  18.3  12:43a   WSW
 3  28.4  38.8   4:37p  19.2   2:52a  36.6   0.0  0.00   3.9  26.9   2:03p     S
 4  15.9  31.4   2:04a  -0.3  11:59p  49.1   0.0  0.00   5.7  26.9  11:02a    NW
 5   3.9  11.6   2:18p  -8.5   7:13a  60.5   0.0  0.00   1.9  12.9  11:06a   SSW
 6   9.8  19.9   3:00p  -0.5   6:22a  55.1   0.0  0.02   1.0   9.7  10:03p    NW
 7  12.4  22.3  12:11p  -2.9  11:55p  52.5   0.0  0.00   3.1  17.2  11:01a   WNW
 8  12.2  21.0   2:39p  -3.5  12:54a  52.7   0.0  0.00   2.3  10.8  10:33a     S
 9  21.1  25.5  12:57p  14.9  11:51p  43.7   0.0  0.00   4.2  15.1   7:35a   NNE
10  15.3  20.5   1:57p  11.6   6:50a  49.6   0.0  0.00   3.9  17.2   4:09a   NNW
11  15.1  25.4   1:41p   5.6  11:39p  49.7   0.0  0.00   4.8  20.5  10:00a    NW
12  10.5  21.4   2:31p   1.5   4:29a  54.4   0.0  0.00   2.4  15.1   2:23a    NW
13  22.3  35.1   3:03p  10.4  12:00a  42.7   0.0  0.03   2.0  19.4  10:30a    SE
14  29.9  44.4   2:47p  13.9   5:56a  35.0   0.0  0.40   2.3  17.2   4:22p     S
15  38.0  45.7  12:39p  34.0   2:43a  26.9   0.0  0.01   2.6  18.3  11:17p     W
16  28.0  38.4  11:02a   9.2  11:59p  36.9   0.0  0.00   4.1  20.5   5:43a    NW
17  22.2  35.2   1:04p   6.5   3:18a  42.8   0.0  0.00   2.2  19.4   7:01p    SW
18  27.2  38.1  10:10p  12.7   7:10a  37.5   0.0  0.11   3.9  23.7  10:06p    SE
19  43.5  52.9  11:55p  35.7   5:45a  21.4   0.0  0.66   3.3  17.2   4:03p   SSE
20  46.2  59.5  12:12p  29.6  11:48p  18.8   0.0  1.14   4.6  30.2  12:35p     W
21  27.7  30.4   1:54p  24.9   8:14a  36.7   0.0  0.00   5.2  21.6   4:54a   NNW
22  34.5  42.4  12:43p  25.9  12:00a  30.5   0.0  0.00   5.8  23.7  11:04a   ENE
23  36.3  40.5   8:29a  28.9  11:42p  28.7   0.0  0.13   3.2  23.7   9:27a    SW
24  37.0  46.8  11:02p  29.0  12:00a  27.9   0.0  0.18   6.1  24.8   7:32p     E
25  36.2  43.9  12:00a  31.7   9:25p  28.8   0.0  0.01   7.1  35.6  12:36a   WSW
26  37.3  52.8   2:57p  23.3   6:48a  27.3   0.0  0.00   1.8  21.6  12:15p    SW
27  45.1  61.3   3:50p  29.4   3:01a  19.8   0.0  0.00   1.3  23.7   2:50p     S
28  46.8  60.7   3:08p  38.1   9:35p  18.2   0.0  0.00  ----  19.4   7:01p   ENE
----------------------------------------------------------------------------------
    26.2  61.3    27    -8.5     5  1082.7   0.0  2.69   3.6  35.6    25       W

Max >=  90.0:  0
Max <=  32.0: 12
Min <=  32.0: 25
Min <=   0.0:  5
Max Rain: 1.14 on day 20
Days of Rain: 10 (>= 0.01 in)  6 (>= 0.10 in)  1 (>= 1.00 in)
Heat Base: 65.0  Cool Base: 65.0  Method: Integration