NOAA-Style Climate Reports


Report for 2018
                   Annual Climatological Summary for 2018

Name: Elburn   City: Elburn   State: IL
Elevation: 836 ft  Lat: N 41° 53' 08"   Lon: W 088° 28' 47"

                  Temperature (°F), Heat Base: 65.0  Cool Base: 65.0
                          Dep.  Heat  Cool                       Max  Max  Min  Min
        Mean  Mean        From  Deg   Deg                        >=   <=   <=   <=
 YR MO  Max   Min   Mean  Norm  Days  Days  Hi  Date  Low  Date 90.0 32.0 32.0   0.0
------------------------------------------------------------------------------------
 18  1  29.6  12.9  21.8  -1.3  1334     0  56.2  11 -14.8    2    0   17   29    8
 18  2  36.4  15.3  26.2  -1.3  1082     0  61.3  27  -8.5    5    0   12   25    5
 18  3  45.7  26.2  35.5  -2.7   910     0  56.5  31  16.6   14    0    0   28    0
 18  4  51.8  30.3  40.9  -9.3   729     8  81.6  30  15.9    7    0    0   17    0
 18  5  79.3  54.9  66.5   6.0   130   177  98.1  27  43.4   12    5    0    0    0
 18  6  82.2  61.7  71.3   1.2    32   220  95.6  29  50.2    4    5    0    0    0
 18  7  85.3  63.1  73.9  -0.4    20   297  94.0   3  55.2   28    7    0    0    0
 18  8  86.2  64.3  74.4   1.9     6   183  92.6   4  56.2    3    2    0    0    0
 18  9
 18 10
 18 11
 18 12
------------------------------------------------------------------------------------
        62.1  41.1  51.3  -0.7  4247   887  98.1 May -14.8  Jan   19   29   99   13

                                Precipitation (in)

              Dep.   Max        Days of Rain
              From   Obs.           >=
 YR MO Total  Norm   Day Date 0.01 0.10 1.00
---------------------------------------------
 18  1  1.62  0.00  0.71  22    11    5    0
 18  2  2.69  0.93  1.14  20    10    6    1
 18  3  2.20  0.08  0.74   1    10    6    0
 18  4  1.59 -1.85  0.51  14    14    5    0
 18  5  7.03  2.76  1.56  14    13    8    3
 18  6  3.43 -0.64  1.07  21    18    4    1
 18  7  1.88 -2.06  0.67  20    13    4    0
 18  8  1.92 -2.63  0.95   7     7    5    0
 18  9
 18 10
 18 11
 18 12
---------------------------------------------
       22.36 -3.41  1.56  May   96   43    5

                                Wind Speed (mph)
                          Dom
 YR MO   Avg.  Hi   Date  Dir
------------------------------
 18  1   4.0  31.3   26   WSW
 18  2   3.7  35.6   25   WNW
 18  3   3.8  37.7   24    NE
 18  4   3.7  36.7   14   NNE
 18  5   2.6  30.2    2     E
 18  6   2.6  28.0    3    NE
 18  7   1.9  24.8   21   WNW
 18  8   1.0  24.8    5    SW
 18  9
 18 10
 18 11
 18 12
------------------------------
         2.9  37.7  Mar     N