NOAA-Style Climate Reports


Report for 2017 November
                   Monthly Climatological Summary for Nov 2017

Name: Elburn   City: Elburn   State: IL
Elevation: 836 ft  Lat: N 41° 53' 08"   Lon: W 088° 28' 47"

                  Temperature (°F), Rain (in), Wind Speed (mph)

                                      Heat  Cool        Avg
    Mean                              Deg   Deg         Wind                 Dom
Day Temp  High   Time   Low    Time   Days  Days  Rain  Speed High   Time    Dir
----------------------------------------------------------------------------------
 1  37.7  42.7  12:51p  32.9  12:00a  27.3   0.0  0.19   2.4  16.0  12:12p    SE
 2  45.5  48.2  11:57a  41.6  12:00a  19.5   0.0  0.03   1.2  16.0  11:51p   NNW
 3  40.9  46.9   4:01p  36.1   5:38a  24.1   0.0  0.00   3.2  16.0  10:29a   NNE
 4  43.5  46.9  10:59p  39.2   1:01a  21.4   0.0  0.48   2.4  17.0   4:47a     E
 5  46.1  48.7   3:28p  38.2  11:58p  19.7   0.0  0.02   2.1  17.0   1:52p    NW
 6  35.8  40.8   2:41p  29.3   6:34a  29.1   0.0  0.01   2.6  23.0   1:06a   NNW
 7  36.1  44.6   2:04p  25.7  11:58p  28.9   0.0  0.00   2.1  17.0   8:51a     N
 8  32.9  45.7   2:11p  24.8   2:08a  32.1   0.0  0.00   0.1  11.0   1:44p   WNW
 9  32.5  45.3  10:14a  18.7  11:56p  32.4   0.0  0.00   3.2  23.0  11:21a    NW
10  22.4  29.6   1:04p  14.3   6:28a  42.6   0.0  0.00   2.5  13.0   7:29a   NNE
11  30.2  35.3   2:24p  24.0  12:00a  34.6   0.0  0.00   3.0  16.0   1:36a    SE
12  35.4  37.7  10:00a  34.0   5:27a  29.5   0.0  0.17   0.1   9.0   5:13p   NNW
13  33.6  38.5   2:20p  27.0   6:48a  31.4   0.0  0.00   0.0   5.0  11:24a    SW
14  39.1  46.7   9:55p  28.3   1:48a  25.8   0.0  0.01   2.3  22.0  10:11p   SSE
15  42.5  49.9   3:11p  32.1   8:57p  22.5   0.0  0.23   5.1  33.0   9:17p     W
16  33.4  36.6   2:25p  29.2   3:27a  31.6   0.0  0.00   3.3  18.0   9:12a    NW
17  37.6  45.8  11:52p  31.6   7:03a  27.3   0.0  0.16   5.1  22.0  11:18a    SE
18  38.0  45.8  12:00a  33.2  12:34p  26.9   0.0  0.42   5.8  28.0   2:07p    NW
19  29.7  34.7  12:00a  25.2   9:09p  35.2   0.0  0.00   5.9  24.0   3:58a   WNW
20  39.1  52.0   2:13p  25.8  12:00a  25.7   0.0  0.00   5.7  25.0  12:17p     S
21  34.6  41.6  12:29a  22.8  11:58p  30.3   0.0  0.03   4.2  25.0  11:19a   WNW
----------------------------------------------------------------------------------
    36.5  52.0    20    14.3    10   597.9   0.0  1.75   3.0  33.0    15      NW

Max >=  90.0:  0
Max <=  32.0:  1
Min <=  32.0: 13
Min <=   0.0:  0
Max Rain: 0.48 on day 4
Days of Rain: 11 (>= 0.01 in)  6 (>= 0.10 in)  0 (>= 1.00 in)
Heat Base: 65.0  Cool Base: 65.0  Method: Integration