NOAA-Style Climate Reports


Report for 2017 October
                   Monthly Climatological Summary for Oct 2017

Name: Elburn   City: Elburn   State: IL
Elevation: 836 ft  Lat: N 41° 53' 08"   Lon: W 088° 28' 47"

                  Temperature (°F), Rain (in), Wind Speed (mph)

                                      Heat  Cool        Avg
    Mean                              Deg   Deg         Wind                 Dom
Day Temp  High   Time   Low    Time   Days  Days  Rain  Speed High   Time    Dir
----------------------------------------------------------------------------------
 1  57.2  70.0   3:47p  44.2   7:04a   8.6   0.8  0.00   1.2  15.0  11:58a    SE
 2  69.5  83.2   1:05p  55.3  12:39a   2.2   6.7  0.00   1.6  16.0  12:11p    SE
 3  70.2  76.9   5:06p  64.2   5:00a   0.1   5.2  0.00   3.5  24.0   1:50p     S
 4  66.8  75.0   3:53p  56.4  11:58p   1.2   3.0  0.21   3.1  17.0   2:15a     W
 5  64.6  76.6   3:22p  52.4   2:19a   4.4   3.9  0.06   0.9   9.0  11:48a    SE
 6  62.8  67.2   4:12p  58.7   7:37a   2.5   0.3  0.37   2.2  17.0   6:51p   ESE
 7  64.8  74.9   1:52p  57.7  11:50p   1.9   1.7  0.33   5.4  28.0  12:09p   SSW
 8  62.4  76.7   4:42p  49.0   7:07a   5.8   3.3  0.00   1.7  17.0  12:07a   SSE
 9  63.5  79.3   3:44p  49.3   7:05a   5.9   4.4  0.00   1.1  17.0   8:14p   NNE
10  57.8  60.5   9:45a  54.6   6:29p   7.1   0.0  0.60   4.0  23.0   1:13p    NE
11  56.3  58.6   1:23a  54.6   5:55p   8.7   0.0  1.31   2.9  19.0   1:11a   NNE
12  55.8  57.7   3:06p  54.1   5:40a   9.2   0.0  0.02   0.5   9.0  11:35p    SE
13  61.1  71.3   4:16p  50.8   6:52a   5.2   1.3  0.00   1.5  16.0  10:55a   SSE
14  61.6  64.6  11:39p  59.8   8:09a   3.3   0.0  3.45   1.1  23.0   7:13p     E
15  54.0  65.4   3:53a  44.3  11:59p  11.0   0.0  0.12   6.3  26.0   7:57a   WNW
16  48.1  62.0   3:49p  36.6   7:27a  16.9   0.0  0.00   0.9  13.0   2:29p   WSW
17  53.9  69.3   3:13p  40.3   1:14a  11.7   0.7  0.00   2.6  25.0  12:12p   SSW
18  55.8  70.6   3:45p  41.5   7:06a  10.2   1.0  0.00   1.8  23.0   2:16p     S
19  55.8  69.2   3:57p  43.7   7:33a   9.9   0.8  0.00   0.1   7.0   2:49p   ESE
20  60.9  76.9   3:33p  46.2   4:59a   7.0   2.9  0.00   0.5  17.0   2:02p     S
21  65.2  76.2   2:58p  55.4   7:13a   3.1   3.3  0.00   2.7  24.0   1:30p   SSE
22  58.2  66.1   1:29a  49.8  11:51p   6.9   0.1  0.51   3.8  34.0   2:26p    SW
23  50.3  53.5   3:09p  48.2  11:58p  14.7   0.0  0.23   2.7  16.0   9:51p    NW
24  43.6  48.2  12:00a  39.5  11:57p  21.3   0.0  0.70   5.3  21.0   6:29p   WNW
25  41.1  51.4   3:32p  35.1   3:14a  23.9   0.0  0.00   1.4  14.0   6:04a     W
26  47.2  59.3   3:45p  34.3   4:04a  17.6   0.0  0.00   2.8  21.0   3:27p    SE
27  38.9  50.6  12:00a  35.7  10:45p  26.1   0.0  0.00   4.2  25.0   3:08a   WSW
28  36.7  39.1   1:12p  34.8   7:12a  28.3   0.0  0.01   1.6  20.0   1:09a     W
29  39.1  47.0   3:29p  31.8   8:05a  25.6   0.0  0.00   0.5  12.0  12:30p   SSW
30  41.8  48.9  12:13p  35.8  11:59p  23.1   0.0  0.00   4.0  24.0   1:14p     W
31  35.0  40.6   2:49p  31.9   9:55p  30.0   0.0  0.00   3.4  20.0  12:17a     W
----------------------------------------------------------------------------------
    54.8  83.2     2    31.8    29   353.4  39.4  7.92   2.4  34.0    22      SW

Max >=  90.0:  0
Max <=  32.0:  0
Min <=  32.0:  2
Min <=   0.0:  0
Max Rain: 3.45 on day 14
Days of Rain: 13 (>= 0.01 in)  10 (>= 0.10 in)  2 (>= 1.00 in)
Heat Base: 65.0  Cool Base: 65.0  Method: Integration