NOAA-Style Climate Reports


Report for 2017 September
                   Monthly Climatological Summary for Sep 2017

Name: Elburn   City: Elburn   State: IL
Elevation: 836 ft  Lat: N 41° 53' 08"   Lon: W 088° 28' 47"

                  Temperature (°F), Rain (in), Wind Speed (mph)

                                      Heat  Cool        Avg
    Mean                              Deg   Deg         Wind                 Dom
Day Temp  High   Time   Low    Time   Days  Days  Rain  Speed High   Time    Dir
----------------------------------------------------------------------------------
 1  59.9  69.5   1:20p  50.9  11:52p   6.0   1.0  0.00   0.9  16.0  10:16a    NE
 2  59.6  72.8   1:55p  43.1   6:54a   7.7   2.3  0.12  ----  12.0   1:37p    SW
 3  67.6  82.1   1:00p  53.3   3:38a   3.5   6.1  0.01  ----  12.0   9:41a   WNW
 4  67.0  80.7  11:47a  55.4  11:56p   2.4   4.3  0.00  ----  20.0   8:21a     W
 5  58.3  69.0  12:29p  49.4  11:16p   7.3   0.5  0.00  ----  20.0  12:16p    NW
 6  54.8  65.4   3:13p  45.2   6:57a  10.1   0.0  0.00  ----  16.0   9:34a    NW
 7  58.4  70.7   1:01p  47.5   6:48a   7.8   1.2  0.00  ----  17.0   2:58p   WNW
 8  60.3  73.6  12:56p  51.2   1:57a   6.2   1.6  0.00  ----  16.0   5:07p    NE
 9  62.5  72.1  12:48p  54.5   6:26a   4.6   2.0  0.00  ----  15.0   9:51a     E
10  59.4  71.2   4:16p  44.9   6:43a   7.3   1.8  0.00  ----   9.0  12:01p     E
11  61.5  74.5  12:30p  47.2   6:48a   6.4   2.9  0.00  ----   8.0  12:18p     E
12  63.9  77.8   2:18p  50.2   6:44a   5.0   3.9  0.00  ----  10.0  10:38a    NE
13  66.0  77.8   3:25p  56.0   6:54a   2.6   3.6  0.00  ----   0.0  12:00a   ---
14  66.6  79.2   4:37p  57.7   3:09a   2.5   4.1  0.00  ----  10.0   2:41p     S
15  71.8  85.6   4:21p  58.2   6:44a   1.8   8.6  0.00  ----  14.0   1:11p   SSE
16  73.8  86.2   3:20p  60.1   6:48a   0.6   9.4  0.00  ----  15.0  12:57p     S
17  71.1  85.1  12:55p  57.8  11:54p   0.6   6.6  0.00  ----  15.0   2:19p    NW
18  66.2  79.9   3:44p  52.8   5:24a   3.5   4.7  0.00  ----  12.0   3:08p   ENE
19  69.2  81.7   2:52p  61.7   3:00a   1.0   5.2  0.16  ----  11.0  11:21a   ENE
20  75.9  90.1   3:05p  61.8   1:46a   0.8  11.7  0.00  ----  19.0   4:13p   SSE
21  79.6  91.5  12:40p  69.0   7:13a   0.0  14.6  0.00  ----  15.0   1:06p   SSE
22  79.8  92.3  12:48p  67.1   7:14a   0.0  14.7  0.00  ----  14.0   1:05p     S
23  79.5  93.1  12:50p  66.9   6:55a   0.0  14.5  0.00  ----  11.0   3:01p    SE
24  78.0  89.7   4:44p  65.8   7:13a   0.0  12.9  0.00  ----  14.0   2:26p   SSE
25  76.9  90.9   1:15p  62.5   7:07a   0.2  12.1  0.00  ----   9.0   1:05p   SSE
26  75.7  89.7   2:54p  64.7   7:09a   0.0  10.7  0.03  ----  19.0   2:11p    SW
27  63.2  71.3  12:24p  50.7  11:59p   3.4   1.5  0.00  ----  16.0   1:28a    NW
28  58.1  72.1   4:38p  44.9   6:54a   8.6   1.7  0.00  ----  14.0   2:25p    NW
29  60.4  69.3  12:25p  51.2  11:58p   5.4   0.9  0.00  ----  18.0  10:38a    NW
30  57.0  68.4  12:14p  45.9   7:18a   8.8   0.8  0.00  ----  13.0   4:10p     E
----------------------------------------------------------------------------------
    66.7  93.1    23    43.1     2   114.1 165.9  0.32   0.9  20.0     4      NE

Max >=  90.0:  5
Max <=  32.0:  0
Min <=  32.0:  0
Min <=   0.0:  0
Max Rain: 0.16 on day 19
Days of Rain: 4 (>= 0.01 in)  2 (>= 0.10 in)  0 (>= 1.00 in)
Heat Base: 65.0  Cool Base: 65.0  Method: Integration