NOAA-Style Climate Reports


Report for 2017 August
                   Monthly Climatological Summary for Aug 2017

Name: Elburn   City: Elburn   State: IL
Elevation: 836 ft  Lat: N 41° 53' 08"   Lon: W 088° 28' 47"

                  Temperature (°F), Rain (in), Wind Speed (mph)

                                      Heat  Cool        Avg
    Mean                              Deg   Deg         Wind                 Dom
Day Temp  High   Time   Low    Time   Days  Days  Rain  Speed High   Time    Dir
----------------------------------------------------------------------------------
 1  74.6  87.6   4:37p  63.5   6:43a   0.2   9.8  0.00   0.7   9.0   4:49p   WSW
 2  74.3  87.0   2:26p  61.9   6:14a   0.3   9.6  0.00   0.8   9.0  10:48a   SSW
 3  73.7  84.9   4:21p  60.4  11:58p   0.1   8.8  0.08   2.4  21.0   8:32p   SSW
 4  59.6  67.5   4:41p  54.6   5:28a   5.6   0.2  0.01   4.5  24.0   1:05p   WNW
 5  67.3  80.7   1:33p  53.7   6:21a   3.5   5.8  0.00   1.6  14.0   3:48p   WSW
 6  67.8  77.8   4:43p  59.0  11:57p   1.7   4.5  0.00   1.3  12.0  12:08p   SSE
 7  66.5  77.9   4:45p  54.1  11:57p   2.9   4.4  0.00   1.8  14.0   5:02p     N
 8  68.0  84.0   4:45p  51.3   3:55a   4.2   7.2  0.00   2.1  12.0   9:03a   WNW
 9  69.8  83.6   4:52p  56.3   6:14a   2.4   7.1  0.00   1.2  11.0  12:42p   SSW
10  71.0  84.1   2:56p  58.2   4:49a   1.7   7.7  0.00   2.3  18.0   3:34p   SSW
11  68.3  77.2  12:58p  59.4  11:55p   0.7   4.0  0.00   2.9  16.0   3:45p    NW
12  64.9  76.5   5:05p  54.7   6:34a   3.3   3.3  0.00   2.0  15.0   9:11a   NNW
13  66.4  78.0   1:57p  52.0   5:43a   3.7   5.1  0.00   0.5   9.0   3:04p   WSW
14  70.6  82.2   3:37p  56.9   6:41a   1.6   7.3  0.00   1.1  12.0   3:54p     S
15  73.4  86.6   3:11p  62.5   6:39a   0.2   8.6  0.00   1.5  10.0   6:24p   NNE
16  74.4  88.4  12:58p  64.2   2:06a   0.1   9.5  0.04   2.6  27.0  10:06p   ESE
17  74.2  81.5   4:47p  70.0   6:06a   0.0   9.2  0.01   6.1  23.0   2:01p    SW
18  72.0  81.9   4:48p  63.2   6:17a   0.2   7.1  0.00   2.5  14.0  12:53p   WNW
19  70.8  83.6   4:56p  58.6   6:48a   1.3   7.1  0.00   0.2   8.0  12:26p    NW
20  72.6  86.3  12:07p  59.1   6:12a   1.5   9.0  0.00   0.7  12.0  10:18p   SSE
21  73.5  81.6   5:01p  67.9   6:03a   0.0   8.4  0.00   1.5  18.0  10:37p   SSW
22  70.4  78.3   3:16p  58.3  11:57p   0.6   6.0  0.01   3.5  23.0  12:14p   WNW
23  65.1  77.2  12:05p  53.6   6:14a   3.9   4.0  0.00   2.3  15.0   1:56p    NW
24  62.9  74.5  12:58p  54.0   5:53a   4.6   2.5  0.00   1.6  15.0   2:18p     N
25  62.6  75.4   5:07p  47.7   6:22a   5.7   3.3  0.00   0.4   9.0  10:23a     E
26  65.8  77.5  12:40p  53.8   4:35a   3.2   4.0  0.00   0.4  11.0   1:14p    SE
27  66.1  74.5   2:15p  59.4   6:18a   1.4   2.5  0.07   1.4  13.0   2:04p    SE
28  68.3  79.6   2:10p  60.4  11:55p   1.0   4.3  0.05   0.6  16.0   6:05p   WNW
29  67.1  78.4   1:03p  57.5   6:46a   2.1   4.2  0.00   0.8  11.0   1:45p   NNW
30  68.2  80.8   5:07p  56.0   6:54a   2.6   5.7  0.00   0.8  16.0  11:59p    NW
31  65.1  73.0  11:42a  57.4  11:42p   1.9   2.0  0.00   3.5  20.0   9:39a   NNE
----------------------------------------------------------------------------------
    68.9  88.4    16    47.7    25    62.2 182.2  0.27   1.8  27.0    16       W

Max >=  90.0:  0
Max <=  32.0:  0
Min <=  32.0:  0
Min <=   0.0:  0
Max Rain: 0.08 on day 3
Days of Rain: 7 (>= 0.01 in)  0 (>= 0.10 in)  0 (>= 1.00 in)
Heat Base: 65.0  Cool Base: 65.0  Method: Integration