NOAA-Style Climate Reports


Report for 2017 July
                   Monthly Climatological Summary for Jul 2017

Name: Elburn   City: Elburn   State: IL
Elevation: 836 ft  Lat: N 41° 53' 08"   Lon: W 088° 28' 47"

                  Temperature (°F), Rain (in), Wind Speed (mph)

                                      Heat  Cool        Avg
    Mean                              Deg   Deg         Wind                 Dom
Day Temp  High   Time   Low    Time   Days  Days  Rain  Speed High   Time    Dir
----------------------------------------------------------------------------------
 1  72.5  83.0   2:46p  62.8   5:59a   0.4   7.9  0.00   2.8  18.0   1:35p     W
 2  72.8  87.5   2:23p  55.5   5:34a   2.1   9.9  0.00   2.3  19.0   2:48p   WSW
 3  72.2  81.6  12:45p  64.9  11:57p   0.0   7.2  0.00   2.0  12.0   8:27p   ENE
 4  73.7  83.7   1:44p  63.5   5:35a   0.3   9.0  0.00   2.3  10.0   5:33p   ENE
 5  75.4  86.8   4:01p  66.0   3:52a   0.0  10.4  0.00   1.9  14.0   5:53p    SE
 6  78.6  90.7   3:27p  65.9   5:16a   0.0  13.6  0.00   1.9  15.0   5:37p     W
 7  77.6  86.3   2:45p  66.3  11:59p   0.0  12.6  0.00   3.7  21.0   2:28p    NW
 8  69.9  83.9   4:45p  59.0   5:46a   1.5   6.5  0.00   1.6  13.0   1:33p   NNW
 9  73.1  87.3   4:16p  54.8   5:53a   2.4  10.5  0.00   2.1  15.0  12:38p     S
10  74.1  82.8   6:00p  65.9   6:28a   0.0   9.1  0.00   1.8  22.0   5:10a    SW
11  76.4  85.7   1:17p  67.7   6:00a   0.0  11.4  0.00   1.6  14.0   4:11p     S
12  74.4  79.4   7:07p  68.7  10:33a   0.0   9.3  0.00   1.7  26.0   9:48a   SSE
13  75.3  83.2   3:13p  67.8  11:57p   0.0  10.2  0.00   2.9  16.0  12:23a   WNW
14  65.7  69.8   1:28p  60.5   6:20a   0.0   0.7  0.00   3.5  14.0  11:57a    NW
16  65.7  69.8   1:27p  60.5   6:19a   0.8   1.5  0.00  ----  14.0  11:56a    NW
17  75.7  84.8   4:45p  55.0   4:16a   0.0   5.2  0.00   1.0  11.0   1:00p   NNE
18  74.2  90.6   4:16p  56.7   5:48a   1.7  10.9  0.00   1.3  10.0   4:07p    SW
19  78.1  92.8   4:49p  66.0   5:50a   0.0  13.0  0.00   2.0  30.0   9:08p    NW
20  76.5  87.5   1:58p  67.2   7:33a   0.0  11.5  0.00   2.1  20.0   5:14a   WSW
21  77.4  89.7   4:19p  69.9   6:00a   0.0  12.4  0.53   2.2  18.0   9:40p    SE
22  76.6  88.5   4:53p  67.7   7:43a   0.0  11.6  0.57   2.4  20.0   2:23a   WSW
23  76.0  90.8  12:32p  66.7   9:56p   0.0  11.0  0.25   1.6  22.0   4:32p   WNW
24  68.8  77.6   4:31p  61.0  11:59p   0.3   4.1  0.00   2.4  15.0  12:06p    NE
25  70.7  84.2   4:25p  58.7   3:56a   1.7   7.4  0.00   2.1  15.0  10:21a    SE
26  74.3  85.3   2:14p  63.1   5:45a   0.2   9.5  0.14   1.2  12.0  11:42a     S
27  74.8  83.3   4:10p  65.6  11:58p   0.0   9.8  0.14   2.3  16.0   4:27p   NNE
28  71.4  80.0   1:13p  63.5   1:37a   0.1   6.5  0.00   3.1  16.0  11:52a   NNE
29  71.0  76.7  12:02p  60.9   6:21a   0.8   6.8  0.01   3.6  17.0  11:17a    NE
30  72.7  85.7   4:26p  56.7   6:01a   1.8   9.4  0.00   1.3  10.0  11:15a     N
31  73.5  86.7   4:40p  60.4   6:38a   0.7   9.3  0.00   0.4  10.0   2:51p    SW
----------------------------------------------------------------------------------
    73.6  92.8    19    54.8     9    14.8 268.2  1.64   2.1  30.0    19     WNW

Max >=  90.0:  4
Max <=  32.0:  0
Min <=  32.0:  0
Min <=   0.0:  0
Max Rain: 0.57 on day 22
Days of Rain: 6 (>= 0.01 in)  5 (>= 0.10 in)  0 (>= 1.00 in)
Heat Base: 65.0  Cool Base: 65.0  Method: Integration