NOAA-Style Climate Reports


Report for 2017 May
                   Monthly Climatological Summary for May 2017

Name: Elburn   City: Elburn   State: IL
Elevation: 836 ft  Lat: N 41° 53' 08"   Lon: W 088° 28' 47"

                  Temperature (°F), Rain (in), Wind Speed (mph)

                                      Heat  Cool        Avg
    Mean                              Deg   Deg         Wind                 Dom
Day Temp  High   Time   Low    Time   Days  Days  Rain  Speed High   Time    Dir
----------------------------------------------------------------------------------
 1  48.4  54.9   9:22a  42.5  11:53p  16.6   0.0  0.24   6.2  28.0   8:19p    SW
 2  43.9  50.7   2:57p  37.0  11:57p  21.1   0.0  0.04   6.1  25.0  12:25a     W
 3  47.3  59.1   1:43p  32.7   6:19a  17.7   0.0  0.00   1.7  11.0   2:56p     E
 4  49.2  58.7   3:16p  43.2   3:45a  15.8   0.0  0.00   3.6  19.0   2:21p    NE
 5  52.4  65.6   4:00p  40.3   6:09a  12.6   0.0  0.01   5.0  21.0  12:10p   NNW
 6  51.3  62.6   3:00p  41.7   6:39a  13.7   0.0  0.38   3.9  20.0   1:11p   NNW
 7  48.4  63.1   3:01p  31.7   6:10a  16.6   0.0  0.00   3.3  18.0  12:07p   NNW
 8  48.5  65.0   3:30p  34.6   4:52a  16.5   0.0  0.00   2.6  13.0   7:46p     E
 9  49.5  62.0   3:45p  38.0   4:04a  15.5   0.0  0.78   2.7  13.0   1:12a     E
10  56.0  69.9  11:22a  45.4   5:35a   9.5   0.5  1.39   2.4  17.0   7:38p   ENE
11  56.7  68.4   4:33p  48.0  11:54p   8.7   0.4  0.00   2.4  15.0  12:41p    NE
12  59.7  75.5   4:29p  43.5   5:46a   7.9   2.6  0.00   1.9  12.0   4:32p   NNE
13  63.5  83.6   4:14p  44.4   5:26a   6.6   5.1  0.00   2.8  20.0   1:11p     W
14  64.1  83.6   3:08p  52.0   4:09a   5.5   4.6  0.00   3.0  19.0   5:18p    NE
15  68.2  85.6   4:35p  49.0   4:11a   5.0   8.2  0.00   3.0  18.0  11:17p   ESE
16  74.6  87.7   3:40p  60.9   4:25a   0.7  10.3  0.00   4.5  24.0   1:31p     S
17  75.2  83.2   4:11p  61.6  11:30p   0.1  10.3  0.57   6.5  34.0  11:05p     S
18  68.4  78.1   4:40p  50.1  11:57p   1.1   4.5  0.00   6.0  25.0  10:44a   WSW
19  44.6  50.1  12:00a  41.7   9:48a  20.4   0.0  0.11   4.9  23.0  10:22a    NE
20  53.1  63.6   6:15p  46.1   3:29a  11.9   0.0  0.30   3.6  18.0   4:18a     E
21  55.7  62.0   3:36a  49.0  10:54p   9.3   0.0  0.03   4.2  22.0  10:42a   WSW
22  58.1  73.0   2:16p  43.9   5:50a   8.1   1.1  0.00   4.2  24.0   6:07p    SW
23  56.8  60.4   1:31p  53.0  11:25p   8.2   0.0  0.05   1.5  11.0   8:02a   SSW
24  56.7  61.4   3:24p  52.4   6:27a   8.3   0.0  0.02   3.1  18.0   4:44p     N
25  59.6  70.7   5:01p  52.6   4:03a   6.1   0.7  0.00   4.3  16.0   7:00a    NW
26  60.1  72.8   1:56p  51.9   6:07a   6.3   1.4  0.01   2.6  15.0  11:20a     E
27  66.3  81.9   4:16p  52.4   4:22a   3.8   5.1  0.01   1.5   9.0  12:25a     E
28  66.2  78.7   4:35p  56.2   5:35a   2.5   3.8  0.00   2.7  19.0   3:26p   WNW
29  65.6  76.2   2:41p  52.5   5:15a   3.4   4.1  0.00   4.0  25.0   1:30p     W
30  62.4  74.3   5:03p  49.4   5:24a   4.9   2.2  0.00   3.6  21.0  10:20a     W
31  63.2  75.8   4:18p  49.1   6:30a   4.6   2.9  0.00   4.4  23.0   2:21p   WNW
----------------------------------------------------------------------------------
    57.9  87.7    16    31.7     7   289.0  67.8  3.94   3.6  34.0    17     WNW

Max >=  90.0:  0
Max <=  32.0:  0
Min <=  32.0:  1
Min <=   0.0:  0
Max Rain: 1.39 on day 10
Days of Rain: 14 (>= 0.01 in)  7 (>= 0.10 in)  1 (>= 1.00 in)
Heat Base: 65.0  Cool Base: 65.0  Method: Integration