NOAA-Style Climate Reports


Report for 2017 March
                   Monthly Climatological Summary for Mar 2017

Name: Elburn   City: Elburn   State: IL
Elevation: 836 ft  Lat: N 41° 53' 08"   Lon: W 088° 28' 47"

                  Temperature (°F), Rain (in), Wind Speed (mph)

                                      Heat  Cool        Avg
    Mean                              Deg   Deg         Wind                 Dom
Day Temp  High   Time   Low    Time   Days  Days  Rain  Speed High   Time    Dir
----------------------------------------------------------------------------------
 1  38.7  51.5  12:00a  29.2  11:54p  26.3   0.0  0.00   6.9  31.0   4:26p   WNW
 2  29.6  34.1  10:22a  24.3  11:59p  35.4   0.0  0.02   4.8  18.0   1:24p    NW
 3  26.9  35.2   4:06p  18.0   6:47a  38.1   0.0  0.00   4.0  20.0   2:17a   WNW
 4  33.6  42.9   3:50p  26.6   6:59a  31.4   0.0  0.04   6.3  23.0  11:26a   ESE
 5  44.2  57.1   4:12p  31.0  12:00a  20.8   0.0  0.00   5.8  22.0   5:16p   SSE
 6  54.5  63.3  11:54p  48.8   6:20a  10.5   0.0  0.00   8.4  30.0   8:14p   SSE
 7  46.6  63.7  12:30a  39.0  10:54p  18.4   0.0  0.08   8.4  34.0  10:21a   WSW
 8  41.8  50.5   2:33p  33.3  11:01p  23.2   0.0  0.00   9.3  39.0  12:02p     W
 9  35.4  43.7   1:44p  25.5   6:11a  29.6   0.0  0.00   2.7  16.0  11:02p     N
10  26.3  33.7  12:00a  20.7   9:58p  38.7   0.0  0.00   7.3  23.0   6:52a    NW
11  23.0  30.4   3:21p  16.0   6:02a  42.0   0.0  0.00   4.0  16.0   9:11a   NNW
12  26.5  35.6   3:19p  13.9   5:22a  36.9   0.0  0.00   2.0  12.0   9:23p   ESE
13  28.1  33.6  11:09a  24.0  11:59p  36.9   0.0  0.04   3.6  16.0   6:00p   ENE
14  22.0  29.3   4:32p  14.8  11:54p  42.7   0.0  0.00   5.6  21.0   3:22p   NNW
15  23.4  33.5   3:26p  13.8   7:12a  41.6   0.0  0.01   4.6  17.0  11:11a    NW
16  30.7  44.6   4:23p  14.3   7:35a  34.3   0.0  0.01   1.7  11.0  10:31a    SW
17  40.2  54.0   5:55p  33.7   7:27a  24.7   0.0  0.02   4.4  27.0   8:26p    SW
18  38.8  42.8   2:18p  35.3  11:18p  26.2   0.0  0.00   5.8  23.0  12:35a    NW
19  40.9  53.0   4:07p  26.6   5:18a  24.1   0.0  0.00   3.2  20.0  11:05p    SE
20  47.3  55.5   4:16p  40.5  11:56p  17.7   0.0  0.10   3.0  17.0   4:22p     E
21  41.9  51.6   4:19p  31.0  11:58p  23.1   0.0  0.00   4.9  21.0   5:49p   NNW
22  31.9  40.3   2:35p  24.6   7:12a  33.1   0.0  0.00   4.5  18.0  12:23a   ENE
23  39.3  48.5   3:54p  27.0  12:00a  25.7   0.0  0.01   5.6  22.0   2:59p    SE
24  56.8  79.7   2:05p  41.7  11:30p  11.7   3.5  0.00   5.8  28.0  12:49p   SSW
25  41.9  45.7  11:56p  39.9   6:21a  23.1   0.0  0.00   5.8  23.0  11:17a   ENE
26  51.2  58.6   2:18p  45.7  12:00a  13.7   0.0  0.00   3.6  15.0   1:02p     S
27  47.5  50.4  12:10a  41.5  11:56p  17.5   0.0  0.00   2.0  12.0  12:33a    NE
28  43.5  52.2   4:28p  39.3   9:32p  21.5   0.0  0.00   3.0  13.0   4:29a    NE
29  41.8  49.2  11:38a  35.3   7:18a  23.2   0.0  0.00   5.4  22.0  11:37p   ENE
30  40.9  43.6   4:28p  37.9  11:43p  24.0   0.0  0.00   7.1  27.0  12:56a   ENE
31  37.9  41.3   4:37p  34.5  11:59p  27.1   0.0  0.00   4.8  20.0   8:37a     N
----------------------------------------------------------------------------------
    37.8  79.7    24    13.8    15   843.2   3.5  0.33   5.0  39.0     8     NNW

Max >=  90.0:  0
Max <=  32.0:  2
Min <=  32.0: 17
Min <=   0.0:  0
Max Rain: 0.10 on day 20
Days of Rain: 9 (>= 0.01 in)  1 (>= 0.10 in)  0 (>= 1.00 in)
Heat Base: 65.0  Cool Base: 65.0  Method: Integration