NOAA-Style Climate Reports


Report for 2017 February
                   Monthly Climatological Summary for Feb 2017

Name: Elburn   City: Elburn   State: IL
Elevation: 836 ft  Lat: N 41° 53' 08"   Lon: W 088° 28' 47"

                  Temperature (°F), Rain (in), Wind Speed (mph)

                                      Heat  Cool        Avg
    Mean                              Deg   Deg         Wind                 Dom
Day Temp  High   Time   Low    Time   Days  Days  Rain  Speed High   Time    Dir
----------------------------------------------------------------------------------
 1  30.8  36.8   1:37p  18.6  11:59p  34.2   0.0  0.00   5.8  24.0   7:35p   WNW
 2  17.2  23.3   3:07p  13.0   6:37a  47.8   0.0  0.00   6.1  21.0   1:09a   WNW
 3  18.6  28.3   2:51p  10.6  11:53p  46.4   0.0  0.00   4.3  20.0   1:12p   WNW
 4  22.3  31.7   2:32p   8.0   5:56a  42.7   0.0  0.00   3.9  21.0   6:55p     S
 5  29.4  38.7  11:55a  22.0  11:51p  35.6   0.0  0.00   3.5  18.0  11:01a   WNW
 6  36.9  53.7   3:04p  21.5   1:09a  28.1   0.0  0.00   2.6  15.0   4:25p    SE
 7  40.1  46.8  11:14a  30.5  11:54p  24.9   0.0  0.33   4.6  25.0   8:11p   WNW
 8  25.5  30.5  12:00a  16.8  11:59p  39.5   0.0  0.00   5.2  20.0  12:41a   NNW
 9  17.8  24.7   3:17p  11.9   7:04a  47.2   0.0  0.00   6.1  23.0  12:05a   WNW
10  29.2  39.9   3:45p  17.4  12:20a  35.8   0.0  0.00   4.9  23.0  10:10a     S
11  40.0  51.2  12:58p  32.2   3:27a  25.0   0.0  0.00   2.0  16.0   8:29p    NE
12  36.8  46.5  12:06p  28.8  11:44p  28.2   0.0  0.00   6.4  33.0   1:00p   WNW
13  33.2  43.2   2:52p  21.8   7:23a  31.8   0.0  0.00   4.0  18.0  11:52a   WSW
14  37.8  48.5   2:52p  30.9   7:19a  27.2   0.0  0.00   5.8  23.0   9:29p     W
15  31.2  38.4   2:58p  24.5   6:47a  33.8   0.0  0.00   6.0  20.0   9:40a    NW
16  35.6  43.4   2:36p  29.7   6:39a  29.4   0.0  0.00   3.6  20.0   3:09p   ESE
17  45.1  65.2   3:32p  27.7   5:58a  19.9   0.0  0.00   2.5  17.0   1:43p   SSW
18  48.3  68.6   3:10p  34.4   7:07a  17.0   0.3  0.00   2.0  12.0   4:04a     W
19  49.2  67.4   3:16p  31.5   5:04a  16.0   0.2  0.00   1.0  10.0   2:38p    SE
20  55.0  68.2   2:07p  43.8   7:05a  10.3   0.3  0.00   4.3  22.0   1:59p    SE
21  55.2  64.4   2:03p  47.4  11:54p   9.8   0.0  0.02   1.3  11.0   1:44p   SSW
22  55.7  67.2   4:26p  46.0   1:58a   9.5   0.1  0.00   3.8  18.0  10:46a   SSW
23  42.5  51.6  12:00a  35.7   7:52p  22.5   0.0  0.02   4.6  23.0  11:34p    NE
24  36.8  39.5   2:20p  29.2  11:54p  28.2   0.0  0.00   4.7  21.0  12:29a   NNE
25  24.4  29.2  12:00a  20.4   7:00a  40.6   0.0  0.00   6.6  26.0   8:28a   WNW
26  34.0  47.0   3:11p  22.3   1:58a  31.0   0.0  0.00   5.6  29.0  12:22p    SW
27  40.3  53.6   3:04p  24.7   7:10a  24.7   0.0  0.00   2.4  17.0  12:04p   SSE
28  51.4  58.0   2:46p  44.8  12:00a  13.6   0.0  0.32   4.5  23.0   6:32a   SSE
----------------------------------------------------------------------------------
    36.4  68.6    18     8.0     4   800.7   0.9  0.69   4.2  33.0    12       W

Max >=  90.0:  0
Max <=  32.0:  6
Min <=  32.0: 21
Min <=   0.0:  0
Max Rain: 0.33 on day 7
Days of Rain: 4 (>= 0.01 in)  2 (>= 0.10 in)  0 (>= 1.00 in)
Heat Base: 65.0  Cool Base: 65.0  Method: Integration