NOAA-Style Climate Reports


Report for 2017 January
                   Monthly Climatological Summary for Jan 2017

Name: Elburn   City: Elburn   State: IL
Elevation: 836 ft  Lat: N 41° 53' 08"   Lon: W 088° 28' 47"

                  Temperature (°F), Rain (in), Wind Speed (mph)

                                      Heat  Cool        Avg
    Mean                              Deg   Deg         Wind                 Dom
Day Temp  High   Time   Low    Time   Days  Days  Rain  Speed High   Time    Dir
----------------------------------------------------------------------------------
 1  26.2  37.3   2:40p  14.8   6:00a  38.8   0.0  0.00   1.5  12.0  11:55a    SE
 2  34.8  38.7   2:44p  28.4   2:28a  30.2   0.0  0.01   3.2  12.0   9:58a   ENE
 3  33.2  38.0  12:10a  15.2  11:58p  31.8   0.0  0.00   5.1  27.0  11:37p    NW
 4  11.4  17.1   1:23p   6.9  11:55p  53.6   0.0  0.00   7.6  29.0   1:32a   WNW
 5   7.7  12.7   2:51p   2.4  11:53p  57.3   0.0  0.00   5.8  19.0   3:13a   WNW
 6   2.2   8.1   2:34p  -1.2   4:53a  62.8   0.0  0.00   3.7  15.0  11:04a   WNW
 7   7.5  18.1  12:55p  -2.1   1:43a  57.5   0.0  0.00   4.5  21.0   1:22p   WNW
 8   9.4  17.2   1:51p  -1.8   7:55a  55.6   0.0  0.00   3.8  20.0   8:31p     S
 9  24.0  31.5  11:53p  16.9  12:00a  41.0   0.0  0.00   4.7  17.0  12:48a   SSE
10  35.3  48.7   2:10p  24.2  11:50p  29.7   0.0  0.19   9.6  39.0   3:45p   SSW
11  31.2  39.5   3:01p  24.2  12:00a  33.6   0.0  0.23   3.8  18.0   8:47a    SE
12  22.6  28.0  12:00a  17.8  11:54p  42.4   0.0  0.00   4.6  18.0   3:33p    NW
13  19.3  23.4   2:03p  14.6   7:29a  45.7   0.0  0.00   3.6  16.0  12:05a   NNE
14  26.9  33.0  12:58p  20.2  11:57p  38.1   0.0  0.01   1.7  12.0   1:52p   NNW
15  25.5  34.3   1:36p  15.8   5:00a  39.5   0.0  0.00   0.8   6.0   2:52p   SSE
16  33.3  36.5  10:46p  29.9  12:00a  31.7   0.0  0.88   2.8  13.0   6:28p     E
17  35.2  38.1   1:59a  33.2  11:17p  29.8   0.0  0.39   3.4  16.0   3:40p     W
18  33.0  34.8   3:36p  29.7  10:36p  32.0   0.0  0.00   3.5  17.0  11:20a    SW
19  35.3  39.6   1:47p  30.2  12:00a  29.7   0.0  0.19   1.9  14.0   8:35p   ESE
20  39.3  44.0  11:53p  37.1   7:05a  25.7   0.0  0.05   2.4  14.0   4:04a     E
21  47.0  56.6   1:06p  40.3  11:49p  18.0   0.0  0.00   3.2  18.0  12:56p     S
22  35.8  40.3  12:00a  29.8   7:12a  29.2   0.0  0.01   2.0  14.0   3:17p   NNW
23  37.4  40.8   1:52p  35.5   7:39a  27.6   0.0  0.00   3.7  14.0   4:46a    NW
24  35.1  35.9  12:09a  34.3   7:27a  29.9   0.0  0.00   2.7  17.0   7:36p     N
25  35.3  38.7  10:35a  32.5   9:37p  29.7   0.0  0.13   5.3  21.0   3:44p    SW
26  30.7  32.6  12:00a  28.3  11:56p  34.3   0.0  0.02   5.6  19.0   1:39a   WNW
27  25.5  28.3  12:00a  23.2  10:54a  39.5   0.0  0.00   6.0  21.0   3:13p     W
28  26.1  27.6   9:08a  23.6  12:00a  38.9   0.0  0.00   5.0  20.0   1:03a   WNW
29  24.7  27.0  11:21a  20.7  11:58p  40.3   0.0  0.00   4.8  17.0   2:08p    NW
30  23.1  37.3  11:48p   9.6   7:27a  41.9   0.0  0.00   3.6  22.0   4:18p     S
31  36.5  40.4  11:11a  33.2  11:33p  28.5   0.0  0.00   6.6  26.0  10:14a     W
----------------------------------------------------------------------------------
    27.4  56.6    21    -2.1     7  1164.3   0.0  2.11   4.1  39.0    10       W

Max >=  90.0:  0
Max <=  32.0: 11
Min <=  32.0: 24
Min <=   0.0:  3
Max Rain: 0.88 on day 16
Days of Rain: 11 (>= 0.01 in)  6 (>= 0.10 in)  0 (>= 1.00 in)
Heat Base: 65.0  Cool Base: 65.0  Method: Integration