NOAA-Style Climate Reports


Report for 2017
                   Annual Climatological Summary for 2017

Name: Elburn   City: Elburn   State: IL
Elevation: 836 ft  Lat: N 41° 53' 08"   Lon: W 088° 28' 47"

                  Temperature (°F), Heat Base: 65.0  Cool Base: 65.0
                          Dep.  Heat  Cool                       Max  Max  Min  Min
        Mean  Mean        From  Deg   Deg                        >=   <=   <=   <=
 YR MO  Max   Min   Mean  Norm  Days  Days  Hi  Date  Low  Date 90.0 32.0 32.0   0.0
------------------------------------------------------------------------------------
 17  1  33.0  21.5  27.4   4.3  1164     0  56.6  21  -2.1    7    0   11   24    3
 17  2  46.6  26.6  36.4   8.9   800     0  68.6  18   8.0    4    0    6   21    0
 17  3  46.7  29.9  37.8  -0.4   843     3  79.7  24  13.8   15    0    2   17    0
 17  4  64.3  41.5  52.7   2.5   396    28  80.4  15  32.1    7    0    0    0    0
 17  5  69.6  46.7  57.9  -2.6   288    67  87.7  16  31.7    7    0    0    1    0
 17  6  84.2  59.0  71.2   1.1    58   245  95.0  12  47.2   27    8    0    0    0
 17  7  84.2  63.0  73.6  -0.7    14   268  92.8  19  54.8    9    4    0    0    0
 17  8  80.3  58.1  68.9  -3.6    62   182  88.4  16  47.7   25    0    0    0    0
 17  9  79.1  54.9  66.7   1.8   114   165  93.1  23  43.1    2    5    0    0    0
 17 10  64.1  46.6  54.8   2.2   353    39  83.2   2  31.8   29    0    0    2    0
 17 11  43.0  29.2  36.5  -3.6   597     0  52.0  20  14.3   10    0    1   13    0
 17 12
------------------------------------------------------------------------------------
        63.2  43.4  53.1   0.9  4694  1001  95.0 Jun  -2.1  Jan   17   20   78    3

                                Precipitation (in)

              Dep.   Max        Days of Rain
              From   Obs.           >=
 YR MO Total  Norm   Day Date 0.01 0.10 1.00
---------------------------------------------
 17  1  2.11  0.49  0.88  16    11    6    0
 17  2  0.69 -1.07  0.33   7     4    2    0
 17  3  0.33 -1.79  0.10  20     9    1    0
 17  4  3.20 -0.24  1.75  29     9    5    1
 17  5  3.94 -0.33  1.39  10    14    7    1
 17  6  0.24 -3.83  0.15  14     6    1    0
 17  7  1.64 -2.30  0.57  22     6    5    0
 17  8  0.27 -4.28  0.08   3     7    0    0
 17  9  0.32 -3.33  0.16  19     4    2    0
 17 10  7.92  4.83  3.45  14    13   10    2
 17 11  1.75 -1.20  0.48   4    11    6    0
 17 12
---------------------------------------------
       22.41-13.05  3.45  Oct   94   45    4

                                Wind Speed (mph)
                          Dom
 YR MO   Avg.  Hi   Date  Dir
------------------------------
 17  1   4.1  39.0   10     W
 17  2   4.2  33.0   12     W
 17  3   5.0  39.0    8   NNW
 17  4   4.3  35.0   16    NE
 17  5   3.6  34.0   17   WNW
 17  6   2.7  29.0   19     W
 17  7   2.1  30.0   19    NW
 17  8   1.8  27.0   16     W
 17  9   0.9  20.0    4    NE
 17 10   2.4  34.0   22    SW
 17 11   3.0  33.0   15    NW
 17 12
------------------------------
         3.1  39.0  Jan   WNW