NOAA-Style Climate Reports


Report for 2016 October
                   Monthly Climatological Summary for Oct 2016

Name: Elburn   City: Elburn   State: IL
Elevation: 836 ft  Lat: N 41° 53' 08"   Lon: W 088° 28' 47"

                  Temperature (°F), Rain (in), Wind Speed (mph)

                                      Heat  Cool        Avg
    Mean                              Deg   Deg         Wind                 Dom
Day Temp  High   Time   Low    Time   Days  Days  Rain  Speed High   Time    Dir
----------------------------------------------------------------------------------
 1  59.4  62.7   3:25p  55.3   7:49a   5.6   0.0  0.36   1.4  13.0   5:28p   NNW
 2  60.6  67.2  11:25a  54.9   7:21a   4.6   0.2  0.00   2.3  14.0   9:30a    NW
 3  62.0  67.5   2:21p  58.2   6:35a   3.4   0.4  0.00   1.0   9.0  10:45a     E
 4  64.6  73.5   2:54p  56.8   1:21a   2.8   2.4  0.00   2.3  16.0   2:56p   ESE
 5  67.2  78.5   4:57p  56.5  11:41p   1.8   4.0  0.01   2.9  20.0   4:10p     S
 6  64.8  71.7   4:31p  56.7  12:00a   2.1   1.8  0.50   1.6  14.0  11:57a   ESE
 7  58.4  67.3   9:46a  42.6  11:29p   6.7   0.1  0.00   3.6  24.0  11:18a   WNW
 8  50.7  65.2   4:56p  35.7   7:12a  14.2   0.0  0.00   1.9  14.0   2:16p   WNW
 9  53.6  63.8  12:17p  43.7   7:31a  11.4   0.0  0.00   1.6  14.0   2:59p   ENE
10  57.8  71.4   3:53p  43.6   7:04a   8.5   1.3  0.00   1.3  11.0  12:08p    SE
11  62.2  73.4   4:25p  52.2   7:18a   4.8   2.0  0.00   2.2  18.0   1:08p   SSE
12  55.8  66.0  10:15a  43.1  11:58p   9.2   0.0  0.29   4.0  21.0   7:33p   WNW
13  45.2  55.1   4:46p  35.3   7:38a  19.8   0.0  0.00   1.5  10.0  12:01a   WNW
14  50.0  64.9   3:52p  35.3   2:12a  15.0   0.0  0.00   2.3  18.0  11:25a   SSE
15  60.2  69.4   5:43p  50.5  12:00a   5.8   0.9  0.00   3.4  20.0   2:21p     S
16  67.0  71.2   3:29p  63.8   6:45a   0.2   2.2  0.16   2.4  15.0  12:04a     S
17  72.4  81.9   3:57p  64.8   3:07a   0.0   7.4  0.00   5.2  27.0   9:44p     S
18  67.8  75.5  11:29a  50.8  11:49p   2.1   4.8  0.00   4.2  22.0  12:20a   WSW
19  58.0  71.3   1:36p  46.7   5:56a   8.1   1.1  0.07   1.2  10.0   8:15p     N
20  50.1  53.4  12:00a  42.0  11:58p  14.9   0.0  0.01   3.5  15.0   2:10p   NNW
21  43.2  53.1   2:15p  34.1  11:59p  21.8   0.0  0.00   4.0  18.0   3:12p    NW
22  45.4  61.6   4:00p  33.1   1:28a  19.6   0.0  0.00   1.8  16.0   3:44p   SSW
23  53.6  71.4   3:26p  38.9   6:30a  12.5   1.1  0.00   3.1  22.0   1:36p     W
24  47.6  57.3   3:22p  37.3  11:56p  17.4   0.0  0.00   1.9  14.0   9:54a   NNW
25  44.6  52.5   2:15p  35.7   2:10a  20.4   0.0  0.00   2.0  13.0  10:14a   ESE
26  45.5  48.3  12:00a  43.1  10:22a  19.4   0.0  1.08   3.9  22.0   8:23a     E
27  45.5  48.9   2:45p  42.4   8:50a  19.5   0.0  0.00   2.8  14.0  12:46a    NW
28  51.4  62.8   3:27p  38.0   3:13a  13.6   0.0  0.00   3.5  20.0  12:10p   SSE
29  64.5  72.8   3:34p  55.6  11:59p   2.5   2.0  0.00   3.4  18.0  12:38a    SW
30  51.8  56.6   2:10p  42.2  11:57p  13.2   0.0  0.25   2.2  14.0   9:06a   NNE
31  49.2  59.5  10:55p  37.3   6:00a  15.8   0.0  0.00   3.1  21.0  10:28p    SE
----------------------------------------------------------------------------------
    55.8  81.9    17    33.1    22   316.7  31.7  2.73   2.6  27.0    17      SW

Max >=  90.0:  0
Max <=  32.0:  0
Min <=  32.0:  0
Min <=   0.0:  0
Max Rain: 1.08 on day 26
Days of Rain: 9 (>= 0.01 in)  6 (>= 0.10 in)  1 (>= 1.00 in)
Heat Base: 65.0  Cool Base: 65.0  Method: Integration