NOAA-Style Climate Reports


Report for 2016 September
                   Monthly Climatological Summary for Sep 2016

Name: Elburn   City: Elburn   State: IL
Elevation: 836 ft  Lat: N 41° 53' 08"   Lon: W 088° 28' 47"

                  Temperature (°F), Rain (in), Wind Speed (mph)

                                      Heat  Cool        Avg
    Mean                              Deg   Deg         Wind                 Dom
Day Temp  High   Time   Low    Time   Days  Days  Rain  Speed High   Time    Dir
----------------------------------------------------------------------------------
 1  66.2  75.7  12:31p  59.9   5:52a   1.9   3.1  0.00   3.1  16.0  12:31p     N
 2  66.0  75.6   1:16p  56.9   7:06a   2.6   3.6  0.00   2.0  13.0   3:25p    NE
 3  67.2  78.2   4:41p  55.9   6:58a   2.6   4.8  0.00   1.3  11.0  12:31p   ESE
 4  68.7  80.9  12:30p  56.6   6:24a   2.2   5.9  0.00   1.7  15.0  12:20p    SE
 5  74.7  87.0   4:28p  62.2   4:55a   0.6  10.3  0.00   1.9  15.0   3:24p     S
 6  80.1  90.1   1:10p  71.7   5:08a   0.0  15.1  0.00   1.8  17.0   4:05p   SSW
 7  78.0  87.4   3:22p  72.9   5:04a   0.0  13.0  0.39   2.1  16.0   3:46p   SSW
 8  73.7  82.2   4:38p  68.5  11:46p   0.0   8.7  0.11   2.0  13.0   3:48a   WSW
 9  70.0  81.4   3:33p  62.6   6:59a   0.3   5.3  0.00   1.4  11.0  10:30a   SSE
10  65.0  71.9   4:12p  55.9  11:59p   1.6   1.6  0.03   3.4  22.0  10:16a   WNW
11  63.2  75.5   1:05p  51.2   6:55a   5.1   3.3  0.00   1.4  10.0  10:50a   WSW
12  65.6  77.8   3:47p  51.8   6:21a   4.0   4.6  0.00   1.8  15.0   2:46p   SSE
13  70.5  83.0   1:47p  59.0   6:51a   1.4   6.8  0.00   1.9  12.0   1:41p     W
14  67.4  74.2   1:04p  61.5  11:31p   0.8   3.2  0.00   1.6  13.0   1:25p    NE
15  68.3  77.8   4:05p  59.3   6:25a   1.6   4.9  0.00   2.4  15.0  11:14a   ESE
16  72.7  81.0   3:16p  64.5  12:03a   0.0   7.6  0.00   3.5  21.0   2:31p   SSE
17  71.2  81.2  12:42p  58.8  11:59p   0.4   6.6  0.00   2.3  20.0   5:00p     W
18  66.7  80.1   4:50p  56.2   7:05a   3.0   4.8  0.00   0.9   9.0   1:57p   WNW
19  70.1  86.1   5:21p  54.2   6:59a   3.1   8.2  0.00   1.6  17.0   3:16p   SSW
20  72.5  83.5   3:06p  63.8   6:52a   0.1   7.6  0.03   2.1  14.0  12:44p   ENE
21  66.9  71.5  10:23a  64.3   8:25a   0.0   1.9  1.00   1.8  19.0   6:54a   ENE
22  70.7  81.5   4:12p  61.8   7:11a   0.3   6.1  0.03   0.9  12.0   3:35p    SE
23  69.7  75.2   1:45p  66.2  10:06p   0.0   4.7  0.01   2.1  12.0  10:17a    NE
24  68.3  75.0   4:50p  64.7  11:49p   0.0   3.3  0.00   2.6  17.0  12:27a     E
25  71.5  86.5   4:19p  62.6   6:57a   0.3   6.8  0.12   3.2  23.0   4:40p     S
26  61.0  68.1   4:19p  48.0  11:38p   4.7   0.7  0.00   4.9  28.0  11:19a     W
27  56.9  67.6  12:36p  45.4   3:44a   8.7   0.5  0.00   3.8  27.0  12:19p     W
28  55.1  62.7   4:31p  48.3   7:02a   9.9   0.0  0.01   4.2  21.0   6:20p   NNW
29  60.4  67.0  10:40a  55.7   2:23a   4.7   0.1  0.07   4.4  23.0   9:50a     N
30  61.5  64.7  11:59a  59.2   3:20a   3.5   0.0  0.01   3.2  19.0  11:30a    NE
----------------------------------------------------------------------------------
    68.0  90.1     6    45.4    27    63.4 153.1  1.81   2.4  28.0    26       W

Max >=  90.0:  1
Max <=  32.0:  0
Min <=  32.0:  0
Min <=   0.0:  0
Max Rain: 1.00 on day 21
Days of Rain: 11 (>= 0.01 in)  4 (>= 0.10 in)  1 (>= 1.00 in)
Heat Base: 65.0  Cool Base: 65.0  Method: Integration