NOAA-Style Climate Reports


Report for 2016 July
                   Monthly Climatological Summary for Jul 2016

Name: Elburn   City: Elburn   State: IL
Elevation: 836 ft  Lat: N 41° 53' 08"   Lon: W 088° 28' 47"

                  Temperature (°F), Rain (in), Wind Speed (mph)

                                      Heat  Cool        Avg
    Mean                              Deg   Deg         Wind                 Dom
Day Temp  High   Time   Low    Time   Days  Days  Rain  Speed High   Time    Dir
----------------------------------------------------------------------------------
 1  67.4  77.7   5:01p  57.3  11:57p   1.6   4.1  0.00   3.9  18.0  12:13p   NNW
 2  64.4  76.4   3:08p  52.0   3:04a   4.4   3.8  0.00   0.9  11.0   1:17p   SSE
 3  67.0  79.1   3:06p  52.2   4:30a   3.2   5.2  0.00   2.3  14.0   1:36p   ESE
 4  70.5  78.9   3:38p  64.0   6:14a   0.0   5.6  0.00   1.3   9.0   1:24a   SSE
 5  76.2  88.5   4:55p  64.8  12:19a   0.0  11.2  0.00   1.4  11.0  11:00a    SW
 6  75.8  88.7   2:40p  66.6   4:07a   0.0  10.8  1.12   2.3  27.0   2:20a     W
 7  73.2  81.9   3:53p  68.0   6:05a   0.0   8.2  0.92   1.0  10.0   3:59p    SE
 8  75.6  86.5   2:44p  65.7   4:58a   0.0  10.6  0.00   3.0  20.0   1:29p   WNW
 9  71.6  83.4   4:42p  62.0   5:44a   0.4   7.0  0.00   3.5  14.0   8:30a    NW
10  71.5  83.6   1:04p  57.3   5:27a   1.9   8.4  0.00   1.6  12.0  10:56a   SSE
11  79.7  91.3   2:49p  67.5   5:48a   0.0  14.7  0.00   3.1  17.0   3:24p   SSE
12  77.7  87.3  11:16a  68.9  11:57p   0.0  12.7  0.00   2.6  20.0   2:13p   SSW
13  74.1  85.7   3:51p  65.5   4:35a   0.0   9.0  0.03   2.1  19.0   6:33p   SSW
14  75.2  86.6   3:54p  66.3   3:00a   0.0  10.2  0.01   3.3  21.0   2:10p   WSW
15  66.9  78.9   1:37p  58.1  11:59p   1.5   3.4  0.05   2.5  17.0  10:45a    NW
16  67.9  82.9   4:32p  55.2   5:39a   2.9   5.9  0.00   1.1   9.0   4:54p     W
17  71.9  82.7   4:37p  61.2  12:56a   0.8   7.7  0.28   2.6  19.0  12:40p     S
18  76.7  88.6   4:14p  69.0  11:58p   0.0  11.7  0.01   1.4  10.0   8:42a    NW
19  77.6  88.9  12:43p  66.3   2:46a   0.0  12.5  0.00   1.2   8.0   9:21a   WSW
20  76.4  87.7  11:33a  66.1   5:49a   0.0  11.4  0.00   1.0  12.0  11:26a     S
21  80.5  94.3   3:51p  70.0  10:26p   0.0  15.5  0.87   2.1  27.0   8:28p   SSW
22  78.3  91.4   4:49p  68.0   6:06a   0.0  13.4  0.04   2.0  15.0   1:02a     W
23  80.4  90.9  12:59p  70.0  10:26p   0.0  15.4  0.97   1.6  22.0   9:24p    SE
24  80.2  92.6   1:47p  69.1   5:03a   0.0  15.3  0.02   2.6  20.0   2:24p     S
25  79.4  89.8   3:33p  69.7   5:28a   0.0  12.2  0.00   1.9  13.0   6:43a    NW
26  77.4  90.8   3:55p  64.9   5:45a   0.0  12.4  0.00   1.2   8.0  11:27a    NW
27  77.7  90.4   4:39p  63.9   5:57a   0.1  12.8  0.00   0.8   9.0  12:28p    SW
28  74.2  90.2   1:57p  67.4   5:39a   0.0   9.2  0.60   1.3  30.0   3:25p     E
29  71.2  82.0  12:47p  66.9   4:28p   0.0   6.2  1.07   1.8  20.0   1:34p    NE
30  71.6  79.4   4:38p  66.1   5:44a   0.0   6.6  0.00   2.2  13.0   1:10p    NE
31  72.9  85.2   2:51p  60.7   6:06a   0.7   8.6  0.00   1.2  10.0   5:51p   NNE
----------------------------------------------------------------------------------
    74.2  94.3    21    52.0     2    17.5 301.7  5.99   2.0  30.0    28     WSW

Max >=  90.0:  8
Max <=  32.0:  0
Min <=  32.0:  0
Min <=   0.0:  0
Max Rain: 1.12 on day 6
Days of Rain: 13 (>= 0.01 in)  7 (>= 0.10 in)  2 (>= 1.00 in)
Heat Base: 65.0  Cool Base: 65.0  Method: Integration