NOAA-Style Climate Reports


Report for 2016 June
                   Monthly Climatological Summary for Jun 2016

Name: Elburn   City: Elburn   State: IL
Elevation: 836 ft  Lat: N 41° 53' 08"   Lon: W 088° 28' 47"

                  Temperature (°F), Rain (in), Wind Speed (mph)

                                      Heat  Cool        Avg
    Mean                              Deg   Deg         Wind                 Dom
Day Temp  High   Time   Low    Time   Days  Days  Rain  Speed High   Time    Dir
----------------------------------------------------------------------------------
 1  70.2  82.5   4:40p  63.1   5:20a   0.0   5.2  0.11   1.9  12.0   1:35a     W
 2  69.4  82.5   3:50p  54.8   5:55a   0.0   4.4  0.00   2.4  15.0  11:05a   WNW
 3  71.4  87.1   4:35p  54.5   3:50a   0.0   6.4  0.00   1.3  10.0   4:35p    SE
 4  67.1  75.5   3:45p  59.8   5:45a   0.0   2.1  0.45   1.4  12.0  10:10a   SSE
 5  69.4  82.2   4:40p  59.5   5:35a   0.0   4.4  0.17   4.5  22.0   3:00p   WNW
 6  68.9  82.5  12:10p  54.8   5:35a   0.0   3.9  0.01   4.3  28.0   4:55p   WNW
 7  61.4  70.9   2:00p  50.7  11:55p   3.6   0.0  0.00   4.6  19.0  11:35a    NW
 8  64.0  79.3   4:40p  48.4   2:55a   1.0   0.0  0.00   2.5  15.0   1:00p   NNW
 9  62.0  68.0   7:20p  53.1   2:40a   3.0   0.0  0.31   1.6  14.0   5:10p   ESE
10  76.8  92.0   4:30p  61.9   4:55a   0.0  11.8  0.01   3.1  22.0   5:20p    SW
11  80.8  93.7   4:30p  67.8   5:05a   0.0  15.8  0.00   2.5  17.0   2:50p     W
12  60.7  65.4   8:21p  58.0  11:59p   0.6   0.0  0.00   3.1  20.0   4:19a    NE
13  73.1  92.5   4:39p  54.4   2:06a   2.8  10.9  0.00   1.6  10.0  11:27p   ESE
14  76.4  88.9   2:34p  65.3   5:47a   0.0  11.4  0.00   2.6  14.0  11:37a   ESE
15  79.4  94.0   4:48p  67.1   4:55a   0.0  14.4  0.87   3.0  23.0   1:09a   WSW
16  70.2  76.4  12:00a  63.5  11:56p   0.0   5.2  0.00   4.6  20.0  10:20a    NW
17  73.1  86.6   4:46p  59.1   5:28a   1.3   9.4  0.00   2.1  22.0   2:42p    NE
18  75.8  88.6   2:01p  60.3   6:08a   0.7  11.4  0.00   1.3  11.0   1:54p     E
19  77.9  92.1   4:25p  61.1   5:34a   0.4  13.3  0.00   1.6  14.0   3:10p   SSW
20  80.3  94.5   4:41p  69.5  11:55p   0.0  15.3  0.00   3.9  20.0  11:02a     W
21  73.2  86.1   4:27p  60.0   3:42a   0.7   8.9  0.00   3.2  16.0   5:07p   WNW
22  68.3  74.5   5:58p  62.9   7:37a   0.2   3.5  0.81   1.9  19.0   8:02p    SE
23  70.1  81.7   5:15p  63.5  11:58p   0.0   5.1  0.01   1.8  12.0   5:28p   NNE
24  73.1  87.3   4:53p  59.7   2:53a   1.2   9.3  0.00   1.9  12.0   4:13a   ENE
25  78.7  93.2   4:31p  63.2   5:13a   0.2  13.9  0.00   2.3  14.0   3:58p   SSE
26  78.9  91.1   4:40p  68.7  11:59p   0.0  13.9  0.00   2.5  14.0   8:02a     W
27  77.6  89.9  11:54a  65.6   3:00a   0.0  12.6  0.00   3.3  20.0   3:39p   WNW
28  66.0  72.8   4:20p  55.5  11:57p   1.2   2.2  0.00   2.1  13.0  12:27p     N
29  66.8  82.8   4:51p  49.7   5:45a   4.5   6.3  0.00   1.5  11.0   6:34p   WNW
30  67.5  79.6   4:53p  53.7   5:23a   3.0   5.5  0.00   1.5  16.0   3:48p   SSW
----------------------------------------------------------------------------------
    71.6  94.5    20    48.4     8    24.4 226.5  2.75   2.4  28.0     6     WNW

Max >=  90.0:  8
Max <=  32.0:  0
Min <=  32.0:  0
Min <=   0.0:  0
Max Rain: 0.87 on day 15
Days of Rain: 9 (>= 0.01 in)  6 (>= 0.10 in)  0 (>= 1.00 in)
Heat Base: 65.0  Cool Base: 65.0  Method: Integration