NOAA-Style Climate Reports


Report for 2016 May
                   MONTHLY CLIMATOLOGICAL SUMMARY for MAY. 2016

NAME: Elburn   CITY: Elburn   STATE: IL 
ELEV:   836 ft  LAT:  41° 53' 07" N  LONG:  88° 28' 46" W

                   TEMPERATURE (°F), RAIN  (in), WIND SPEED (mph)

                                      HEAT  COOL        AVG
    MEAN                              DEG   DEG         WIND                 DOM
DAY TEMP  HIGH   TIME   LOW    TIME   DAYS  DAYS  RAIN  SPEED HIGH   TIME    DIR
------------------------------------------------------------------------------------
 1  46.3  49.9   2:55p  43.7   7:55a  18.7   0.0  0.32   3.6  18.0   6:40p    NE
 2  51.2  62.6   3:00p  39.8  12:00m  13.8   0.0  0.00   3.4  17.0  10:00a    NE
 3  53.7  69.0   3:25p  35.8   6:00a  11.7   0.5  0.00   3.3  19.0   4:10p   WSW
 4  49.1  55.6   5:10p  40.2  12:00m  15.9   0.0  0.29   5.6  24.0   9:00a    NW
 5  51.8  69.9   4:15p  38.1   2:50a  13.6   0.4  0.00   3.5  16.0  11:15a    NW
 6  63.9  85.7   4:40p  41.7   3:05a   7.2   6.1  0.00   2.6  18.0   4:15p   WSW
 7  61.1  67.5   1:35p  43.7  12:00m   4.2   0.3  0.05   3.6  20.0   3:10a   WSW
 8  55.4  70.0   1:05p  39.5   6:00a  10.2   0.6  0.00   1.6  13.0   1:10p   SSE
 9  54.0  59.3   2:30p  50.5   7:50p  11.0   0.0  0.50   4.6  19.0  11:40a     E
10  58.8  68.0   4:55p  52.3  12:05a   6.5   0.3  0.69   2.8  14.0   1:45a     E
11  63.3  73.8   2:40p  55.4   5:55a   3.8   2.1  0.13   2.3  11.0   3:10p     E
12  62.1  70.9   2:55p  53.2  10:45p   3.6   0.6  1.29   4.2  27.0   6:45p   WNW
13  55.7  67.6   1:10p  43.1  11:35p   9.5   0.2  0.64   4.1  28.0  10:55p    NW
14  43.6  48.7   5:10p  39.4  11:05p  21.4   0.0  0.00   6.8  25.0   2:20p    NW
15  45.3  59.1   4:45p  31.1   5:40a  19.7   0.0  0.00   3.2  21.0  10:00a    NW
16  55.3  70.0   2:30p  39.0   3:40a  10.4   0.7  0.00   3.7  19.0   1:50p    SW
17  55.5  63.9   4:40p  44.4  12:00m   9.5   0.0  0.00   2.5  14.0   1:20p    NE
18  54.1  69.8   3:00p  38.5   5:35a  11.3   0.4  0.00   2.4  12.0  11:50a   ENE
19  57.8  73.0   4:30p  38.3   5:40a   9.4   2.1  0.00   1.7  13.0   1:35p   ENE
20  59.5  69.9   2:30p  48.7   2:45a   6.2   0.7  0.00   2.3  13.0  12:45p    NE
21  65.1  78.0   3:35p  51.8  12:00m   4.4   4.5  0.00   2.5  14.0   1:25p    NW
22  67.5  82.8   2:30p  49.1   3:05a   4.5   7.0  0.00   2.6  14.0   6:10p    NW
23  68.1  85.3   4:35p  47.4   5:50a   4.6   7.7  0.00   1.8  14.0   4:40p    SE
24  72.7  90.1   4:30p  53.6   5:35a   2.8  10.6  0.00   2.1  17.0  11:50a   SSE
25  71.8  87.8   3:25p  62.5   5:35a   0.3   7.0  1.33   2.5  31.0   4:30p    SE
26  73.0  86.6   4:05p  62.6   4:25a   0.3   8.3  0.00   1.6  16.0   2:35p   SSE
27  72.7  83.0  12:50p  66.5   5:35a   0.0   7.7  0.11   2.9  19.0   1:40p   SSE
28  73.1  85.5   4:55p  63.3  10:00p   0.1   8.2  0.85   4.2  28.0   8:50p   SSE
29  70.1  82.4   4:40p  60.7   5:50a   0.9   6.0  0.00   2.9  20.0  10:45a   WSW
30  74.7  89.5   4:25p  59.9   6:00a   1.1  10.8  0.00   1.8  14.0   1:05p    NW
31  67.9  80.9  11:55a  63.8   5:10a   0.3   3.2  0.20   2.5  20.0  12:00p     E
-------------------------------------------------------------------------------------
    60.5  90.1    24    31.1    15   236.9  96.0  6.40   3.1  31.0    25      NW

Max >=  90.0:  1
Max <=  32.0:  0
Min <=  32.0:  1
Min <=   0.0:  0
Max Rain: 1.33 ON 05/25/16
Days of Rain: 12 (>.01 in) 11 (>.1 in) 2 (>1 in)
Heat Base:  65.0  Cool Base:  65.0  Method: Integration