NOAA-Style Climate Reports


Report for 2016 April
                   MONTHLY CLIMATOLOGICAL SUMMARY for APR. 2016

NAME: Elburn   CITY: Elburn   STATE: IL 
ELEV:   836 ft  LAT:  41° 53' 07" N  LONG:  88° 28' 46" W

                   TEMPERATURE (°F), RAIN  (in), WIND SPEED (mph)

                                      HEAT  COOL        AVG
    MEAN                              DEG   DEG         WIND                 DOM
DAY TEMP  HIGH   TIME   LOW    TIME   DAYS  DAYS  RAIN  SPEED HIGH   TIME    DIR
------------------------------------------------------------------------------------
 1  42.0  51.1   1:50p  34.4  12:00m  23.0   0.0  0.02   4.7  26.0   5:00p    NW
 2  33.1  40.5  10:45a  25.2  12:00m  31.9   0.0  0.02   8.8  39.0   1:50p    NW
 3  47.0  71.6   4:45p  24.0   2:10a  19.0   1.0  0.00   6.6  34.0   2:55p    SW
 4  34.3  46.5  12:05a  29.4  11:55p  30.7   0.0  0.00   4.2  18.0   5:40a   NNE
 5  35.8  46.8   3:35p  20.6   6:25a  29.2   0.0  0.02   4.2  18.0   3:40p    SE
 6  43.9  47.9  12:50p  40.1   2:55a  21.1   0.0  0.53   4.7  18.0   4:45a   WNW
 7  38.0  41.4  12:05a  34.9  12:00m  27.0   0.0  0.03   6.9  24.0  12:10p    NW
 8  35.6  43.1  12:20p  27.6  12:00m  29.4   0.0  0.07   7.2  32.0   9:40p    NW
 9  31.5  42.0   4:20p  21.1   6:35a  33.5   0.0  0.00   4.7  24.0  12:45a    NW
10  40.6  48.1  11:45p  33.0   5:50a  24.4   0.0  0.18   5.7  27.0   8:40a   SSE
11  44.6  53.1   4:25p  32.7  12:00m  20.4   0.0  0.00   5.8  26.0   8:55a   WNW
12  39.6  54.9   4:45p  25.5   5:10a  25.4   0.0  0.00   2.6  13.0   9:55a    NW
13  46.0  60.4   4:45p  33.3   6:35a  19.0   0.0  0.00   3.9  16.0   3:20p     E
14  51.1  67.0   3:50p  35.3   5:50a  14.0   0.1  0.00   3.6  15.0   1:05p     E
15  56.9  75.2   3:40p  40.5   6:30a  10.1   2.0  0.00   4.2  16.0   2:15p     E
16  63.7  81.4   3:05p  47.7   3:15a   6.4   5.1  0.00   4.0  16.0   6:10p   ENE
17  66.1  83.3   4:40p  47.3   6:45a   5.0   6.0  0.00   2.7  16.0   5:30p   ENE
18  68.0  84.9   3:45p  48.3   6:10a   4.5   7.5  0.00   1.6  15.0   2:45p   ENE
19  54.3  62.4  12:40a  49.8   8:45a  10.7   0.0  0.00   4.7  20.0   6:55p    NE
20  58.7  72.2   1:45p  47.7   5:45a   7.4   1.0  0.25   4.3  20.0   2:55p    SE
21  60.7  73.1   4:55p  49.1  11:45p   6.0   1.6  0.11   2.6  30.0   5:40p    NW
22  51.2  60.6   4:30p  42.6  12:00m  13.8   0.0  0.00   3.4  17.0   8:10a    NE
23  52.5  68.8   4:05p  37.4   5:40a  12.9   0.4  0.01   3.3  13.0   5:35p     E
24  62.3  80.4   4:15p  43.3   5:00a   7.3   4.6  0.00   4.1  18.0   1:25p   SSE
25  70.2  84.0   3:30p  56.9   6:05a   1.8   6.9  0.09   5.4  30.0   5:30p    SW
26  50.9  64.8  12:05a  43.3   8:15p  14.1   0.0  0.00   3.9  18.0   5:15p    NE
27  43.9  49.0  11:45a  40.0   5:05a  21.1   0.0  0.52   6.2  24.0   1:30p   ENE
28  45.7  52.8   3:20p  42.1  10:55p  19.3   0.0  0.07   3.9  20.0   3:55a   ENE
29  44.6  48.4   5:15p  41.4   4:30a  20.4   0.0  0.00   2.6  13.0  11:25a    NW
30  44.6  49.3   9:30a  42.6   1:50a  20.4   0.0  0.64   5.5  24.0   3:55p   ENE
-------------------------------------------------------------------------------------
    48.6  84.9    18    20.6     5   529.2  36.2  2.56   4.5  39.0     2     ENE

Max >=  90.0:  0
Max <=  32.0:  0
Min <=  32.0:  7
Min <=   0.0:  0
Max Rain: 0.64 ON 04/30/16
Days of Rain: 13 (>.01 in) 6 (>.1 in) 0 (>1 in)
Heat Base:  65.0  Cool Base:  65.0  Method: Integration