NOAA-Style Climate Reports


Report for 2016 March
                   MONTHLY CLIMATOLOGICAL SUMMARY for MAR. 2016

NAME: Elburn   CITY: Elburn   STATE: IL 
ELEV:   836 ft  LAT:  41° 53' 07" N  LONG:  88° 28' 46" W

                   TEMPERATURE (°F), RAIN  (in), WIND SPEED (mph)

                                      HEAT  COOL        AVG
    MEAN                              DEG   DEG         WIND                 DOM
DAY TEMP  HIGH   TIME   LOW    TIME   DAYS  DAYS  RAIN  SPEED HIGH   TIME    DIR
------------------------------------------------------------------------------------
 1  24.0  28.8   6:00a  16.3  12:00m  41.0   0.0  0.00   7.9  27.0   2:05p    NW
 2  23.5  33.3   3:40p   8.4   6:40a  41.5   0.0  0.04   2.7  16.0   9:20p   WNW
 3  30.4  34.5   2:45p  26.0  12:00m  34.6   0.0  0.08   3.4  12.0   8:10a     E
 4  30.1  39.4   2:00p  18.5   5:50a  34.9   0.0  0.00   3.0  14.0   3:15p   SSE
 5  33.6  39.0   2:00p  28.6  12:05a  31.4   0.0  0.08   4.1  19.0  10:45a    NW
 6  40.5  53.4   3:50p  27.8   6:25a  24.5   0.0  0.00   4.7  21.0   2:05p   SSE
 7  52.0  62.6   2:40p  41.4   1:55a  13.0   0.0  0.00   4.5  19.0   1:05p   SSE
 8  61.6  71.1   4:00p  55.7   6:05a   4.5   1.0  0.06   5.0  25.0  11:35a     S
 9  55.9  62.0   3:35p  45.8  11:45p   9.1   0.0  0.30   3.8  16.0   9:15a    NW
10  45.7  52.4   3:05p  36.3  12:00m  19.3   0.0  0.00   2.9  13.0   9:20a    NW
11  44.2  60.9   3:40p  30.9   5:35a  20.8   0.0  0.00   2.0  10.0   8:25a     E
12  47.2  62.5   2:30p  32.4   5:25a  17.8   0.0  0.00   1.8   9.0   1:15p     E
13  46.7  49.6  12:20a  44.3  11:50p  17.5   0.0  0.63   3.6  19.0   9:20a    NE
14  47.7  52.8   5:10p  43.3   7:10a  17.3   0.0  0.02   1.5   9.0   5:00a    NW
15  54.2  63.4   4:35p  47.6   3:25a  10.8   0.0  0.59   5.7  23.0  12:00m     E
16  49.3  55.8  12:05a  42.8  12:00m  15.7   0.0  0.08  11.7  44.0  12:20p   WSW
17  45.3  55.4   3:50p  36.1   4:55a  19.7   0.0  0.00   6.2  24.0   9:30a   WSW
18  39.6  49.4   2:20p  30.5   7:15a  25.4   0.0  0.00   4.0  15.0  12:20a   WNW
19  37.9  47.9   1:25p  33.6  11:50p  27.1   0.0  0.00   2.5  13.0   8:05p    NE
20  37.2  45.2  12:45p  30.0  11:50p  27.8   0.0  0.00   3.8  19.0  11:10a    NW
21  39.0  50.2   4:05p  26.8   7:35a  26.0   0.0  0.00   2.9  19.0   3:30p    NW
22  49.2  63.0   5:25p  37.7   5:35a  15.8   0.0  0.00   3.9  22.0  12:50p   SSE
23  39.8  48.2  12:05a  36.5  11:50p  25.2   0.0  0.06   7.8  25.0  10:45a   ENE
24  34.6  40.4   2:25p  27.6  11:55p  30.4   0.0  0.61   7.1  26.0   7:10p    NW
25  37.0  50.3   4:30p  23.6   7:15a  28.1   0.0  0.03   2.3  16.0   2:00a    NW
26  44.0  57.2   2:55p  30.8   5:35a  21.0   0.0  0.00   3.3  15.0   2:05p    SE
27  44.8  55.1  11:40a  38.5   4:35a  20.2   0.0  0.09   4.3  19.0   3:20p   WNW
28  45.0  55.2   5:20p  37.2  12:00m  20.0   0.0  0.00   5.3  17.0   5:15a    NW
29  45.9  60.4   3:15p  30.6   6:35a  19.1   0.0  0.00   2.5  15.0  11:10a    SE
30  51.5  62.2   3:05p  42.4   6:50a  13.5   0.0  0.44   6.3  28.0   3:10p    SE
31  55.5  65.9  11:40a  42.5  12:00m   9.5   0.0  0.22   7.1  28.0   4:15p   WSW
-------------------------------------------------------------------------------------
    43.0  71.1     8     8.4     2   682.5   1.0  3.33   4.4  44.0    16      NW

Max >=  90.0:  0
Max <=  32.0:  1
Min <=  32.0: 14
Min <=   0.0:  0
Max Rain: 0.63 ON 03/13/16
Days of Rain: 15 (>.01 in) 6 (>.1 in) 0 (>1 in)
Heat Base:  65.0  Cool Base:  65.0  Method: Integration