NOAA-Style Climate Reports


Report for 2016 February
                   MONTHLY CLIMATOLOGICAL SUMMARY for FEB. 2016

NAME: Elburn   CITY: Elburn   STATE: IL 
ELEV:   836 ft  LAT:  41° 53' 07" N  LONG:  88° 28' 46" W

                   TEMPERATURE (°F), RAIN  (in), WIND SPEED (mph)

                                      HEAT  COOL        AVG
    MEAN                              DEG   DEG         WIND                 DOM
DAY TEMP  HIGH   TIME   LOW    TIME   DAYS  DAYS  RAIN  SPEED HIGH   TIME    DIR
------------------------------------------------------------------------------------
 1  32.3  41.4  12:35p  26.9   9:30p  32.7   0.0  0.00   2.6  13.0   1:15a   WNW
 2  34.3  36.5   9:35a  28.3  12:05a  30.7   0.0  0.72   5.7  28.0   9:45a   ENE
 3  32.1  35.4  12:05a  25.7  12:00m  32.9   0.0  0.01   6.1  23.0   9:20a    SW
 4  25.4  30.7   2:55p  17.4   7:20a  39.6   0.0  0.00   3.8  18.0   3:20a   WSW
 5  28.3  32.2   1:15p  24.4  12:00m  36.7   0.0  0.00   3.3  16.0   8:20a    NW
 6  29.9  40.6   3:20p  22.9   6:45a  35.1   0.0  0.00   2.7  18.0   3:05p    SW
 7  35.9  43.3   3:40p  29.0  12:05a  29.1   0.0  0.00   4.8  19.0   4:05p   WSW
 8  26.6  32.0   4:20a  20.6  12:00m  38.4   0.0  0.00   6.3  19.0   6:20p   WNW
 9  15.8  20.6  12:05a  11.5  12:00m  49.2   0.0  0.00   8.3  22.0   7:50a    NW
10  12.4  19.3   2:20p   6.3   5:50a  52.6   0.0  0.00   4.8  21.0   3:25a    NW
11  13.7  22.4   2:55p   4.5   7:00a  51.3   0.0  0.00   2.8  13.0   8:25a    NW
12  17.1  25.1  12:30p   5.6  12:00m  48.0   0.0  0.00   7.6  28.0   1:50p    NW
13   8.9  18.6   2:45p   1.4   6:50a  56.1   0.0  0.00   3.9  19.0  12:35a    NW
14  15.0  18.0   3:30p  10.0  12:05a  50.0   0.0  0.00   5.1  22.0  10:05a   ESE
15  23.0  28.0  12:55p  16.8  12:05a  42.0   0.0  0.01   2.2  10.0   1:25p    SE
16  26.4  33.4  11:40a  20.8   3:35a  38.6   0.0  0.11   1.5   9.0   9:15p    NW
17  23.9  35.2  12:10p  14.8   4:55a  41.2   0.0  0.07   2.6  10.0  10:10a    NW
18  32.9  40.3   1:15p  23.0   5:40a  32.1   0.0  0.05   6.6  27.0   1:20p    SE
19  46.9  59.4  11:10a  37.6  12:00m  18.1   0.0  0.00  10.4  39.0   1:45p   WSW
20  43.7  55.5   3:20p  35.8  11:45p  21.3   0.0  0.00   4.3  19.0   8:15a   WNW
21  36.4  40.4  10:55a  29.3  12:00m  28.6   0.0  0.00   2.6  14.0   4:40p   NNW
22  35.5  48.5   3:25p  25.7   3:40a  29.5   0.0  0.00   1.7  11.0   1:25p    NE
23  36.3  46.9   2:50p  27.8   6:05a  28.7   0.0  0.00   3.0  15.0  10:45p   ENE
24  34.1  36.1  11:00a  32.1   4:25p  30.9   0.0  0.01   9.0  30.0   1:20p   NNE
25  32.3  37.2  12:30p  28.3  10:20p  32.7   0.0  0.00   8.5  27.0   8:10a    NW
26  29.3  32.8  11:20a  23.8   7:05a  35.7   0.0  0.00   3.4  15.0   1:20p   WSW
27  38.9  54.5   4:05p  25.6   5:20a  26.1   0.0  0.00   5.1  20.0   1:30p    SW
28  46.9  61.4   1:15p  34.8  11:50p  18.1   0.0  0.02   7.6  32.0   6:40p     S
29  37.0  53.4   2:50p  27.1  11:40p  28.0   0.0  0.01   6.8  21.0   1:00p   ENE
-------------------------------------------------------------------------------------
    29.4  61.4    28     1.4    13  1034.0   0.0  1.01   4.9  39.0    19      NW

Max >=  90.0:  0
Max <=  32.0:  9
Min <=  32.0: 25
Min <=   0.0:  0
Max Rain: 0.72 ON 02/02/16
Days of Rain: 5 (>.01 in) 2 (>.1 in) 0 (>1 in)
Heat Base:  65.0  Cool Base:  65.0  Method: Integration