NOAA-Style Climate Reports


Report for 2016 January
                   MONTHLY CLIMATOLOGICAL SUMMARY for JAN. 2016

NAME: Elburn   CITY: Elburn   STATE: IL 
ELEV:   836 ft  LAT:  41° 53' 07" N  LONG:  88° 28' 46" W

                   TEMPERATURE (°F), RAIN  (in), WIND SPEED (mph)

                                      HEAT  COOL        AVG
    MEAN                              DEG   DEG         WIND                 DOM
DAY TEMP  HIGH   TIME   LOW    TIME   DAYS  DAYS  RAIN  SPEED HIGH   TIME    DIR
------------------------------------------------------------------------------------
 1  23.0  28.0   3:32p  17.0   2:45a  ----  ----  0.00   6.8  22.0   1:33p   ---     *
 2  24.1  30.0   1:51p  18.0   5:50a  ----  ----  0.00   4.6  19.0   5:37p   ---     *
 3  26.1  29.3  12:35p  19.3   5:30a  30.4   0.0  0.00   5.0  15.0   7:25a    NW
 4  24.5  32.2  12:40p  16.9  11:50p  40.5   0.0  0.00   3.0  14.0   6:05a    NW
 5  24.3  33.5   2:35p  14.4   7:45a  40.7   0.0  0.01   3.2  17.0   2:05p   SSE
 6  29.5  36.3   3:05p  19.7   7:35a  35.5   0.0  0.02   3.3  14.0  10:30a   SSE
 7  35.8  37.8   6:55p  33.3   2:25a  29.2   0.0  0.24   2.8  10.0  12:35a   ESE
 8  38.0  40.1  12:55p  36.1   2:30a  27.0   0.0  0.91   1.7  11.0   9:55a   ESE
 9  31.6  37.8  12:05a  19.3  12:00m  33.4   0.0  0.04   4.1  24.0  11:35p    NW
10   9.1  19.3  12:05a  -0.4  11:55p  55.9   0.0  0.00   6.4  22.0   2:55a    NW
11   8.8  22.2   9:50p  -4.6   6:40a  56.2   0.0  0.00   2.8  24.0  10:15p    SW
12   8.1  16.2   2:35a   0.9  12:00m  56.9   0.0  0.00   6.4  23.0   6:25a   WNW
13  10.0  21.4   5:20p  -3.2   6:15a  55.0   0.0  0.00   2.9  17.0  12:35p   SSW
14  32.5  41.9   2:45p  17.7  12:05a  32.5   0.0  0.35   2.9  12.0  11:50a   SSE
15  34.4  39.7   2:50a  29.7  10:05p  30.6   0.0  0.01   5.2  19.0   8:05p    NW
16  23.1  29.9  12:05a   6.0  12:00m  41.9   0.0  0.00   6.3  20.0   9:45p    NW
17   1.7   6.0  12:05a  -3.2  11:55p  63.3   0.0  0.00   8.9  26.0  12:05p   WNW
18   0.5   6.8   1:10p  -5.1   5:40a  64.5   0.0  0.00   5.7  21.0   1:30a   WNW
19   7.6  16.1   3:10p  -1.9   7:15a  57.4   0.0  0.00   2.4  16.0  12:10a    NW
20  15.9  23.5  12:40p   9.7   5:20a  49.1   0.0  0.01   1.1   8.0  12:45p   WSW
21  17.3  29.0   1:40p   8.1   2:50a  47.7   0.0  0.01   1.4   7.0   2:10p    NW
22  23.0  27.5   1:45p  16.0   1:40a  42.0   0.0  0.00   4.3  15.0   3:50p   NNW
23  27.0  37.5  12:35p  21.8   8:05a  38.0   0.0  0.02   2.8  11.0  12:05a    NW
24  26.0  33.0   2:55p  20.4   2:45a  39.0   0.0  0.00   3.1  14.0   4:30a    SW
25  31.8  39.4  12:15p  24.5   7:25a  33.2   0.0  0.14   3.8  20.0  11:30p    SE
26  28.1  33.5  12:05a  23.8  10:50p  36.9   0.0  0.01   6.9  28.0   2:55a   WSW
27  28.8  33.4   4:00p  24.3  12:05a  36.2   0.0  0.00   5.5  22.0   7:55p   WSW
28  31.8  37.4  12:20p  27.5   5:45a  33.2   0.0  0.00   6.4  21.0   8:55p    NW
29  27.8  34.1   3:00p  18.7   7:35a  37.2   0.0  0.00   4.4  22.0   9:00p   SSE
30  36.9  43.1  12:45p  30.6   7:35a  28.1   0.0  0.00   2.0  14.0   2:20a     S
31  37.9  42.4  10:40a  32.2  11:55p  27.1   0.0  0.04   2.4  13.0   4:55p   WNW
-------------------------------------------------------------------------------------
    23.4  43.1    30    -5.1    18  1198.6   0.0  1.81   4.0  28.0    26      NW

Max >=  90.0:  0
Max <=  32.0: 12
Min <=  32.0: 26
Min <=   0.0:  6
Max Rain: 0.91 ON 01/08/16
Days of Rain: 8 (>.01 in) 4 (>.1 in) 0 (>1 in)
Heat Base:  65.0  Cool Base:  65.0  Method: Integration
* Denotes data was lost from computer, gathered this data from MesoWest Data Archive