NOAA-Style Climate Reports


Report for 2016
                   Annual Climatological Summary for 2016

Name: Elburn   City: Elburn   State: IL
Elevation: 836 ft  Lat: N 41° 53' 08"   Lon: W 088° 28' 47"

                  Temperature (°F), Heat Base: 65.0  Cool Base: 65.0
                          Dep.  Heat  Cool                       Max  Max  Min  Min
        Mean  Mean        From  Deg   Deg                        >=   <=   <=   <=
 YR MO  Max   Min   Mean  Norm  Days  Days  Hi  Date  Low  Date 90.0 32.0 32.0   0.0
------------------------------------------------------------------------------------
 16  1  30.4  16.2  23.7   0.6  1240     0  43.1  30  -5.0   18    0   12   26    6
 16  2  37.2  22.0  29.3   1.8  1033     0  61.4  28   1.4   13    0    9   25    0
 16  3  52.9  34.0  43.0   4.8   682     0  71.1   8   8.5    2    0    0   14    0
 16  4  60.2  38.0  48.6  -1.6   501     9  84.9  18  20.7    5    0    0    7    0
 16  5  73.2  48.4  60.5   0.0   202    61  90.0  24  31.2   15    1    0    1    0
 16  6  83.8  59.6  71.6   1.5    24   226  94.5  20  48.4    8    8    0    0    0
 16  7  85.9  64.2  74.2  -0.1    17   301  94.3  21  52.0    2    8    0    0    0
 16  8  85.0  64.8  74.1   1.6    12   296  92.6  10  51.4   22    5    0    0    0
 16  9  77.7  59.3  68.0   3.1    63   153  90.1   6  45.4   27    1    0    0    0
 16 10  65.0  46.0  55.8   3.2   316    31  81.9  17  33.1   22    0    0    0    0
 16 11  53.6  35.4  43.8   3.7   682     4  75.8   1  18.3   21    0    0   10    0
 16 12  29.6  16.5  23.6  -3.4  1284     0  48.1  26 -14.8   19    0   14   29    5
------------------------------------------------------------------------------------
        61.2  42.0  51.3   1.3  6062  1084  94.5 Jun -14.8  Dec   23   35  112   11

                                Precipitation (in)

              Dep.   Max        Days of Rain
              From   Obs.           >=
 YR MO Total  Norm   Day Date 0.01 0.10 1.00
---------------------------------------------
 16  1  1.85  0.23  0.91   8    14    4    0
 16  2  1.02 -0.74  0.72   2    10    2    0
 16  3  3.54  1.42  0.63  13    16    7    0
 16  4  3.18 -0.26  0.64   1    14    7    0
 16  5  6.28  2.01  1.33  25    12   11    2
 16  6  2.75 -1.32  0.87  15     9    6    0
 16  7  5.99  2.05  1.12   6    13    7    2
 16  8  2.31 -2.24  0.44  12    13    8    0
 16  9  1.81 -1.84  1.00  21    11    4    1
 16 10  2.73 -0.36  1.08  26     9    6    1
 16 11  2.36 -0.59  1.25  28    12    5    1
 16 12  1.06 -1.12  0.28  24    11    5    0
---------------------------------------------
       34.88 -2.76  1.33  May  144   72    7

                                Wind Speed (mph)
                          Dom
 YR MO   Avg.  Hi   Date  Dir
------------------------------
 16  1   4.0  28.0   26     W
 16  2   4.9  39.0   19   WNW
 16  3   4.4  44.0   16    SW
 16  4   4.5  39.0    2    NE
 16  5   3.1  31.0   25   NNW
 16  6   2.4  28.0    6   WNW
 16  7   2.0  30.0   28   WSW
 16  8   1.8  26.0    4     W
 16  9   2.4  28.0   26    NW
 16 10   2.6  27.0   17   SSW
 16 11   3.3  34.0   18   SSW
 16 12   3.7  28.0   18     W
------------------------------
         3.3  44.0  Mar     W