NOAA-Style Climate Reports


Report for 2015 December
                   MONTHLY CLIMATOLOGICAL SUMMARY for DEC. 2015

NAME: Elburn   CITY: Elburn   STATE: Illinois 
ELEV:   836 ft  LAT:  41° 53' 07" N  LONG:  88° 28' 46" W

                   TEMPERATURE (°F), RAIN  (in), WIND SPEED (mph)

                                      HEAT  COOL        AVG
    MEAN                              DEG   DEG         WIND                 DOM
DAY TEMP  HIGH   TIME   LOW    TIME   DAYS  DAYS  RAIN  SPEED HIGH   TIME    DIR
------------------------------------------------------------------------------------
 1  39.1  42.1   3:10a  34.4  12:00m  25.9   0.0  0.19   4.6  21.0  12:45p    SW
 2  32.1  35.3   2:10p  29.7  11:40p  32.9   0.0  0.10   3.1  21.0   3:25p    NW
 3  32.5  34.0  11:45p  29.6  12:15a  32.5   0.0  0.04   4.7  15.0   3:50p   WSW
 4  35.2  45.4   2:30p  29.6   7:30a  29.8   0.0  0.03   2.9  14.0   1:15a    SW
 5  33.6  40.9   2:30p  28.8   8:05a  31.4   0.0  0.00   3.7  15.0   9:45p   SSE
 6  35.2  44.8  12:45p  29.1   7:35a  29.8   0.0  0.01   1.7  15.0  12:45a   SSE
 7  32.3  36.9  11:45p  28.7   5:15a  32.7   0.0  0.00   2.7  15.0   8:35p     S
 8  40.7  45.8   3:35p  36.6  12:10a  24.3   0.0  0.00   3.9  16.0  10:15p   SSE
 9  41.5  50.6   1:50p  36.0   8:05a  23.5   0.0  0.00   2.3  14.0   2:00p   WSW
10  45.0  55.0   2:10p  37.1   2:05a  20.0   0.0  0.00   6.2  29.0   4:00p   SSE
11  43.7  49.8   2:25p  36.3   4:35a  21.3   0.0  0.00   3.0  13.0  12:20a     E
12  52.5  57.3   1:40p  48.7   5:25a  12.5   0.0  0.00   1.9   9.0  12:00p   ENE
13  57.8  59.2   1:05p  54.1  12:05a   7.2   0.0  1.27   6.1  24.0  10:25p   SSE
14  48.9  59.0  12:10a  40.7   8:25p  16.1   0.0  0.46   6.9  30.0   8:00a    SW
15  39.6  41.6   1:10a  37.8   7:50a  25.4   0.0  0.00   4.7  18.0  10:40p     E
16  41.0  52.3   1:50p  33.4  11:50p  24.0   0.0  0.14   8.0  30.0   2:35p   WSW
17  30.2  34.6   2:25p  26.6  10:35p  34.8   0.0  0.00   6.2  24.0   1:15a   WSW
18  26.6  32.2   3:35p  19.3  12:00m  38.4   0.0  0.00   6.0  24.0  11:10a   WSW
19  21.7  29.0   3:30p  14.4   6:35a  43.3   0.0  0.00   4.9  25.0  12:30a   WNW
20  38.2  49.0   1:50p  24.9  12:05a  26.8   0.0  0.08   5.3  26.0   2:45p   SSE
21  44.9  51.0   1:25p  40.5   2:35a  20.1   0.0  0.75   3.8  18.0  12:05a     S
22  36.1  41.7  12:05a  34.2   5:15p  28.9   0.0  0.00   4.4  18.0   8:15p   WSW
23  49.8  56.9  12:00p  39.1  11:50p  15.2   0.0  0.72   7.1  42.0  10:40a   SSE
24  36.5  39.1  12:05a  32.1   7:40a  28.5   0.0  0.00   4.9  28.0   1:50a   WSW
25  35.2  42.4  12:15p  30.9   8:10a  29.8   0.0  0.00   2.9  16.0  11:45p    NW
26  38.9  40.9   3:05p  34.9  12:05a  26.1   0.0  0.16   4.8  21.0   9:20a     E
27  35.6  38.3  12:05a  33.2  11:40p  29.4   0.0  0.03   6.0  21.0   3:15a    NE
28  32.1  35.3  12:00m  29.9  10:30a  32.9   0.0  0.57   9.7  34.0   4:30p   ENE
29  30.2  35.3  12:05a  27.5  11:50p  34.8   0.0  0.17   1.4  19.0   2:15a   WSW
30  27.0  30.2  12:15p  25.8   9:25p  38.0   0.0  0.02   2.3  14.0  12:45p   WSW
31  23.8  27.3  12:40p  20.5   8:30p  41.2   0.0  0.00   5.4  21.0   3:50p   WSW
-------------------------------------------------------------------------------------
    37.3  59.2    13    14.4    19   857.5   0.0  4.74   4.6  42.0    23     WSW

Max >=  90.0:  0
Max <=  32.0:  3
Min <=  32.0: 15
Min <=   0.0:  0
Max Rain: 1.27 ON 12/13/15
Days of Rain: 15 (>.01 in) 9 (>.1 in) 1 (>1 in)
Heat Base:  65.0  Cool Base:  65.0  Method: Integration