NOAA-Style Climate Reports


Report for 2015 October
                   MONTHLY CLIMATOLOGICAL SUMMARY for OCT. 2015

NAME: Elburn   CITY: Elburn   STATE: Illinois 
ELEV:   836 ft  LAT:  41° 53' 07" N  LONG:  88° 28' 46" W

                   TEMPERATURE (°F), RAIN  (in), WIND SPEED (mph)

                                      HEAT  COOL        AVG
    MEAN                              DEG   DEG         WIND                 DOM
DAY TEMP  HIGH   TIME   LOW    TIME   DAYS  DAYS  RAIN  SPEED HIGH   TIME    DIR
------------------------------------------------------------------------------------
 1  51.4  60.5  12:20p  43.2   7:15a  13.6   0.0  0.00   3.8  25.0  11:10a    NE
 2  53.1  59.9  12:20p  42.6   7:00a  11.9   0.0  0.00   5.0  24.0   3:45p    NE
 3  50.2  54.2  10:50a  47.7   8:30p  14.8   0.0  0.00   4.9  26.0  10:30a    NE
 4  52.5  56.8   4:10p  48.7  12:40a  12.5   0.0  0.00   3.1  17.0   9:25a    NE
 5  57.4  62.1   3:00p  54.3   7:15a   7.6   0.0  0.00   1.5   9.0   1:00a    NE
 6  60.3  71.2   4:50p  54.1   5:30a   5.8   1.2  0.00   0.9   9.0   3:05p   NNW
 7  62.3  75.2  12:50p  53.2  12:00m   5.3   2.6  0.00   1.8  14.0   4:55p   ENE
 8  62.6  76.1   4:50p  50.0   4:10a   5.7   3.4  0.02   2.7  22.0   4:30p    SW
 9  55.2  62.4  12:15a  42.8  12:00m   9.8   0.0  0.00   3.8  18.0   5:15a    NW
10  52.0  64.9   3:10p  38.9   7:05a  13.0   0.0  0.00   1.9  17.0  12:45p   SSW
11  61.6  77.8   3:40p  46.8   4:00a   7.0   3.6  0.00   4.0  23.0   2:35p   SSW
12  62.9  74.6   3:20p  54.5  12:00m   3.7   1.6  0.00   5.0  31.0   9:45p   WSW
13  53.8  63.2   2:50p  46.4  12:00m  11.2   0.0  0.00   5.9  22.0  12:00p    NW
14  49.5  62.8   3:05p  38.6   7:10a  15.5   0.0  0.00   2.8  17.0   3:05p    NW
15  50.6  68.2   4:05p  37.4   6:35a  14.7   0.3  0.00   3.5  31.0   4:40p    NW
16  44.0  53.9   1:35p  33.8  11:10p  21.0   0.0  0.00   4.4  19.0  10:20a    NW
17  39.3  52.2   3:55p  28.1   6:55a  25.7   0.0  0.00   3.9  19.0   2:55p    NW
18  44.6  59.8   3:45p  31.7   1:35a  20.4   0.0  0.00   1.8  10.0  12:55p    NW
19  56.7  72.7   3:30p  41.9   3:50a   9.7   1.4  0.00   5.6  28.0  12:50p     S
20  60.6  72.8   2:10p  50.9   7:40a   5.9   1.5  0.11   3.2  20.0  12:15p     S
21  61.8  73.6   2:25p  52.3   5:25a   5.2   2.0  0.00   3.4  21.0  12:15p    SE
22  55.7  64.5   3:40p  48.8   9:40p   9.3   0.0  0.00   1.9   9.0   2:45a    NW
23  55.3  61.6  11:45p  48.8  12:05a   9.7   0.0  0.65   3.8  16.0  11:10a     E
24  57.9  63.4   8:40a  48.4  12:00m   6.9   0.0  0.35   5.7  24.0  11:55a    NW
25  48.0  60.6   1:35p  38.0   7:35a  16.9   0.0  0.00   1.5   9.0   2:30a    NW
26  48.7  61.4   1:50p  37.9   5:50a  16.3   0.0  0.00   1.7  11.0  12:30p   ENE
27  50.3  54.0  10:55a  47.0   7:30a  14.6   0.0  0.33   4.4  19.0   8:05p     E
28  48.2  54.2   8:55a  35.5  11:50p  16.8   0.0  0.29   6.0  26.0   4:55p   WSW
29  40.6  45.8   3:30p  35.0   1:45a  24.4   0.0  0.00   6.8  27.0   8:25a   WSW
30  44.2  55.7   1:40p  33.6   8:15a  20.8   0.0  0.00   2.3  16.0  12:40p    NW
31  46.4  50.3   6:35p  43.6   8:10a  18.6   0.0  0.74   4.5  20.0  10:55p    SE
-------------------------------------------------------------------------------------
    52.8  77.8    11    28.1    17   394.3  17.6  2.49   3.6  31.0    12      NW

Max >=  90.0:  0
Max <=  32.0:  0
Min <=  32.0:  2
Min <=   0.0:  0
Max Rain: 0.74 ON 10/31/15
Days of Rain: 7 (>.01 in) 6 (>.1 in) 0 (>1 in)
Heat Base:  65.0  Cool Base:  65.0  Method: Integration