NOAA-Style Climate Reports


Report for 2015 September
                   MONTHLY CLIMATOLOGICAL SUMMARY for SEP. 2015

NAME: Elburn   CITY: Elburn   STATE: Illinois 
ELEV:   836 ft  LAT:  41° 53' 07" N  LONG:  88° 28' 46" W

                   TEMPERATURE (°F), RAIN  (in), WIND SPEED (mph)

                                      HEAT  COOL        AVG
    MEAN                              DEG   DEG         WIND                 DOM
DAY TEMP  HIGH   TIME   LOW    TIME   DAYS  DAYS  RAIN  SPEED HIGH   TIME    DIR
------------------------------------------------------------------------------------
 1  77.7  90.0   4:50p  67.9   4:20a   0.0  12.7  0.00   1.3  13.0   2:35p   SSE
 2  77.2  88.3   1:20p  66.0   6:25a   0.0  12.2  0.00   1.2  12.0   1:05p   SSW
 3  78.1  90.0   4:45p  67.7   6:55a   0.0  13.1  0.00   1.6  13.0   8:55p    SW
 4  76.3  89.2   4:30p  66.1   6:20a   0.0  11.3  0.00   1.4   9.0   8:20p     E
 5  74.7  82.7  12:05p  67.9   6:50a   0.0   9.7  0.00   1.3  10.0  10:45a    SE
 6  78.4  91.0   5:05p  66.6   6:40a   0.0  13.4  0.00   1.7  14.0   3:15p    SE
 7  77.3  86.0   5:15p  70.3   4:20a   0.0  12.3  0.00   0.9   8.0  11:05a   SSW
 8  72.2  78.4  10:35a  66.0  11:55p   0.0   7.2  0.50   1.7  14.0  10:35a     S
 9  67.4  76.5   5:10p  56.8  12:00m   1.1   3.5  0.01   1.4  12.0   9:45a   ENE
10  60.5  72.5  11:25a  53.3   3:30a   5.1   0.7  0.26   1.0  16.0  12:25p    NW
11  59.9  68.0  12:50p  53.4  12:00m   5.2   0.2  0.25   2.8  16.0  10:00a    NW
12  55.2  65.1   4:05p  46.1  12:00m   9.8   0.0  0.00   3.3  18.0  10:35a    NW
13  57.3  71.3   5:10p  44.3   3:55a   9.3   1.7  0.00   1.8  12.0  10:00a    NW
14  65.0  82.1   5:15p  47.3   4:20a   5.9   5.9  0.00   2.7  19.0   2:55p   SSE
15  69.9  82.0   5:10p  58.2   7:15a   1.3   6.1  0.00   2.6  18.0   3:40p   SSE
16  69.2  82.8   5:15p  55.4   6:45a   2.4   6.6  0.00   2.6  18.0   4:30p   SSE
17  69.9  84.4   2:45p  59.2   4:15a   1.6   6.5  0.29   2.5  23.0   4:00p   SSE
18  70.0  75.4  11:10a  64.7   7:00a   0.0   5.0  2.21   1.8  16.0   2:10a   ESE
19  61.3  69.0   3:55p  50.1  12:00m   4.5   0.8  0.01   4.7  27.0   2:00a    NW
20  58.5  71.7  12:25p  45.4   7:00a   8.3   1.8  0.00   0.9  11.0  11:35a   ENE
21  61.2  74.1  12:55p  49.3   7:05a   6.4   2.6  0.00   1.2  12.0   1:45p     E
22  64.5  79.1   5:30p  50.2   7:05a   5.1   4.5  0.00   0.9  10.0  12:50p   SSE
23  67.1  79.9   3:55p  53.5   7:10a   3.2   5.2  0.00   1.3   9.0   4:00p     E
24  67.0  77.4  12:15p  57.0   6:50a   2.2   4.2  0.00   1.8  10.0  11:45a   ENE
25  66.1  75.0  12:30p  60.1   6:35a   1.9   3.0  0.00   2.4  13.0  11:50a    NE
26  67.0  76.7   3:35p  57.8   6:55a   2.0   4.0  0.00   2.1  13.0  12:20p   ENE
27  67.6  75.0   4:05p  60.8   4:00a   0.7   3.2  0.00   1.4  10.0   5:40p    SE
28  69.0  78.9   3:15p  61.6   6:30a   0.5   4.5  0.00   0.7  10.0   3:10p     S
29  58.5  63.9   7:15a  50.7  11:55p   6.5   0.0  0.50   3.2  20.0   8:10a   NNE
30  52.5  62.2  12:00p  45.0   7:20a  12.5   0.0  0.00   4.0  19.0   1:45p   NNW
-------------------------------------------------------------------------------------
    67.2  91.0     6    44.3    13    95.5 161.9  4.03   1.9  27.0    19     SSE

Max >=  90.0:  3
Max <=  32.0:  0
Min <=  32.0:  0
Min <=   0.0:  0
Max Rain: 2.21 ON 09/18/15
Days of Rain: 6 (>.01 in) 6 (>.1 in) 1 (>1 in)
Heat Base:  65.0  Cool Base:  65.0  Method: Integration