NOAA-Style Climate Reports


Report for 2015 July
                   MONTHLY CLIMATOLOGICAL SUMMARY for JUL. 2015

NAME: Elburn   CITY: Elburn   STATE: Illinois 
ELEV:   836 ft  LAT:  41° 53' 07" N  LONG:  88° 28' 46" W

                   TEMPERATURE (°F), RAIN  (in), WIND SPEED (mph)

                                      HEAT  COOL        AVG
    MEAN                              DEG   DEG         WIND                 DOM
DAY TEMP  HIGH   TIME   LOW    TIME   DAYS  DAYS  RAIN  SPEED HIGH   TIME    DIR
------------------------------------------------------------------------------------
 1  62.6  74.1   4:20p  54.1  12:00m   4.4   2.0  0.00   1.9  13.0   6:55p   ENE
 2  60.7  72.1   3:15p  50.5   2:50a   5.8   1.6  0.00   2.2  13.0   3:05p    NE
 3  67.8  81.4   4:30p  56.4   1:00a   2.7   5.5  0.00   1.5  10.0  12:20a   ENE
 4  70.5  84.5   4:15p  56.4   5:35a   2.3   7.8  0.00   1.0  10.0   3:25p    NW
 5  72.7  85.9   4:15p  58.9   5:35a   1.3   9.0  0.00   1.3  11.0  12:30p   SSE
 6  73.0  85.1  12:25p  63.4   5:25a   0.1   8.2  2.08   2.1  23.0   9:50p   SSE
 7  64.4  70.6   4:35p  54.6  11:55p   2.5   1.9  0.10   2.7  16.0   3:15a    NE
 8  59.5  68.1   1:35p  51.8   4:55a   5.9   0.4  0.04   1.7  11.0  10:35a    NE
 9  66.4  79.1   4:10p  58.6  12:05a   2.5   3.9  0.00   2.1  13.0   8:20a    NW
10  69.8  84.4   4:40p  57.3   6:00a   2.2   7.0  0.00   0.8   8.0   9:50a    NW
11  68.1  78.2  12:20p  59.2   5:40a   1.3   4.4  0.08   1.2  11.0  10:55a     E
12  75.4  86.9   4:30p  68.2   4:45a   0.0  10.4  0.01   1.0   8.0   4:10p    SE
13  76.2  87.0   3:10p  65.3   7:25a   0.0  11.2  0.88   2.7  25.0  10:45p    SE
14  73.7  83.0   3:15p  62.1  12:00m   0.1   8.8  0.00   4.1  22.0  12:25p    NW
15  67.1  79.7   2:50p  55.8   6:15a   2.6   4.7  0.00   1.8  13.0   2:20a   ENE
16  66.7  75.9   3:55p  58.6  12:50a   1.8   3.5  0.78   1.9  16.0   2:20p    SE
17  79.7  93.1   3:10p  69.8   6:45a   0.0  14.7  0.01   1.7  15.0   6:00p    SW
18  81.1  90.9   5:00p  72.7   5:30a   0.0  16.1  0.14   2.4  19.0   2:35p    SW
19  77.5  86.7  10:45a  65.1  12:00m   0.0  12.5  0.00   2.7  17.0   1:35p    NW
20  73.9  87.7   2:05p  61.1   6:10a   0.7   9.6  0.00   1.7  14.0   1:50p    NW
21  71.8  82.6   4:05p  60.6   6:15a   0.6   7.3  0.00   3.3  14.0   1:10p    NW
22  72.0  84.7   1:00p  60.2   5:55a   1.1   8.1  0.00   0.8   9.0   2:20p    NW
23  74.9  88.8   4:25p  61.4   3:10a   0.8  10.6  0.00   0.9   8.0  11:50a    NW
24  74.0  84.2  11:30a  61.5   6:05a   0.5   9.5  0.00   1.6  16.0   3:20p   SSE
25  79.1  91.9   4:30p  67.4   5:55a   0.0  14.1  0.00   2.4  14.0  10:55a    NW
26  73.2  81.2   4:40p  63.8   6:10a   0.1   8.3  0.00   0.8   8.0  12:20p     E
27  77.9  90.9   3:55p  66.6   5:10a   0.0  12.9  0.00   1.5  12.0  10:50a     E
28  79.2  90.1   1:10p  67.6   6:15a   0.0  14.2  0.00   1.4  11.0   3:30p   ENE
29  77.2  86.6   4:15p  66.8  12:00m   0.0  12.2  0.31   3.7  20.0  11:20a    NW
30  75.3  88.6   4:15p  61.3   6:25a   0.4  10.7  0.00   3.2  21.0   2:35p    NW
31  73.8  86.7   3:15p  61.3   5:30a   0.7   9.4  0.00   3.8  28.0   2:05p    NW
-------------------------------------------------------------------------------------
    72.1  93.1    17    50.5     2    40.4 260.5  4.43   2.0  28.0    31      NW

Max >=  90.0:  5
Max <=  32.0:  0
Min <=  32.0:  0
Min <=   0.0:  0
Max Rain: 2.08 ON 07/06/15
Days of Rain: 8 (>.01 in) 5 (>.1 in) 1 (>1 in)
Heat Base:  65.0  Cool Base:  65.0  Method: Integration