NOAA-Style Climate Reports


Report for 2015 June
                   MONTHLY CLIMATOLOGICAL SUMMARY for JUN. 2015

NAME: Elburn   CITY: Elburn   STATE: Illinois 
ELEV:   836 ft  LAT:  41° 53' 07" N  LONG:  88° 28' 46" W

                   TEMPERATURE (°F), RAIN  (in), WIND SPEED (mph)

                                      HEAT  COOL        AVG
    MEAN                              DEG   DEG         WIND                 DOM
DAY TEMP  HIGH   TIME   LOW    TIME   DAYS  DAYS  RAIN  SPEED HIGH   TIME    DIR
------------------------------------------------------------------------------------
 1  54.8  65.3   4:50p  46.0   7:15a  10.2   0.0  0.00   2.9  14.0  12:25p   ENE
 2  60.7  76.7   4:20p  44.2   5:45a   7.3   3.0  0.00   1.8  11.0  11:35a   ENE
 3  65.9  79.1   4:25p  49.9   5:00a   4.4   5.3  0.00   2.1  16.0   2:40p   SSE
 4  71.5  85.1   4:35p  62.0   4:05a   0.6   7.1  0.00   1.9  13.0  11:45a   SSE
 5  66.1  73.8   1:55p  55.3  11:55p   1.5   2.5  0.00   3.1  20.0   8:10p    NE
 6  64.6  76.8   3:50p  53.1   3:10a   4.0   3.6  0.00   2.9  13.0  12:05a   ENE
 7  68.8  82.3   4:40p  58.4   1:15a   1.2   4.9  0.73   3.1  20.0   2:50p   SSE
 8  71.7  84.0   3:30p  59.8  12:00m   0.2   6.9  0.10   3.5  25.0   3:45p   WSW
 9  72.4  88.1   4:20p  55.5   5:35a   2.6  10.0  0.00   1.7  14.0   5:15p    SW
10  80.2  94.8   3:45p  68.5   5:45a   0.0  15.2  0.00   3.5  22.0   9:15a   SSW
11  69.8  76.6  12:15p  61.4  11:55p   0.4   5.2  0.23   2.3  17.0   5:40p   ENE
12  62.5  66.2  10:50a  58.6  10:40p   2.7   0.2  0.29   1.8  18.0   2:20a   ENE
13  69.9  86.3   4:00p  58.7  12:05a   1.9   6.7  0.01   1.9  15.0   7:00p   SSE
14  74.8  84.8   4:45p  68.4   2:00a   0.0   9.8  0.01   2.1  14.0  11:20a   WSW
15  72.5  82.7   3:10p  68.3  11:40p   0.0   7.5  3.58   1.5  15.0   4:50p   SSW
16  69.5  80.1   4:00p  57.4  12:00m   0.8   5.3  0.01   2.7  16.0   1:50a   ENE
17  63.7  70.8   5:00p  55.2   9:10a   3.4   2.1  0.52   1.3  13.0   2:25a   ENE
18  71.5  79.3   1:45p  62.4  12:00m   0.1   6.6  0.45   2.4  17.0   2:50p     W
19  63.5  72.9   2:30p  54.2   5:55a   3.6   2.1  0.00   2.8  14.0   4:00p   ENE
20  66.0  79.0   3:20p  54.5   4:30a   3.0   4.0  0.53   2.3  23.0   1:55p    NW
21  75.0  87.4   3:25p  65.7   6:10a   0.0  10.0  0.01   2.1  15.0  10:50a     W
22  73.3  81.4   6:20p  66.3   4:30a   0.0   8.3  0.16   2.7  24.0   3:40p   SSE
23  72.6  83.2   4:50p  62.5   6:40a   0.1   7.7  0.00   4.0  18.0   3:25a    NW
24  68.5  79.4   3:10p  59.5   5:35a   1.1   4.6  0.02   1.1  14.0  12:20p    NW
25  70.4  79.6   2:50p  63.7  12:00m   0.0   5.5  0.28   2.3  15.0  12:55p   ENE
26  63.4  68.8   1:00p  58.9   4:35a   2.2   0.6  0.06   2.2  16.0   2:55p    NE
27  67.6  78.3   4:25p  56.6   5:55a   2.3   4.9  0.01   2.6  17.0  11:20a    NW
28  67.0  82.0  11:40a  53.2   5:50a   3.3   5.4  0.06   0.9  10.0  11:55a   SSE
29  67.9  77.3   1:35p  63.0   2:35a   0.5   3.3  0.09   0.8  10.0   1:45p    NW
30  68.5  78.3   3:50p  59.6  12:00m   1.3   4.8  0.09   3.4  16.0   1:25p    NW
-------------------------------------------------------------------------------------
    68.5  94.8    10    44.2     2    58.7 163.1  7.24   2.3  25.0     8     ENE

Max >=  90.0:  1
Max <=  32.0:  0
Min <=  32.0:  0
Min <=   0.0:  0
Max Rain: 3.58 ON 06/15/15
Days of Rain: 15 (>.01 in) 9 (>.1 in) 1 (>1 in)
Heat Base:  65.0  Cool Base:  65.0  Method: Integration