NOAA-Style Climate Reports


Report for 2015 May
                   MONTHLY CLIMATOLOGICAL SUMMARY for MAY. 2015

NAME: Elburn   CITY: Elburn   STATE: Illinois 
ELEV:   836 ft  LAT:  41° 53' 07" N  LONG:  88° 28' 46" W

                   TEMPERATURE (°F), RAIN  (in), WIND SPEED (mph)

                                      HEAT  COOL        AVG
    MEAN                              DEG   DEG         WIND                 DOM
DAY TEMP  HIGH   TIME   LOW    TIME   DAYS  DAYS  RAIN  SPEED HIGH   TIME    DIR
------------------------------------------------------------------------------------
 1  54.0  73.4   3:00p  32.7   4:00a  12.4   1.4  0.00   1.6  14.0   2:30p    NW
 2  62.9  79.1   3:20p  44.6   6:20a   6.3   4.3  0.00   2.3  17.0   1:20p    SW
 3  61.9  77.0   3:35p  51.7   6:15a   5.0   1.9  0.71   2.6  18.0  10:50a     E
 4  64.1  73.7   3:25p  56.1  11:45p   3.1   2.2  0.11   3.1  19.0   2:20a   ENE
 5  53.9  61.4   3:25p  49.7   3:50a  11.1   0.0  1.01   3.6  15.0   7:15p   ENE
 6  64.1  84.3   3:15p  49.2   4:00a   6.2   5.3  0.00   3.0  15.0   5:15p   ENE
 7  70.8  85.6   4:30p  57.0   5:20a   1.9   7.8  0.02   4.1  28.0   1:00p   SSE
 8  68.0  81.7   1:30p  62.3  12:00m   0.5   3.6  1.32   2.0  17.0   3:20p    SW
 9  61.7  68.4   1:45p  51.9  12:00m   3.8   0.5  0.22   2.6  14.0   6:25p    NE
10  53.6  60.5   4:25p  48.5   7:40a  11.4   0.0  0.03   2.7  13.0   5:35a    NE
11  58.6  68.5   4:55p  50.7  12:00m   6.7   0.3  0.16   5.2  27.0   4:10p   WSW
12  49.6  58.4   3:35p  40.1  12:00m  15.4   0.0  0.00   6.5  25.0   2:00a   WSW
13  48.8  59.3   2:00p  38.6   5:00a  16.2   0.0  0.00   2.8  16.0  12:55p   ENE
14  54.5  67.8   2:50p  41.3  12:30a  10.7   0.2  0.30   3.9  19.0   3:25p    SE
15  64.6  76.0   4:40p  55.6  12:05a   2.9   2.5  0.00   2.4  18.0   1:15a   WSW
16  69.3  81.7   5:20p  62.1   1:45a   0.8   5.1  0.18   2.1  15.0   5:25p   SSE
17  72.2  81.5   2:05p  65.9   3:55a   0.0   7.2  0.02   5.2  25.0   2:25p   SSE
18  64.9  73.9  11:40a  47.7  12:00m   2.9   2.8  0.00   5.7  28.0   4:40p   WSW
19  49.0  58.9   5:20p  42.4  12:00m  16.0   0.0  0.00   4.2  19.0   1:20a    NW
20  43.6  49.0  11:55a  38.5   3:15a  21.4   0.0  0.00   2.3  13.0  12:50p   ENE
21  55.6  71.6   4:15p  43.3   3:40a  10.4   1.0  0.01   3.8  19.0  12:30p    NW
22  60.5  76.2   3:30p  47.4   5:50a   6.9   2.5  0.00   2.5  14.0   5:25p     E
23  65.6  84.4   5:00p  44.7   5:50a   5.9   6.5  0.00   1.9  13.0   8:45a   SSE
24  65.1  74.9   2:25p  57.7   3:15a   2.2   2.4  0.08   2.4  16.0  12:00m     E
25  71.3  79.4   5:15p  65.8  10:45p   0.0   6.3  0.02   5.1  26.0   5:05p   SSE
26  67.9  75.9   3:40p  62.8   4:30a   0.2   3.1  1.01   3.7  22.0   3:40p    SE
27  67.0  77.3   4:40p  57.8  12:00m   1.4   3.4  0.08   3.8  20.0  11:25a    SW
28  70.3  84.2   3:05p  53.1   5:45a   3.2   8.5  0.00   1.9  14.0   2:50p    SE
29  72.7  82.7   5:10p  62.4   3:30a   0.5   8.2  0.00   2.5  20.0   4:45p   SSE
30  59.1  71.4  12:05a  45.3  12:00m   7.3   1.4  0.38   3.1  24.0   4:45p    NE
31  51.4  60.8   3:05p  42.7   3:30a  13.6   0.0  0.00   4.2  19.0  12:45a    NE
-------------------------------------------------------------------------------------
    61.2  85.6     7    32.7     1   206.3  88.4  5.66   3.3  28.0     7     SSE

Max >=  90.0:  0
Max <=  32.0:  0
Min <=  32.0:  0
Min <=   0.0:  0
Max Rain: 1.32 ON 05/08/15
Days of Rain: 16 (>.01 in) 10 (>.1 in) 3 (>1 in)
Heat Base:  65.0  Cool Base:  65.0  Method: Integration