NOAA-Style Climate Reports


Report for 2015 March
                   MONTHLY CLIMATOLOGICAL SUMMARY for MAR. 2015

NAME: Elburn   CITY: Elburn   STATE: Illinois 
ELEV:   836 ft  LAT:  41° 53' 07" N  LONG:  88° 28' 46" W

                   TEMPERATURE (°F), RAIN  (in), WIND SPEED (mph)

                                      HEAT  COOL        AVG
    MEAN                              DEG   DEG         WIND                 DOM
DAY TEMP  HIGH   TIME   LOW    TIME   DAYS  DAYS  RAIN  SPEED HIGH   TIME    DIR
------------------------------------------------------------------------------------
 1  18.1  28.1  11:35a   9.0   5:45a  46.9   0.0  0.01   2.4  14.0   2:50p   WSW
 2  21.0  36.9  12:55p   7.4   4:45a  44.0   0.0  0.01   2.5  11.0   9:30a    NW
 3  29.1  33.7   2:25p  23.3   4:45a  35.9   0.0  0.09   5.4  24.0   2:35p    SE
 4  17.7  29.3  12:05a   6.9  12:00m  47.3   0.0  0.02   6.3  20.0   3:15a    NW
 5   8.4  21.8  12:05p  -1.7   6:35a  56.6   0.0  0.00   3.2  13.0   1:20a   NNW
 6  14.3  29.2   4:10p  -4.0   3:50a  50.7   0.0  0.00   3.8  25.0   1:10p   SSE
 7  32.5  44.3   4:05p  18.5   3:00a  32.5   0.0  0.04   2.9  15.0   2:45p   WSW
 8  33.4  39.4   2:00p  26.6  12:00m  30.2   0.0  0.00   2.0  11.0  12:05a    SW
 9  35.2  49.2   4:55p  23.4   6:30a  29.8   0.0  0.00   1.3  12.0  11:35p    SW
10  36.8  43.3   2:10p  32.6   8:50p  28.2   0.0  0.01   1.5  13.0  12:30a   SSE
11  42.8  55.7   4:40p  29.8   3:25a  22.2   0.0  0.00   2.2  15.0   9:00a    NE
12  42.5  56.4   4:20p  29.4   5:45a  22.5   0.0  0.00   3.5  21.0   3:50p    SE
13  47.4  62.9   3:05p  36.6   7:55a  17.6   0.0  0.00   1.8  10.0   4:15p   ESE
14  48.1  60.6   4:50p  38.5  10:55p  16.9   0.0  0.00   5.8  23.0   2:10p    NW
15  45.2  61.7   3:25p  27.5   7:10a  19.8   0.0  0.00   3.1  21.0   2:15p    SW
16  54.9  70.9   4:25p  43.6   7:45a  10.8   0.7  0.00   4.3  23.0   4:20p    SW
17  40.0  46.3  12:05a  26.1  12:00m  25.0   0.0  0.00   4.8  22.0  12:30a    NW
18  37.2  49.4   1:35p  23.8   7:20a  27.8   0.0  0.00   1.1   9.0  11:20a   WSW
19  41.9  49.8  12:55p  35.9   7:00a  23.1   0.0  0.00   2.8  16.0   9:50a   ENE
20  42.2  51.4   5:35p  36.6  12:00m  22.8   0.0  0.00   3.5  18.0   4:35p    SW
21  42.2  56.2   4:00p  30.8  12:00m  22.8   0.0  0.00   5.1  22.0   9:30a    NW
22  32.0  40.3  12:10p  26.9   8:00p  33.0   0.0  0.00   4.8  18.0   6:40p   ENE
23  30.0  35.5   1:20p  27.4   8:00a  35.0   0.0  0.17   5.1  17.0   1:40a   ENE
24  31.8  40.3   1:35p  19.8   6:55a  33.2   0.0  0.20   4.9  19.0   3:05p     E
25  36.6  40.6   5:45p  33.9  11:55p  28.4   0.0  0.23   4.8  24.0   3:30p   WSW
26  35.5  43.2  12:35p  29.2   7:40a  29.5   0.0  0.00   5.0  17.0   1:40p    NW
27  27.9  35.6   4:20p  19.2  12:00m  37.1   0.0  0.00   5.0  20.0  10:30a    NW
28  28.5  44.2   5:10p  14.6   4:05a  36.5   0.0  0.00   1.6  10.0  12:25p   NNW
29  34.3  46.1   4:45p  24.9   1:35a  30.7   0.0  0.05   6.0  32.0  10:30a   SSE
30  47.2  63.0   4:10p  31.2   6:55a  17.8   0.0  0.00   3.7  22.0   1:55p   WSW
31  47.5  61.5   5:15p  36.5   6:30a  17.5   0.0  0.00   4.2  18.0   1:45a    NW
-------------------------------------------------------------------------------------
    34.9  70.9    16    -4.0     6   932.1   0.7  0.83   3.7  32.0    29      NW

Max >=  90.0:  0
Max <=  32.0:  4
Min <=  32.0: 23
Min <=   0.0:  2
Max Rain: 0.23 ON 03/25/15
Days of Rain: 7 (>.01 in) 3 (>.1 in) 0 (>1 in)
Heat Base:  65.0  Cool Base:  65.0  Method: Integration