NOAA-Style Climate Reports


Report for 2015 January
                   MONTHLY CLIMATOLOGICAL SUMMARY for JAN. 2015

NAME: Elburn   CITY: Elburn   STATE: Illinois 
ELEV:   836 ft  LAT:  41° 53' 07" N  LONG:  88° 28' 46" W

                   TEMPERATURE (°F), RAIN  (in), WIND SPEED (mph)

                                      HEAT  COOL        AVG
    MEAN                              DEG   DEG         WIND                 DOM
DAY TEMP  HIGH   TIME   LOW    TIME   DAYS  DAYS  RAIN  SPEED HIGH   TIME    DIR
------------------------------------------------------------------------------------
 1  21.2  32.6   2:30p  12.1   4:45a  43.8   0.0  0.00   6.4  24.0  11:50a   WSW
 2  24.3  33.7   2:15p  12.7   5:30a  40.7   0.0  0.00   1.2  10.0  11:45a   ESE
 3  31.7  33.4   3:00p  28.6   3:20a  33.3   0.0  0.50   1.6  10.0   8:10p     E
 4  20.3  32.3  12:05a  -0.1  12:00m  44.7   0.0  0.02   8.5  24.0  12:15p    NW
 5   0.8   5.5  11:45p  -4.9   6:25a  64.2   0.0  0.00   3.9  17.0  12:10a   WSW
 6   4.4   8.0   9:20p  -4.6   7:25a  60.6   0.0  0.00   4.7  27.0   9:55p   WSW
 7  -1.4   4.3  12:05a  -8.4  12:00m  66.4   0.0  0.00   7.3  25.0   9:40a    NW
 8   2.1  17.4   8:40p -10.6   4:10a  62.9   0.0  0.00   7.3  32.0   1:40p    SW
 9   3.7  10.7  12:05a  -1.2  12:00m  61.3   0.0  0.00   6.5  32.0   1:05a   WNW
10   8.2  22.4   9:50p  -8.0   4:45a  56.8   0.0  0.00   3.9  19.0   4:10p    SW
11  25.7  32.3   2:05p  18.1   3:50a  39.3   0.0  0.04   2.5  15.0   4:25p     S
12  15.7  27.1   1:15a   6.0   9:10p  49.3   0.0  0.01   4.8  19.0  12:10p   NNW
13  10.3  21.7  12:35p  -4.5  11:10p  54.7   0.0  0.00   1.8  13.0  12:50a   NNW
14   7.6  18.5   3:30p  -6.9   4:50a  57.5   0.0  0.00   1.4  10.0  12:55p     S
15  22.2  30.3   2:40p  14.9   4:10a  42.8   0.0  0.00   3.6  15.0  12:50p    SW
16  27.0  36.4   1:25p  19.9   6:05a  38.0   0.0  0.10   3.2  15.0  10:55p    SE
17  35.2  42.0   1:30p  26.4   2:00a  29.8   0.0  0.34   5.5  22.0   7:45a   WSW
18  33.3  39.8  12:15p  24.1  11:30p  31.7   0.0  0.00   3.5  18.0   3:05a   WSW
19  31.5  40.7   1:45p  22.4   6:20a  33.5   0.0  0.01   1.6  10.0  10:40a     E
20  31.8  35.2  12:35p  28.7   5:30a  33.2   0.0  0.01   1.9  12.0   5:30p    NE
21  30.1  32.7   2:50p  28.0   9:15p  34.9   0.0  0.01   2.2  12.0   6:45a   ENE
22  29.4  32.5  11:35a  26.7   4:50a  35.6   0.0  0.00   2.2  13.0   7:20p    NW
23  28.8  30.3   2:25p  27.6   9:30p  36.2   0.0  0.00   5.0  17.0   8:25a    SW
24  31.2  38.2   1:25p  26.1   1:30a  33.9   0.0  0.00   2.7  15.0   1:30p   WSW
25  27.3  32.7   4:45a  16.0  12:00m  37.7   0.0  0.00   5.8  26.0   9:05a    NE
26  20.8  27.1  12:45p  12.2   4:45a  44.2   0.0  0.00   2.4  11.0  12:10a    NW
27  26.5  32.9   3:20p  17.9  10:55p  38.5   0.0  0.06   1.3   9.0  10:00a   ENE
28  27.0  34.8  12:50p  17.3   2:15a  38.0   0.0  0.02   4.8  25.0   9:50p    SE
29  32.7  34.2   2:40a  28.9  12:00m  32.3   0.0  0.01   7.6  26.0  10:35a    NW
30  22.8  29.3   1:10p  13.7  11:35p  42.2   0.0  0.00   2.6  20.0  12:05a    NW
31  28.4  36.2   2:00p  14.4  12:05a  36.6   0.0  0.01   2.0  13.0  12:20p    SW
-------------------------------------------------------------------------------------
    21.3  42.0    17   -10.6     8  1354.6   0.0  1.14   3.9  32.0     8      NW

Max >=  90.0:  0
Max <=  32.0: 13
Min <=  32.0: 31
Min <=   0.0:  9
Max Rain: 0.50 ON 01/03/15
Days of Rain: 7 (>.01 in) 2 (>.1 in) 0 (>1 in)
Heat Base:  65.0  Cool Base:  65.0  Method: Integration