NOAA-Style Climate Reports


Report for 2015
                            ANNUAL CLIMATOLOGICAL SUMMARY

NAME: Elburn  CITY: Elburn   STATE: Illinois  
ELEV:   836 ft  LAT:  41° 53' 07" N  LONG:  88° 28' 46" W

               TEMPERATURE (°F), HEAT BASE 65.0, COOL BASE 65.0
                          DEP.  HEAT  COOL                                          
        MEAN  MEAN        FROM  DEG   DEG                        MAX  MAX  MIN  MIN 
 YR MO  MAX   MIN   MEAN  NORM  DAYS  DAYS  HI  DATE  LOW  DATE  >=90 <=32 <=32 <=0 
------------------------------------------------------------------------------------
 15  1  28.6  12.7  21.3  -1.8  1355     0  42.0  17 -10.6    8    0   13   31    9
 15  2  24.6   2.6  14.3 -13.2  1419     0  43.1   7 -11.5   19    0   23   28   15
 15  3  46.0  24.7  34.9  -3.3   932     1  70.9  16  -4.0    6    0    4   23    2
 15  4  63.1  37.8  49.9  -0.3   467    14  80.1  17  24.8    4    0    0    5    0
 15  5  72.9  50.6  61.2   0.7   206    88  85.6   7  32.7    1    0    0    0    0
 15  6  79.3  58.7  68.5  -1.6    59   163  94.8  10  44.2    2    1    0    0    0
 15  7  83.6  61.2  72.1  -2.2    40   261  93.1  17  50.5    2    5    0    0    0
 15  8  81.0  59.8  69.9  -2.6    47   200  91.0  14  48.1   27    2    0    0    0
 15  9  78.0  57.3  67.2   2.3    95   162  91.0   6  44.3   13    3    0    0    0
 15 10  62.8  43.7  52.8   0.2   394    18  77.8  11  28.1   17    0    0    2    0
 15 11  52.2  33.5  42.2   2.1   686     2  71.7   2   3.1   22    0    1   14    0
 15 12  43.0  32.4  37.3  10.3   858     0  59.2  13  14.4   19    0    3   15    0
------------------------------------------------------------------------------------
        59.8  39.8  49.5  -0.8  6559   909  94.8 JUN -11.5  FEB   11   44  118   26

                                PRECIPITATION (in)

               DEP.   MAX        DAYS OF RAIN 
               FROM   OBS.          OVER
 YR MO  TOTAL  NORM   DAY  DATE .01   .1   1
---------------------------------------------
 15  1  1.14  -0.48  0.50    3    7    2    0
 15  2  0.43  -1.33  0.31    7    3    1    0
 15  3  0.83  -1.29  0.23   25    7    3    0
 15  4  3.28  -0.16  0.99    9    8    6    0
 15  5  5.66   1.39  1.32    8   16   10    3
 15  6  7.24   3.17  3.58   15   15    9    1
 15  7  4.43   0.49  2.08    6    8    5    1
 15  8  4.28  -0.27  1.21   29    8    7    1
 15  9  4.03   0.38  2.21   18    6    6    1
 15 10  2.49  -0.60  0.74   31    7    6    0
 15 11  4.32   1.37  1.56   17   11    9    1
 15 12  4.74   2.56  1.27   13   15    9    1
---------------------------------------------
       42.87  5.23  3.58  JUN  111   73    9

                                WIND SPEED (mph)
                          DOM
 YR MO   AVG.  HI   DATE  DIR
---------------------------------
 15  1   3.9  32.0    8    NW
 15  2   4.2  38.0   14    NW
 15  3   3.7  32.0   29    NW
 15  4   4.3  36.0   10   ENE
 15  5   3.3  28.0    7   SSE
 15  6   2.3  25.0    8   ENE
 15  7   2.0  28.0   31    NW
 15  8   2.0  32.0    2    NW
 15  9   1.9  27.0   19   SSE
 15 10   3.6  31.0   12    NW
 15 11   4.1  41.0   12   SSE
 15 12   4.6  42.0   23   WSW
---------------------------------
         3.3  42.0  DEC   NW