NOAA-Style Climate Reports


Report for 2014 December
                   MONTHLY CLIMATOLOGICAL SUMMARY for DEC. 2014

NAME: Elburn   CITY: Elburn   STATE: Illinois 
ELEV:   836 ft  LAT:  41° 53' 07" N  LONG:  88° 28' 46" W

                   TEMPERATURE (°F), RAIN  (in), WIND SPEED (mph)

                                      HEAT  COOL        AVG
    MEAN                              DEG   DEG         WIND                 DOM
DAY TEMP  HIGH   TIME   LOW    TIME   DAYS  DAYS  RAIN  SPEED HIGH   TIME    DIR
------------------------------------------------------------------------------------
 1  17.5  21.1  12:05a  14.3   6:55p  47.5   0.0  0.00   4.6  23.0  12:30a    NW
 2  25.4  33.0   2:10p  15.1   2:05a  39.6   0.0  0.00   3.6  19.0   9:05p    SW
 3  27.0  36.0   2:20p  19.4  11:55p  38.0   0.0  0.00   3.8  18.0  10:50a   WSW
 4  28.7  35.2   2:15p  19.4  12:05a  36.3   0.0  0.00   2.8  12.0  10:00a     E
 5  33.7  38.0   3:20p  31.3  11:00p  31.3   0.0  0.00   1.5  10.0  12:20a   ESE
 6  32.0  40.1   1:05p  25.1  10:05p  33.0   0.0  0.00   3.0  18.0  11:10a     N
 7  30.3  35.5   1:00p  25.3   4:50a  34.7   0.0  0.00   3.6  14.0  11:30a   ESE
 8  32.8  35.8   4:55p  29.9   1:10a  32.2   0.0  0.08   4.5  19.0   8:25p   SSE
 9  32.7  35.7   1:50p  30.5  11:50p  32.3   0.0  0.00   5.7  19.0   5:55a    NW
10  29.7  32.6  12:55p  26.9  11:45p  35.3   0.0  0.00   3.5  16.0  12:10p    NW
11  25.6  30.7   2:35p  21.6  10:55p  39.4   0.0  0.00   2.8  13.0   7:35a   WSW
12  29.8  35.4  12:45p  22.0   1:20a  35.2   0.0  0.01   3.6  17.0   2:40a    SW
13  39.1  43.5  10:15p  33.2  12:05a  25.9   0.0  0.00   2.3  11.0  12:15p    SW
14  44.5  46.7   1:15p  42.1   7:40a  20.5   0.0  0.00   2.9  17.0  11:20p   SSE
15  43.2  44.7  11:50a  40.8   9:00p  21.8   0.0  0.10   4.8  18.0   2:05a    SE
16  37.4  43.3  10:35a  27.5  11:50p  27.6   0.0  0.04   6.2  24.0  12:15p   WNW
17  24.6  27.6  12:05a  23.0   8:45p  40.4   0.0  0.00   4.8  17.0  12:35a   WNW
18  24.2  28.0  12:55p  20.4   8:25a  40.8   0.0  0.00   1.6   8.0  12:05a    NW
19  27.5  32.5  12:50p  22.2  11:55p  37.5   0.0  0.00   1.6   9.0   5:30a    NW
20  28.6  31.7   2:25p  22.1  12:05a  36.4   0.0  0.00   1.2   8.0  11:55a   SSE
21  33.3  36.7   3:25p  30.7  12:05a  31.7   0.0  0.00   4.4  17.0   1:40p   SSE
22  35.3  41.4  11:10p  31.1   4:35a  29.7   0.0  0.43   4.8  16.0   4:10p     E
23  41.0  46.4   1:40p  32.3   8:55p  24.0   0.0  0.12   3.9  20.0  10:55a    SW
24  35.0  37.9  12:25p  33.7  12:05a  30.0   0.0  0.01   2.7  15.0   8:15p    NW
25  36.4  43.0   2:45p  32.2   6:50a  28.6   0.0  0.00   5.6  19.0   9:10a   SSE
26  40.2  49.5   2:20p  32.0   5:35a  24.8   0.0  0.00   3.1  17.0  11:05a   SSE
27  37.9  47.4   9:40a  28.1  10:30p  27.1   0.0  0.01   5.8  29.0  10:45a   WSW
28  25.6  34.0   2:35p  20.7   7:55a  39.4   0.0  0.00   2.6  18.0  12:35a   WNW
29  25.0  30.5  12:20p  17.9  12:00m  40.0   0.0  0.00   2.2  14.0  10:10a   NNW
30  12.3  18.7   2:40p   6.4   7:50a  52.7   0.0  0.00   5.5  16.0   9:20a    NW
31  10.3  17.3   3:10p   2.1   7:40a  54.7   0.0  0.00   6.4  25.0   2:00p   WSW
-------------------------------------------------------------------------------------
    30.5  49.5    26     2.1    31  1068.4   0.0  0.80   3.7  29.0    27      NW

Max >=  90.0:  0
Max <=  32.0:  8
Min <=  32.0: 25
Min <=   0.0:  0
Max Rain: 0.43 ON 12/22/14
Days of Rain: 5 (>.01 in) 2 (>.1 in) 0 (>1 in)
Heat Base:  65.0  Cool Base:  65.0  Method: Integration