NOAA-Style Climate Reports


Report for 2014 November
                   MONTHLY CLIMATOLOGICAL SUMMARY for NOV. 2014

NAME: Elburn   CITY: Elburn   STATE: Illinois 
ELEV:   836 ft  LAT:  41° 53' 07" N  LONG:  88° 28' 46" W

                   TEMPERATURE (°F), RAIN  (in), WIND SPEED (mph)

                                      HEAT  COOL        AVG
    MEAN                              DEG   DEG         WIND                 DOM
DAY TEMP  HIGH   TIME   LOW    TIME   DAYS  DAYS  RAIN  SPEED HIGH   TIME    DIR
------------------------------------------------------------------------------------
 1  36.1  46.2   3:30p  27.5  11:55p  28.9   0.0  0.00   3.0  20.0  12:50a    NW
 2  38.9  51.1   1:50p  23.4   4:15a  26.1   0.0  0.00   4.4  25.0   8:30p   SSE
 3  52.0  62.2   3:35p  37.9   6:00a  13.0   0.0  0.00   5.2  23.0   9:30a     S
 4  48.1  58.2  12:05a  38.9  12:00m  16.9   0.0  0.03   6.1  24.0   6:45a   WSW
 5  46.3  59.2   2:15p  30.6   7:10a  18.7   0.0  0.00   3.2  22.0   8:10p    SW
 6  41.3  48.6  12:05a  36.2  12:00m  23.7   0.0  0.00   9.2  34.0  10:30a    NW
 7  37.2  44.4  12:05p  26.2   6:35a  27.8   0.0  0.00   3.2  15.0  12:05a   SSE
 8  40.9  47.1   2:20p  33.9  11:50p  24.1   0.0  0.03   5.1  22.0   7:50a    NW
 9  41.6  51.9   2:25p  31.4   3:15a  23.4   0.0  0.00   3.3  25.0  10:00a    SW
10  50.6  61.9   2:50p  41.4   6:25a  14.4   0.0  0.00   5.4  25.0   4:15p   SSE
11  39.7  55.5   1:40a  29.5  12:00m  25.3   0.0  0.02   7.0  24.0   8:00p    NW
12  26.5  29.5  12:05a  24.2   5:55a  38.5   0.0  0.01   5.5  22.0   4:45a   WNW
13  25.0  28.2   2:35p  22.5   6:10a  40.0   0.0  0.00   4.8  19.0  12:35p   WNW
14  24.1  27.4   1:00p  17.3  11:55p  40.9   0.0  0.00   2.8  12.0   1:10a   WNW
15  22.7  30.6   2:15p  13.5   6:45a  42.3   0.0  0.00   1.6  13.0  11:15a    SW
16  25.0  30.3  11:35a  15.2  12:00m  40.0   0.0  0.00   3.0  16.0  10:40p    SW
17  12.9  19.0  10:50a   9.2   6:55a  52.1   0.0  0.00   6.3  24.0   2:30p     W
18  13.3  18.1   1:45p   7.5   6:55a  51.7   0.0  0.00   6.8  24.0   3:15p   WSW
19  22.5  30.2  11:35a  13.9  12:30a  42.5   0.0  0.00   6.3  27.0   4:20p     W
20  18.9  27.0  12:20p  10.6  12:00m  46.1   0.0  0.00   5.8  25.0  10:40a   WSW
21  20.7  32.7   2:35p   4.9   4:45a  44.3   0.0  0.00   3.6  19.0  12:20p   SSE
22  41.6  49.8   9:55p  32.2  12:05a  23.4   0.0  0.02   3.9  20.0   1:35a     S
23  48.2  49.7   1:30a  45.3   6:20a  16.8   0.0  0.51   3.3  16.0   1:10a    SE
24  33.4  47.7  12:05a  23.0  10:20p  31.6   0.0  0.27   8.9  34.0   2:35p   WSW
25  19.0  24.7  11:55a  11.8   9:30p  46.0   0.0  0.01   3.7  18.0  12:05a   WSW
26  21.9  28.3   1:35p  11.4   2:20a  43.1   0.0  0.00   2.5  16.0  11:30p     E
27  19.7  25.7  10:35a   9.8  11:30p  45.3   0.0  0.00   4.6  19.0  11:55a    NW
28  24.4  33.2   8:05p  10.7  12:05a  40.6   0.0  0.00   3.9  19.0  11:35a   SSE
29  39.5  49.4   2:15p  29.8   3:25a  25.5   0.0  0.02   3.9  21.0   2:25p   SSE
30  35.6  45.0   2:25a  21.1  12:00m  29.4   0.0  0.00   5.5  23.0   9:20p    NW
-------------------------------------------------------------------------------------
    32.3  62.2     3     4.9    21   982.4   0.0  0.92   4.7  34.0     6      NW

Max >=  90.0:  0
Max <=  32.0: 12
Min <=  32.0: 23
Min <=   0.0:  0
Max Rain: 0.51 ON 11/23/14
Days of Rain: 7 (>.01 in) 2 (>.1 in) 0 (>1 in)
Heat Base:  65.0  Cool Base:  65.0  Method: Integration