NOAA-Style Climate Reports


Report for 2014 August
                   MONTHLY CLIMATOLOGICAL SUMMARY for AUG. 2014

NAME: Elburn   CITY: Elburn   STATE: Illinois 
ELEV:   836 ft  LAT:  41° 53' 07" N  LONG:  88° 28' 46" W

                   TEMPERATURE (°F), RAIN  (in), WIND SPEED (mph)

                                      HEAT  COOL        AVG
    MEAN                              DEG   DEG         WIND                 DOM
DAY TEMP  HIGH   TIME   LOW    TIME   DAYS  DAYS  RAIN  SPEED HIGH   TIME    DIR
------------------------------------------------------------------------------------
 1  70.1  85.1   4:00p  57.5   6:05a   1.9   7.0  0.00   1.7  24.0   9:35p   WNW
 2  71.2  86.3   4:00p  54.0   6:05a   2.4   8.6  0.00   1.4  11.0  12:30a    NW
 3  74.2  88.0   4:30p  60.8   6:10a   0.8  10.1  0.00   1.6  13.0   2:30p     W
 4  73.4  87.9   3:40p  61.8   4:40a   0.7   9.1  0.72   1.7  13.0   7:45p   WNW
 5  70.9  82.3   4:30p  64.7   3:35a   0.0   5.9  0.02   1.3  10.0  12:05a    NW
 6  69.9  83.5   3:20p  59.2   6:15a   1.3   6.2  0.00   1.3  10.0   5:20p    NE
 7  70.7  80.9   4:45p  61.4   5:00a   0.8   6.5  0.00   2.6  16.0   2:40p     E
 8  72.0  82.3   3:05p  63.5   2:35a   0.2   7.2  0.00   2.7  16.0  10:00a   ENE
 9  72.5  81.2   3:35p  63.1   6:30a   0.1   7.6  0.00   2.3  13.0  12:05p    NE
10  74.6  84.3   2:55p  67.2   5:40a   0.0   9.6  0.00   1.8  10.0  12:10p   ENE
11  71.3  82.8   3:40p  65.1  10:35p   0.0   6.3  0.85   2.2  20.0   5:55p    NW
12  64.1  73.9   4:55p  57.8  12:00m   2.1   1.2  0.04   5.9  24.0  11:55a    NW
13  68.9  83.5   5:05p  54.1   6:15a   3.1   6.9  0.00   3.1  18.0   1:00p    NW
14  65.9  77.5   4:40p  54.4  12:00m   2.7   3.6  0.00   1.7  12.0   8:05a    NE
15  64.0  79.9   4:50p  48.2   6:20a   5.4   4.4  0.00   1.2  11.0   3:10p    SW
16  68.7  79.3   2:45p  58.1   5:10a   1.9   5.6  0.00   1.1  12.0   1:55p   SSW
17  69.2  78.6   3:45p  61.8   4:15a   0.5   4.7  0.00   1.7  12.0  12:15p   ENE
18  71.2  84.2   5:10p  63.5   5:40a   0.4   6.6  0.00   1.1  11.0   4:10p    SE
19  74.4  86.9   4:45p  67.1  11:55p   0.0   9.4  0.00   2.8  22.0   1:05p    SW
20  73.6  85.9   4:05p  60.5   6:25a   0.6   9.2  0.00   1.7  15.0  12:10p     W
21  72.6  78.3   2:40p  68.8   3:00a   0.0   7.6  1.79   1.0  11.0   6:40a     E
22  76.7  84.8   3:30p  71.7   6:40a   0.0  11.7  0.50   1.7  12.0   2:05p    SW
23  73.4  83.8  11:35a  67.9  10:50p   0.0   8.4  0.38   1.2  17.0   1:00p     E
24  77.0  90.0   5:00p  67.6   1:15a   0.0  12.0  0.00   1.9  11.0   3:55p     E
25  76.0  85.6  11:40a  68.3  11:15p   0.0  11.0  0.00   1.9  22.0  12:15p    SE
26  74.0  86.4   4:55p  67.3   4:35a   0.0   9.0  0.02   1.9  24.0  10:10a    NW
27  72.2  82.3   1:30p  63.7   7:05a   0.1   7.3  0.00   1.6  10.0   2:15p    NW
28  69.5  79.9   3:05p  62.5   6:50a   0.5   5.0  0.13   2.0  12.0   8:20a     E
29  75.4  87.4   4:30p  66.2  12:05a   0.0  10.4  0.00   2.4  18.0   5:50p   SSE
30  74.1  83.3   4:50p  66.8  12:00m   0.0   9.1  0.07   2.9  24.0   1:45p    SW
31  74.0  86.3   4:30p  65.3   2:35a   0.0   9.0  0.00   1.3  12.0   2:30p   SSE
-------------------------------------------------------------------------------------
    71.8  90.0    24    48.2    15    25.5 236.2  4.52   2.0  24.0     1      NW

Max >=  90.0:  1
Max <=  32.0:  0
Min <=  32.0:  0
Min <=   0.0:  0
Max Rain: 1.79 ON 08/21/14
Days of Rain: 10 (>.01 in) 6 (>.1 in) 1 (>1 in)
Heat Base:  65.0  Cool Base:  65.0  Method: Integration